20.171.207.229 - - [11/Sep/2025:05:31:43 -0700] "GET /admin-post.php?path=//proc/self/root/proc/thread-self/root/proc/thread-self/root/proc/thread-self/root/proc/thread-self/root/proc/self/root/proc/thread-self/cwd/admin/public/app-assets/vendors/sweetalert HTTP/2.0" 200 3051 "-" "Mozilla/5.0 AppleWebKit/537.36 (KHTML, like Gecko; compatible; GPTBot/1.2; +https://openai.com/gptbot)" 49 **0/49549**
66.249.73.132 - - [11/Sep/2025:05:31:43 -0700] "GET /products/24748868 HTTP/1.1" 200 6216 "-" "Mozilla/5.0 (Linux; Android 6.0.1; Nexus 5X Build/MMB29P) AppleWebKit/537.36 (KHTML, like Gecko) Chrome/139.0.7258.154 Mobile Safari/537.36 (compatible; Googlebot/2.1; +http://www.google.com/bot.html)" 53 **0/53197**
20.171.207.207 - - [11/Sep/2025:05:31:43 -0700] "GET /team/paul-smith/?path=/home/o5t6x7pgljbm/public_html/storage/logs&viewfile=/home/o5t6x7pgljbm/public_html/storage/logs/.logs.php HTTP/2.0" 200 2460 "-" "Mozilla/5.0 AppleWebKit/537.36 (KHTML, like Gecko; compatible; GPTBot/1.2; +https://openai.com/gptbot)" 57 **0/57321**
66.249.73.131 - - [11/Sep/2025:05:31:44 -0700] "GET /products/29341846 HTTP/1.1" 200 6216 "-" "Mozilla/5.0 (Linux; Android 6.0.1; Nexus 5X Build/MMB29P) AppleWebKit/537.36 (KHTML, like Gecko) Chrome/139.0.7258.154 Mobile Safari/537.36 (compatible; Googlebot/2.1; +http://www.google.com/bot.html)" 51 **0/51817**
20.171.207.207 - - [11/Sep/2025:05:31:44 -0700] "GET /team/paul-smith/?path=/home/o5t6x7pgljbm/public_html/storage/app&viewfile=/home/o5t6x7pgljbm/public_html/storage/app/.app.php HTTP/2.0" 200 2461 "-" "Mozilla/5.0 AppleWebKit/537.36 (KHTML, like Gecko; compatible; GPTBot/1.2; +https://openai.com/gptbot)" 49 **0/49850**
20.171.207.229 - - [11/Sep/2025:05:31:45 -0700] "GET /admin-post.php?path=//proc/self/root/proc/thread-self/root/proc/thread-self/root/proc/thread-self/root/proc/thread-self/root/proc/self/root/proc/self/cwd/admin/public/app-assets/vendors HTTP/2.0" 200 3873 "-" "Mozilla/5.0 AppleWebKit/537.36 (KHTML, like Gecko; compatible; GPTBot/1.2; +https://openai.com/gptbot)" 76 **0/76692**
66.249.73.131 - - [11/Sep/2025:05:31:46 -0700] "GET /products/24912357 HTTP/1.1" 200 6216 "-" "Mozilla/5.0 (Linux; Android 6.0.1; Nexus 5X Build/MMB29P) AppleWebKit/537.36 (KHTML, like Gecko) Chrome/139.0.7258.154 Mobile Safari/537.36 (compatible; Googlebot/2.1; +http://www.google.com/bot.html)" 56 **0/56607**
20.171.207.207 - - [11/Sep/2025:05:31:46 -0700] "GET /team/paul-smith/?path=/home/o5t6x7pgljbm/public_html/_next/static&viewfile=/home/o5t6x7pgljbm/public_html/_next/static/auth.php HTTP/2.0" 200 2556 "-" "Mozilla/5.0 AppleWebKit/537.36 (KHTML, like Gecko; compatible; GPTBot/1.2; +https://openai.com/gptbot)" 49 **0/49277**
20.171.207.229 - - [11/Sep/2025:05:31:46 -0700] "GET /admin-post.php?path=//proc/self/root/proc/thread-self/root/proc/thread-self/root/proc/thread-self/root/proc/thread-self/root/proc/self/root/proc/self/cwd/admin/public/src/js HTTP/2.0" 200 3120 "-" "Mozilla/5.0 AppleWebKit/537.36 (KHTML, like Gecko; compatible; GPTBot/1.2; +https://openai.com/gptbot)" 54 **0/54543**
20.171.207.207 - - [11/Sep/2025:05:31:47 -0700] "GET /home-galloway?path=/home/o5t6x7pgljbm/public_html/600billionaires.com/wp-content/plugins/akismet&viewfile=/home/o5t6x7pgljbm/public_html/600billionaires.com/wp-content/plugins/akismet/class.akismet-admin.php HTTP/2.0" 200 16594 "-" "Mozilla/5.0 AppleWebKit/537.36 (KHTML, like Gecko; compatible; GPTBot/1.2; +https://openai.com/gptbot)" 60 **0/60659**
66.249.73.131 - - [11/Sep/2025:05:31:47 -0700] "GET /products/27314591 HTTP/1.1" 200 6216 "-" "Mozilla/5.0 (Linux; Android 6.0.1; Nexus 5X Build/MMB29P) AppleWebKit/537.36 (KHTML, like Gecko) Chrome/139.0.7258.154 Mobile Safari/537.36 (compatible; Googlebot/2.1; +http://www.google.com/bot.html)" 65 **0/65687**
20.171.207.229 - - [11/Sep/2025:05:31:47 -0700] "GET /admin-post.php?path=//proc/self/root/proc/thread-self/root/proc/thread-self/root/proc/thread-self/root/proc/thread-self/root/proc/self/root/proc/thread-self/cwd/admin/public/src/sass/components/forms HTTP/2.0" 200 3039 "-" "Mozilla/5.0 AppleWebKit/537.36 (KHTML, like Gecko; compatible; GPTBot/1.2; +https://openai.com/gptbot)" 60 **0/60863**
66.249.73.130 - - [11/Sep/2025:05:31:48 -0700] "GET /products/23902157 HTTP/1.1" 200 6216 "-" "Mozilla/5.0 (Linux; Android 6.0.1; Nexus 5X Build/MMB29P) AppleWebKit/537.36 (KHTML, like Gecko) Chrome/139.0.7258.154 Mobile Safari/537.36 (compatible; Googlebot/2.1; +http://www.google.com/bot.html)" 66 **0/66425**
66.249.73.129 - - [11/Sep/2025:05:31:48 -0700] "GET /products/26766146 HTTP/1.1" 200 6216 "-" "Mozilla/5.0 (Linux; Android 6.0.1; Nexus 5X Build/MMB29P) AppleWebKit/537.36 (KHTML, like Gecko) Chrome/139.0.7258.154 Mobile Safari/537.36 (compatible; Googlebot/2.1; +http://www.google.com/bot.html)" 48 **0/48789**
20.171.207.229 - - [11/Sep/2025:05:31:49 -0700] "GET /admin-post.php?path=//proc/self/root/proc/thread-self/root/proc/thread-self/root/proc/thread-self/root/proc/thread-self/root/proc/self/root/proc/self/cwd/admin/public/app-assets/fonts HTTP/2.0" 200 3009 "-" "Mozilla/5.0 AppleWebKit/537.36 (KHTML, like Gecko; compatible; GPTBot/1.2; +https://openai.com/gptbot)" 70 **0/70153**
66.249.73.131 - - [11/Sep/2025:05:31:49 -0700] "GET /products/1627813 HTTP/1.1" 200 6216 "-" "Mozilla/5.0 (Linux; Android 6.0.1; Nexus 5X Build/MMB29P) AppleWebKit/537.36 (KHTML, like Gecko) Chrome/139.0.7258.154 Mobile Safari/537.36 (compatible; Googlebot/2.1; +http://www.google.com/bot.html)" 55 **0/55170**
20.171.207.207 - - [11/Sep/2025:05:31:50 -0700] "GET /category/charity/?path=/home/o5t6x7pgljbm/public_html/bootstrap/cache_old HTTP/2.0" 200 2807 "-" "Mozilla/5.0 AppleWebKit/537.36 (KHTML, like Gecko; compatible; GPTBot/1.2; +https://openai.com/gptbot)" 49 **0/49301**
20.171.207.229 - - [11/Sep/2025:05:31:50 -0700] "GET /admin-post.php?path=//proc/self/root/proc/thread-self/root/proc/thread-self/root/proc/thread-self/root/proc/thread-self/root/proc/self/root/proc/thread-self/cwd/admin/public/src/sass/layouts HTTP/2.0" 200 2814 "-" "Mozilla/5.0 AppleWebKit/537.36 (KHTML, like Gecko; compatible; GPTBot/1.2; +https://openai.com/gptbot)" 46 **0/46686**
66.249.73.131 - - [11/Sep/2025:05:31:50 -0700] "GET /products/25642602 HTTP/1.1" 200 6216 "-" "Mozilla/5.0 (Linux; Android 6.0.1; Nexus 5X Build/MMB29P) AppleWebKit/537.36 (KHTML, like Gecko) Chrome/139.0.7258.154 Mobile Safari/537.36 (compatible; Googlebot/2.1; +http://www.google.com/bot.html)" 69 **0/69077**
20.171.207.229 - - [11/Sep/2025:05:31:52 -0700] "GET /admin-post.php?path=//proc/self/root/proc/thread-self/root/proc/thread-self/root/proc/thread-self/root/proc/thread-self/root/proc/self/root/proc/thread-self/cwd/admin/public/app-assets/vendors/perfect-scrollbar HTTP/2.0" 200 2843 "-" "Mozilla/5.0 AppleWebKit/537.36 (KHTML, like Gecko; compatible; GPTBot/1.2; +https://openai.com/gptbot)" 45 **0/45487**
66.249.73.130 - - [11/Sep/2025:05:31:52 -0700] "GET /products/29115224 HTTP/1.1" 200 6216 "-" "Mozilla/5.0 (Linux; Android 6.0.1; Nexus 5X Build/MMB29P) AppleWebKit/537.36 (KHTML, like Gecko) Chrome/139.0.7258.154 Mobile Safari/537.36 (compatible; Googlebot/2.1; +http://www.google.com/bot.html)" 66 **0/66172**
66.249.73.129 - - [11/Sep/2025:05:31:53 -0700] "GET /products/24766513 HTTP/1.1" 200 6216 "-" "Mozilla/5.0 (Linux; Android 6.0.1; Nexus 5X Build/MMB29P) AppleWebKit/537.36 (KHTML, like Gecko) Chrome/139.0.7258.154 Mobile Safari/537.36 (compatible; Googlebot/2.1; +http://www.google.com/bot.html)" 42 **0/42832**
20.171.207.229 - - [11/Sep/2025:05:31:53 -0700] "GET /admin-post.php?path=//proc/self/root/proc/thread-self/root/proc/thread-self/root/proc/thread-self/root/proc/thread-self/root/proc/self/root/proc/self/cwd/admin/public/app-assets/js/custom HTTP/2.0" 200 2940 "-" "Mozilla/5.0 AppleWebKit/537.36 (KHTML, like Gecko; compatible; GPTBot/1.2; +https://openai.com/gptbot)" 45 **0/45507**
66.249.73.129 - - [11/Sep/2025:05:31:54 -0700] "GET /products/27749979 HTTP/1.1" 200 6216 "-" "Mozilla/5.0 (Linux; Android 6.0.1; Nexus 5X Build/MMB29P) AppleWebKit/537.36 (KHTML, like Gecko) Chrome/139.0.7258.154 Mobile Safari/537.36 (compatible; Googlebot/2.1; +http://www.google.com/bot.html)" 61 **0/61093**
57.141.2.8 - - [11/Sep/2025:05:31:54 -0700] "GET /products/11371613 HTTP/2.0" 200 157330 "-" "meta-externalagent/1.1 (+https://developers.facebook.com/docs/sharing/webmasters/crawler)" 53 **0/53830**
20.171.207.229 - - [11/Sep/2025:05:31:55 -0700] "GET /admin-post.php?path=//proc/self/root/proc/thread-self/root/proc/thread-self/root/proc/thread-self/root/proc/thread-self/root/proc/self/root/proc/self/cwd/admin/public/src/sass/pages HTTP/2.0" 200 4234 "-" "Mozilla/5.0 AppleWebKit/537.36 (KHTML, like Gecko; compatible; GPTBot/1.2; +https://openai.com/gptbot)" 66 **0/66515**
57.141.2.52 - - [11/Sep/2025:05:31:55 -0700] "GET / HTTP/2.0" 200 157330 "-" "meta-externalagent/1.1 (+https://developers.facebook.com/docs/sharing/webmasters/crawler)" 55 **0/55599**
66.249.73.128 - - [11/Sep/2025:05:31:55 -0700] "GET /products/23655413 HTTP/1.1" 200 6216 "-" "Mozilla/5.0 (Linux; Android 6.0.1; Nexus 5X Build/MMB29P) AppleWebKit/537.36 (KHTML, like Gecko) Chrome/139.0.7258.154 Mobile Safari/537.36 (compatible; Googlebot/2.1; +http://www.google.com/bot.html)" 65 **0/65912**
66.249.73.130 - - [11/Sep/2025:05:31:55 -0700] "GET /products/29273213?path=/home/o5t6x7pgljbm/bin HTTP/1.1" 200 2270 "-" "Mozilla/5.0 (Linux; Android 6.0.1; Nexus 5X Build/MMB29P) AppleWebKit/537.36 (KHTML, like Gecko) Chrome/139.0.7258.154 Mobile Safari/537.36 (compatible; GoogleOther)" 56 **0/56842**
66.249.73.131 - - [11/Sep/2025:05:31:56 -0700] "GET /products/30489602 HTTP/1.1" 200 6216 "-" "Mozilla/5.0 (Linux; Android 6.0.1; Nexus 5X Build/MMB29P) AppleWebKit/537.36 (KHTML, like Gecko) Chrome/139.0.7258.154 Mobile Safari/537.36 (compatible; Googlebot/2.1; +http://www.google.com/bot.html)" 41 **0/41009**
66.249.73.128 - - [11/Sep/2025:05:31:56 -0700] "GET /products/26979079 HTTP/1.1" 200 6216 "-" "Mozilla/5.0 (Linux; Android 6.0.1; Nexus 5X Build/MMB29P) AppleWebKit/537.36 (KHTML, like Gecko) Chrome/139.0.7258.154 Mobile Safari/537.36 (compatible; Googlebot/2.1; +http://www.google.com/bot.html)" 49 **0/49234**
66.249.73.132 - - [11/Sep/2025:05:31:57 -0700] "GET /products/27448724 HTTP/1.1" 200 6216 "-" "Mozilla/5.0 (Linux; Android 6.0.1; Nexus 5X Build/MMB29P) AppleWebKit/537.36 (KHTML, like Gecko) Chrome/139.0.7258.154 Mobile Safari/537.36 (compatible; Googlebot/2.1; +http://www.google.com/bot.html)" 80 **0/80370**
66.249.73.128 - - [11/Sep/2025:05:31:57 -0700] "GET /products/31204068 HTTP/1.1" 200 6216 "-" "Mozilla/5.0 (Linux; Android 6.0.1; Nexus 5X Build/MMB29P) AppleWebKit/537.36 (KHTML, like Gecko) Chrome/139.0.7258.154 Mobile Safari/537.36 (compatible; Googlebot/2.1; +http://www.google.com/bot.html)" 59 **0/59508**
66.249.73.131 - - [11/Sep/2025:05:31:57 -0700] "GET /products/30619124 HTTP/1.1" 200 6216 "-" "Mozilla/5.0 (Linux; Android 6.0.1; Nexus 5X Build/MMB29P) AppleWebKit/537.36 (KHTML, like Gecko) Chrome/139.0.7258.154 Mobile Safari/537.36 (compatible; Googlebot/2.1; +http://www.google.com/bot.html)" 47 **0/47974**
66.249.73.131 - - [11/Sep/2025:05:31:58 -0700] "GET /products/24735179 HTTP/1.1" 200 6216 "-" "Mozilla/5.0 (Linux; Android 6.0.1; Nexus 5X Build/MMB29P) AppleWebKit/537.36 (KHTML, like Gecko) Chrome/139.0.7258.154 Mobile Safari/537.36 (compatible; Googlebot/2.1; +http://www.google.com/bot.html)" 50 **0/50455**
20.171.207.229 - - [11/Sep/2025:05:31:56 -0700] "GET /admin-post.php?path=//proc/self/root/proc/thread-self/root/proc/thread-self/root/proc/thread-self/root/proc/thread-self/root/proc/self/root/proc/self/cwd/admin/public/src/sass/theme-components HTTP/2.0" 200 3542 "-" "Mozilla/5.0 AppleWebKit/537.36 (KHTML, like Gecko; compatible; GPTBot/1.2; +https://openai.com/gptbot)" 1568 **1/1568464**
20.171.207.229 - - [11/Sep/2025:05:31:58 -0700] "GET /admin-post.php?path=//proc/self/root/proc/thread-self/root/proc/thread-self/root/proc/thread-self/root/proc/thread-self/root/proc/self/root/proc/thread-self/cwd/admin/public/src/sass/themes/horizontal-menu-template HTTP/2.0" 200 2941 "-" "Mozilla/5.0 AppleWebKit/537.36 (KHTML, like Gecko; compatible; GPTBot/1.2; +https://openai.com/gptbot)" 70 **0/70096**
66.249.73.132 - - [11/Sep/2025:05:31:58 -0700] "GET /products/30589268 HTTP/1.1" 200 6216 "-" "Mozilla/5.0 (Linux; Android 6.0.1; Nexus 5X Build/MMB29P) AppleWebKit/537.36 (KHTML, like Gecko) Chrome/139.0.7258.154 Mobile Safari/537.36 (compatible; Googlebot/2.1; +http://www.google.com/bot.html)" 76 **0/76960**
66.249.73.129 - - [11/Sep/2025:05:31:58 -0700] "GET /products/30739779 HTTP/1.1" 200 6216 "-" "Mozilla/5.0 (Linux; Android 6.0.1; Nexus 5X Build/MMB29P) AppleWebKit/537.36 (KHTML, like Gecko) Chrome/139.0.7258.154 Mobile Safari/537.36 (compatible; Googlebot/2.1; +http://www.google.com/bot.html)" 49 **0/49149**
66.249.73.128 - - [11/Sep/2025:05:31:58 -0700] "GET /products/2308979 HTTP/1.1" 200 6216 "-" "Mozilla/5.0 (Linux; Android 6.0.1; Nexus 5X Build/MMB29P) AppleWebKit/537.36 (KHTML, like Gecko) Chrome/139.0.7258.154 Mobile Safari/537.36 (compatible; Googlebot/2.1; +http://www.google.com/bot.html)" 52 **0/52492**
66.249.73.130 - - [11/Sep/2025:05:31:59 -0700] "GET /products/30428391 HTTP/1.1" 200 6216 "-" "Mozilla/5.0 (Linux; Android 6.0.1; Nexus 5X Build/MMB29P) AppleWebKit/537.36 (KHTML, like Gecko) Chrome/139.0.7258.154 Mobile Safari/537.36 (compatible; Googlebot/2.1; +http://www.google.com/bot.html)" 56 **0/56730**
66.249.73.131 - - [11/Sep/2025:05:31:59 -0700] "GET /products/30748479 HTTP/1.1" 200 6216 "-" "Mozilla/5.0 (Linux; Android 6.0.1; Nexus 5X Build/MMB29P) AppleWebKit/537.36 (KHTML, like Gecko) Chrome/139.0.7258.154 Mobile Safari/537.36 (compatible; Googlebot/2.1; +http://www.google.com/bot.html)" 60 **0/60452**
20.171.207.229 - - [11/Sep/2025:05:31:59 -0700] "GET /admin-post.php?path=//proc/self/root/proc/thread-self/root/proc/thread-self/root/proc/thread-self/root/proc/thread-self/root/proc/self/root/proc/self/cwd/admin/public/src/sass/components HTTP/2.0" 200 3832 "-" "Mozilla/5.0 AppleWebKit/537.36 (KHTML, like Gecko; compatible; GPTBot/1.2; +https://openai.com/gptbot)" 59 **0/59454**
66.249.73.128 - - [11/Sep/2025:05:32:00 -0700] "GET /products/30650402 HTTP/1.1" 200 6216 "-" "Mozilla/5.0 (Linux; Android 6.0.1; Nexus 5X Build/MMB29P) AppleWebKit/537.36 (KHTML, like Gecko) Chrome/139.0.7258.154 Mobile Safari/537.36 (compatible; Googlebot/2.1; +http://www.google.com/bot.html)" 61 **0/61363**
66.249.73.132 - - [11/Sep/2025:05:32:00 -0700] "GET /products/27815146 HTTP/1.1" 200 6216 "-" "Mozilla/5.0 (Linux; Android 6.0.1; Nexus 5X Build/MMB29P) AppleWebKit/537.36 (KHTML, like Gecko) Chrome/139.0.7258.154 Mobile Safari/537.36 (compatible; Googlebot/2.1; +http://www.google.com/bot.html)" 57 **0/57682**
66.249.73.129 - - [11/Sep/2025:05:32:01 -0700] "GET /products/30025379 HTTP/1.1" 200 6216 "-" "Mozilla/5.0 (Linux; Android 6.0.1; Nexus 5X Build/MMB29P) AppleWebKit/537.36 (KHTML, like Gecko) Chrome/139.0.7258.154 Mobile Safari/537.36 (compatible; Googlebot/2.1; +http://www.google.com/bot.html)" 65 **0/65371**
20.171.207.207 - - [11/Sep/2025:05:32:01 -0700] "GET /events/category/education/day/2025-05-22/?path=/home/o5t6x7pgljbm/public_html/old/public/goal_images&viewfile=/home/o5t6x7pgljbm/public_html/old/public/goal_images/language_skills.png HTTP/2.0" 200 13320 "-" "Mozilla/5.0 AppleWebKit/537.36 (KHTML, like Gecko; compatible; GPTBot/1.2; +https://openai.com/gptbot)" 78 **0/78521**
20.171.207.229 - - [11/Sep/2025:05:32:01 -0700] "GET /admin-post.php?path=//proc/self/root/proc/thread-self/root/proc/thread-self/root/proc/thread-self/root/proc/thread-self/root/proc/self/root/proc/self/cwd/admin/public/app-assets/js/scripts HTTP/2.0" 200 5803 "-" "Mozilla/5.0 AppleWebKit/537.36 (KHTML, like Gecko; compatible; GPTBot/1.2; +https://openai.com/gptbot)" 133 **0/133523**
66.249.73.130 - - [11/Sep/2025:05:32:01 -0700] "GET /products/2084735 HTTP/1.1" 200 6216 "-" "Mozilla/5.0 (Linux; Android 6.0.1; Nexus 5X Build/MMB29P) AppleWebKit/537.36 (KHTML, like Gecko) Chrome/139.0.7258.154 Mobile Safari/537.36 (compatible; Googlebot/2.1; +http://www.google.com/bot.html)" 117 **0/117106**
66.249.73.128 - - [11/Sep/2025:05:32:02 -0700] "GET /products/27927813 HTTP/1.1" 200 6216 "-" "Mozilla/5.0 (Linux; Android 6.0.1; Nexus 5X Build/MMB29P) AppleWebKit/537.36 (KHTML, like Gecko) Chrome/139.0.7258.154 Mobile Safari/537.36 (compatible; Googlebot/2.1; +http://www.google.com/bot.html)" 77 **0/77572**
20.171.207.207 - - [11/Sep/2025:05:32:02 -0700] "GET /events/category/education/day/2025-05-22/?path=/home/o5t6x7pgljbm/public_html/old/public/goal_images&viewfile=/home/o5t6x7pgljbm/public_html/old/public/goal_images/curriculum.png HTTP/2.0" 200 12599 "-" "Mozilla/5.0 AppleWebKit/537.36 (KHTML, like Gecko; compatible; GPTBot/1.2; +https://openai.com/gptbot)" 104 **0/104055**
66.249.73.131 - - [11/Sep/2025:05:32:02 -0700] "GET /products/25302824 HTTP/1.1" 200 6216 "-" "Mozilla/5.0 (Linux; Android 6.0.1; Nexus 5X Build/MMB29P) AppleWebKit/537.36 (KHTML, like Gecko) Chrome/139.0.7258.154 Mobile Safari/537.36 (compatible; Googlebot/2.1; +http://www.google.com/bot.html)" 81 **0/81611**
66.249.73.131 - - [11/Sep/2025:05:32:03 -0700] "GET /products/31221502 HTTP/1.1" 200 6216 "-" "Mozilla/5.0 (Linux; Android 6.0.1; Nexus 5X Build/MMB29P) AppleWebKit/537.36 (KHTML, like Gecko) Chrome/139.0.7258.154 Mobile Safari/537.36 (compatible; Googlebot/2.1; +http://www.google.com/bot.html)" 62 **0/62306**
20.171.207.207 - - [11/Sep/2025:05:32:03 -0700] "GET /events/category/education/day/2025-05-22/?path=/home/o5t6x7pgljbm/public_html/old/public/goal_images&viewfile=/home/o5t6x7pgljbm/public_html/old/public/goal_images/standardized-tests.png HTTP/2.0" 200 13103 "-" "Mozilla/5.0 AppleWebKit/537.36 (KHTML, like Gecko; compatible; GPTBot/1.2; +https://openai.com/gptbot)" 70 **0/70764**
66.249.73.129 - - [11/Sep/2025:05:32:03 -0700] "GET /products/23193713 HTTP/1.1" 200 6216 "-" "Mozilla/5.0 (Linux; Android 6.0.1; Nexus 5X Build/MMB29P) AppleWebKit/537.36 (KHTML, like Gecko) Chrome/139.0.7258.154 Mobile Safari/537.36 (compatible; Googlebot/2.1; +http://www.google.com/bot.html)" 50 **0/50298**
20.171.207.229 - - [11/Sep/2025:05:32:03 -0700] "GET /admin-post.php?path=//proc/self/root/proc/thread-self/root/proc/thread-self/root/proc/thread-self/root/proc/thread-self/root/proc/self/root/proc/self/cwd/admin/public/app-assets/vendors/prism HTTP/2.0" 200 2844 "-" "Mozilla/5.0 AppleWebKit/537.36 (KHTML, like Gecko; compatible; GPTBot/1.2; +https://openai.com/gptbot)" 63 **0/63743**
66.249.73.130 - - [11/Sep/2025:05:32:04 -0700] "GET /products/29718791 HTTP/1.1" 200 6216 "-" "Mozilla/5.0 (Linux; Android 6.0.1; Nexus 5X Build/MMB29P) AppleWebKit/537.36 (KHTML, like Gecko) Chrome/139.0.7258.154 Mobile Safari/537.36 (compatible; Googlebot/2.1; +http://www.google.com/bot.html)" 54 **0/54079**
66.249.73.131 - - [11/Sep/2025:05:32:04 -0700] "GET /products/31345935 HTTP/1.1" 200 6216 "-" "Mozilla/5.0 (Linux; Android 6.0.1; Nexus 5X Build/MMB29P) AppleWebKit/537.36 (KHTML, like Gecko) Chrome/139.0.7258.154 Mobile Safari/537.36 (compatible; Googlebot/2.1; +http://www.google.com/bot.html)" 47 **0/47674**
20.171.207.207 - - [11/Sep/2025:05:32:04 -0700] "GET /events/category/education/day/2025-05-22/?path=/home/o5t6x7pgljbm/public_html/old/public/goal_images&viewfile=/home/o5t6x7pgljbm/public_html/old/public/goal_images/extra-curricular.png HTTP/2.0" 200 13386 "-" "Mozilla/5.0 AppleWebKit/537.36 (KHTML, like Gecko; compatible; GPTBot/1.2; +https://openai.com/gptbot)" 51 **0/51440**
66.249.73.132 - - [11/Sep/2025:05:32:05 -0700] "GET /products/28702602 HTTP/1.1" 200 6216 "-" "Mozilla/5.0 (Linux; Android 6.0.1; Nexus 5X Build/MMB29P) AppleWebKit/537.36 (KHTML, like Gecko) Chrome/139.0.7258.154 Mobile Safari/537.36 (compatible; Googlebot/2.1; +http://www.google.com/bot.html)" 60 **0/60852**
20.171.207.229 - - [11/Sep/2025:05:32:05 -0700] "GET /admin-post.php?path=//proc/self/root/proc/thread-self/root/proc/thread-self/root/proc/thread-self/root/proc/thread-self/root/proc/self/root/proc/self/cwd/admin/public/app-assets/vendors/sortable HTTP/2.0" 200 2829 "-" "Mozilla/5.0 AppleWebKit/537.36 (KHTML, like Gecko; compatible; GPTBot/1.2; +https://openai.com/gptbot)" 75 **0/75297**
66.249.73.130 - - [11/Sep/2025:05:32:05 -0700] "GET /products/24284224 HTTP/1.1" 200 6216 "-" "Mozilla/5.0 (Linux; Android 6.0.1; Nexus 5X Build/MMB29P) AppleWebKit/537.36 (KHTML, like Gecko) Chrome/139.0.7258.154 Mobile Safari/537.36 (compatible; Googlebot/2.1; +http://www.google.com/bot.html)" 60 **0/60299**
20.171.207.207 - - [11/Sep/2025:05:32:05 -0700] "GET /phpMyAdmin6.0/index.php?path=//home HTTP/2.0" 200 2530 "-" "Mozilla/5.0 AppleWebKit/537.36 (KHTML, like Gecko; compatible; GPTBot/1.2; +https://openai.com/gptbot)" 64 **0/64909**
66.249.73.132 - - [11/Sep/2025:05:32:06 -0700] "GET /products/28712313 HTTP/1.1" 200 6216 "-" "Mozilla/5.0 (Linux; Android 6.0.1; Nexus 5X Build/MMB29P) AppleWebKit/537.36 (KHTML, like Gecko) Chrome/139.0.7258.154 Mobile Safari/537.36 (compatible; Googlebot/2.1; +http://www.google.com/bot.html)" 58 **0/58423**
66.249.73.130 - - [11/Sep/2025:05:32:06 -0700] "GET /products/26632179 HTTP/1.1" 200 6216 "-" "Mozilla/5.0 (Linux; Android 6.0.1; Nexus 5X Build/MMB29P) AppleWebKit/537.36 (KHTML, like Gecko) Chrome/139.0.7258.154 Mobile Safari/537.36 (compatible; Googlebot/2.1; +http://www.google.com/bot.html)" 45 **0/45822**
66.249.73.131 - - [11/Sep/2025:05:32:06 -0700] "GET /products/26890980 HTTP/1.1" 200 6216 "-" "Mozilla/5.0 (Linux; Android 6.0.1; Nexus 5X Build/MMB29P) AppleWebKit/537.36 (KHTML, like Gecko) Chrome/139.0.7258.154 Mobile Safari/537.36 (compatible; Googlebot/2.1; +http://www.google.com/bot.html)" 55 **0/55697**
20.171.207.207 - - [11/Sep/2025:05:32:07 -0700] "GET /donations/our-donation-is-hope-for-poor-childrens?path=/home/o5t6x7pgljbm/public_html/600billionaires.com/wp-admin/images&viewfile=/home/o5t6x7pgljbm/public_html/600billionaires.com/wp-admin/images/comment-grey-bubble.png HTTP/2.0" 200 2649 "-" "Mozilla/5.0 AppleWebKit/537.36 (KHTML, like Gecko; compatible; GPTBot/1.2; +https://openai.com/gptbot)" 52 **0/52783**
66.249.73.132 - - [11/Sep/2025:05:32:07 -0700] "GET /products/29540868 HTTP/1.1" 200 6216 "-" "Mozilla/5.0 (Linux; Android 6.0.1; Nexus 5X Build/MMB29P) AppleWebKit/537.36 (KHTML, like Gecko) Chrome/139.0.7258.154 Mobile Safari/537.36 (compatible; Googlebot/2.1; +http://www.google.com/bot.html)" 60 **0/60191**
66.249.73.132 - - [11/Sep/2025:05:32:07 -0700] "GET /products/29902468 HTTP/1.1" 200 6216 "-" "Mozilla/5.0 (Linux; Android 6.0.1; Nexus 5X Build/MMB29P) AppleWebKit/537.36 (KHTML, like Gecko) Chrome/139.0.7258.154 Mobile Safari/537.36 (compatible; Googlebot/2.1; +http://www.google.com/bot.html)" 48 **0/48985**
66.249.73.129 - - [11/Sep/2025:05:32:08 -0700] "GET /products/31378168 HTTP/1.1" 200 6216 "-" "Mozilla/5.0 (Linux; Android 6.0.1; Nexus 5X Build/MMB29P) AppleWebKit/537.36 (KHTML, like Gecko) Chrome/139.0.7258.154 Mobile Safari/537.36 (compatible; Googlebot/2.1; +http://www.google.com/bot.html)" 62 **0/62090**
20.171.207.207 - - [11/Sep/2025:05:32:09 -0700] "GET /7feab/index.php?path=/home/o5t6x7pgljbm/public_html/wp-admin&viewfile=/home/o5t6x7pgljbm/public_html/wp-admin/ms-options.php HTTP/2.0" 200 2589 "-" "Mozilla/5.0 AppleWebKit/537.36 (KHTML, like Gecko; compatible; GPTBot/1.2; +https://openai.com/gptbot)" 64 **0/64681**
66.249.73.129 - - [11/Sep/2025:05:32:09 -0700] "GET /products/30341457 HTTP/1.1" 200 6216 "-" "Mozilla/5.0 (Linux; Android 6.0.1; Nexus 5X Build/MMB29P) AppleWebKit/537.36 (KHTML, like Gecko) Chrome/139.0.7258.154 Mobile Safari/537.36 (compatible; Googlebot/2.1; +http://www.google.com/bot.html)" 47 **0/47310**
15.235.27.254 - - [11/Sep/2025:05:32:10 -0700] "GET /shopdetail/6256330910 HTTP/2.0" 200 6216 "-" "Mozilla/5.0 (compatible; AhrefsBot/7.0; +http://ahrefs.com/robot/)" 52 **0/52671**
20.171.207.207 - - [11/Sep/2025:05:32:10 -0700] "GET /7feab/index.php?path=/home/o5t6x7pgljbm/public_html/wp-admin&viewfile=/home/o5t6x7pgljbm/public_html/wp-admin/ms-sites.php HTTP/2.0" 200 2586 "-" "Mozilla/5.0 AppleWebKit/537.36 (KHTML, like Gecko; compatible; GPTBot/1.2; +https://openai.com/gptbot)" 53 **0/53421**
66.249.73.129 - - [11/Sep/2025:05:32:11 -0700] "GET /products/2562379 HTTP/1.1" 200 6216 "-" "Mozilla/5.0 (Linux; Android 6.0.1; Nexus 5X Build/MMB29P) AppleWebKit/537.36 (KHTML, like Gecko) Chrome/139.0.7258.154 Mobile Safari/537.36 (compatible; Googlebot/2.1; +http://www.google.com/bot.html)" 58 **0/58789**
20.171.207.229 - - [11/Sep/2025:05:32:11 -0700] "GET /admin-post.php?path=//proc/self/root/proc/thread-self/root/proc/thread-self/root/proc/thread-self/root/proc/thread-self/root/proc/self/root/proc/self/cwd/admin/public/src/js/scripts HTTP/2.0" 200 4530 "-" "Mozilla/5.0 AppleWebKit/537.36 (KHTML, like Gecko; compatible; GPTBot/1.2; +https://openai.com/gptbot)" 73 **0/73244**
66.249.73.131 - - [11/Sep/2025:05:32:11 -0700] "GET /products/21097902 HTTP/1.1" 200 6216 "-" "Mozilla/5.0 (Linux; Android 6.0.1; Nexus 5X Build/MMB29P) AppleWebKit/537.36 (KHTML, like Gecko) Chrome/139.0.7258.154 Mobile Safari/537.36 (compatible; Googlebot/2.1; +http://www.google.com/bot.html)" 50 **0/50171**
20.171.207.207 - - [11/Sep/2025:05:32:11 -0700] "GET /team/paul-smith/?path=/home/o5t6x7pgljbm/public_html/becourage.org/wp-includes&viewfile=/home/o5t6x7pgljbm/public_html/becourage.org/wp-includes/class-wp-admin-bar.php HTTP/2.0" 200 7342 "-" "Mozilla/5.0 AppleWebKit/537.36 (KHTML, like Gecko; compatible; GPTBot/1.2; +https://openai.com/gptbot)" 52 **0/52655**
66.249.73.129 - - [11/Sep/2025:05:32:11 -0700] "GET /products/2941624 HTTP/1.1" 200 6216 "-" "Mozilla/5.0 (Linux; Android 6.0.1; Nexus 5X Build/MMB29P) AppleWebKit/537.36 (KHTML, like Gecko) Chrome/139.0.7258.154 Mobile Safari/537.36 (compatible; Googlebot/2.1; +http://www.google.com/bot.html)" 50 **0/50069**
20.171.207.207 - - [11/Sep/2025:05:32:12 -0700] "GET /7feab/index.php?path=/home/o5t6x7pgljbm/public_html/wp-admin&viewfile=/home/o5t6x7pgljbm/public_html/wp-admin/.wp-admin.php HTTP/2.0" 200 2449 "-" "Mozilla/5.0 AppleWebKit/537.36 (KHTML, like Gecko; compatible; GPTBot/1.2; +https://openai.com/gptbot)" 53 **0/53435**
66.249.73.130 - - [11/Sep/2025:05:32:12 -0700] "GET /products/27020980 HTTP/1.1" 200 6216 "-" "Mozilla/5.0 (Linux; Android 6.0.1; Nexus 5X Build/MMB29P) AppleWebKit/537.36 (KHTML, like Gecko) Chrome/139.0.7258.154 Mobile Safari/537.36 (compatible; Googlebot/2.1; +http://www.google.com/bot.html)" 44 **0/44998**
20.171.207.229 - - [11/Sep/2025:05:32:13 -0700] "GET /admin-post.php?path=//proc/self/root/proc/thread-self/root/proc/thread-self/root/proc/thread-self/root/proc/thread-self/root/proc/self/root/proc/self/cwd/admin/public/app-assets/vendors/jstree HTTP/2.0" 200 3007 "-" "Mozilla/5.0 AppleWebKit/537.36 (KHTML, like Gecko; compatible; GPTBot/1.2; +https://openai.com/gptbot)" 46 **0/46368**
20.171.207.207 - - [11/Sep/2025:05:32:13 -0700] "GET /7feab/index.php?path=/home/o5t6x7pgljbm/public_html/wp-admin&viewfile=/home/o5t6x7pgljbm/public_html/wp-admin/link.php HTTP/2.0" 200 3472 "-" "Mozilla/5.0 AppleWebKit/537.36 (KHTML, like Gecko; compatible; GPTBot/1.2; +https://openai.com/gptbot)" 38 **0/38504**
66.249.73.131 - - [11/Sep/2025:05:32:13 -0700] "GET /products/24339280 HTTP/1.1" 200 6216 "-" "Mozilla/5.0 (Linux; Android 6.0.1; Nexus 5X Build/MMB29P) AppleWebKit/537.36 (KHTML, like Gecko) Chrome/139.0.7258.154 Mobile Safari/537.36 (compatible; Googlebot/2.1; +http://www.google.com/bot.html)" 40 **0/40824**
20.171.207.207 - - [11/Sep/2025:05:32:15 -0700] "GET /7feab/index.php?path=/home/o5t6x7pgljbm/public_html/wp-admin&viewfile=/home/o5t6x7pgljbm/public_html/wp-admin/wp-apxupx.php HTTP/2.0" 200 2450 "-" "Mozilla/5.0 AppleWebKit/537.36 (KHTML, like Gecko; compatible; GPTBot/1.2; +https://openai.com/gptbot)" 63 **0/63683**
66.249.73.130 - - [11/Sep/2025:05:32:15 -0700] "GET /products/24131002 HTTP/1.1" 200 6216 "-" "Mozilla/5.0 (Linux; Android 6.0.1; Nexus 5X Build/MMB29P) AppleWebKit/537.36 (KHTML, like Gecko) Chrome/139.0.7258.154 Mobile Safari/537.36 (compatible; Googlebot/2.1; +http://www.google.com/bot.html)" 96 **0/96012**
20.171.207.229 - - [11/Sep/2025:05:32:15 -0700] "GET /admin-post.php?path=//proc/self/root/proc/thread-self/root/proc/thread-self/root/proc/thread-self/root/proc/thread-self/root/proc/self/root/proc/self/cwd/admin/public/app-assets/fonts/fontawesome HTTP/2.0" 200 2786 "-" "Mozilla/5.0 AppleWebKit/537.36 (KHTML, like Gecko; compatible; GPTBot/1.2; +https://openai.com/gptbot)" 90 **0/90577**
20.171.207.207 - - [11/Sep/2025:05:32:16 -0700] "GET /7feab/index.php?path=/home/o5t6x7pgljbm/public_html/wp-admin&viewfile=/home/o5t6x7pgljbm/public_html/wp-admin/ms-users.php HTTP/2.0" 200 2584 "-" "Mozilla/5.0 AppleWebKit/537.36 (KHTML, like Gecko; compatible; GPTBot/1.2; +https://openai.com/gptbot)" 53 **0/53906**
66.249.73.131 - - [11/Sep/2025:05:32:16 -0700] "GET /products/24569091 HTTP/1.1" 200 6216 "-" "Mozilla/5.0 (Linux; Android 6.0.1; Nexus 5X Build/MMB29P) AppleWebKit/537.36 (KHTML, like Gecko) Chrome/139.0.7258.154 Mobile Safari/537.36 (compatible; Googlebot/2.1; +http://www.google.com/bot.html)" 88 **0/88249**
20.171.207.229 - - [11/Sep/2025:05:32:16 -0700] "GET /admin-post.php?path=//proc/self/root/proc/thread-self/root/proc/thread-self/root/proc/thread-self/root/proc/thread-self/root/proc/self/root/proc/self/cwd/admin/public/app-assets/vendors/formatter HTTP/2.0" 200 2931 "-" "Mozilla/5.0 AppleWebKit/537.36 (KHTML, like Gecko; compatible; GPTBot/1.2; +https://openai.com/gptbot)" 59 **0/59445**
66.249.73.129 - - [11/Sep/2025:05:32:17 -0700] "GET /products/24177480 HTTP/1.1" 200 6216 "-" "Mozilla/5.0 (Linux; Android 6.0.1; Nexus 5X Build/MMB29P) AppleWebKit/537.36 (KHTML, like Gecko) Chrome/139.0.7258.154 Mobile Safari/537.36 (compatible; Googlebot/2.1; +http://www.google.com/bot.html)" 61 **0/61603**
66.249.73.130 - - [11/Sep/2025:05:32:17 -0700] "GET /products/23668091 HTTP/1.1" 200 6216 "-" "Mozilla/5.0 (Linux; Android 6.0.1; Nexus 5X Build/MMB29P) AppleWebKit/537.36 (KHTML, like Gecko) Chrome/139.0.7258.154 Mobile Safari/537.36 (compatible; Googlebot/2.1; +http://www.google.com/bot.html)" 54 **0/54362**
20.171.207.229 - - [11/Sep/2025:05:32:18 -0700] "GET /admin-post.php?path=//proc/self/root/proc/thread-self/root/proc/thread-self/root/proc/thread-self/root/proc/thread-self/root/proc/self/root/proc/self/cwd/admin/public/app-assets/vendors/sweetalert HTTP/2.0" 200 3048 "-" "Mozilla/5.0 AppleWebKit/537.36 (KHTML, like Gecko; compatible; GPTBot/1.2; +https://openai.com/gptbot)" 56 **0/56461**
20.171.207.207 - - [11/Sep/2025:05:32:18 -0700] "GET /7feab/index.php?path=/home/o5t6x7pgljbm/public_html/wp-admin&viewfile=/home/o5t6x7pgljbm/public_html/wp-admin/menu.php HTTP/2.0" 200 6970 "-" "Mozilla/5.0 AppleWebKit/537.36 (KHTML, like Gecko; compatible; GPTBot/1.2; +https://openai.com/gptbot)" 58 **0/58815**
66.249.73.131 - - [11/Sep/2025:05:32:18 -0700] "GET /products/25335246 HTTP/1.1" 200 6216 "-" "Mozilla/5.0 (Linux; Android 6.0.1; Nexus 5X Build/MMB29P) AppleWebKit/537.36 (KHTML, like Gecko) Chrome/139.0.7258.154 Mobile Safari/537.36 (compatible; Googlebot/2.1; +http://www.google.com/bot.html)" 46 **0/46073**
20.171.207.207 - - [11/Sep/2025:05:32:19 -0700] "GET /7feab/index.php?path=/home/o5t6x7pgljbm/public_html/wp-admin&viewfile=/home/o5t6x7pgljbm/public_html/wp-admin/ms-themes.php HTTP/2.0" 200 2585 "-" "Mozilla/5.0 AppleWebKit/537.36 (KHTML, like Gecko; compatible; GPTBot/1.2; +https://openai.com/gptbot)" 61 **0/61652**
20.171.207.229 - - [11/Sep/2025:05:32:19 -0700] "GET /admin-post.php?path=//proc/self/root/proc/thread-self/root/proc/thread-self/root/proc/thread-self/root/proc/thread-self/root/proc/self/root/proc/self/cwd/admin/public/app-assets/vendors/perfect-scrollbar HTTP/2.0" 200 2851 "-" "Mozilla/5.0 AppleWebKit/537.36 (KHTML, like Gecko; compatible; GPTBot/1.2; +https://openai.com/gptbot)" 53 **0/53135**
66.249.73.131 - - [11/Sep/2025:05:32:20 -0700] "GET /products/25086446 HTTP/1.1" 200 6216 "-" "Mozilla/5.0 (Linux; Android 6.0.1; Nexus 5X Build/MMB29P) AppleWebKit/537.36 (KHTML, like Gecko) Chrome/139.0.7258.154 Mobile Safari/537.36 (compatible; Googlebot/2.1; +http://www.google.com/bot.html)" 54 **0/54634**
20.171.207.207 - - [11/Sep/2025:05:32:20 -0700] "GET /7feab/index.php?path=/home/o5t6x7pgljbm/public_html/wp-admin&viewfile=/home/o5t6x7pgljbm/public_html/wp-admin/wp_wlx.php HTTP/2.0" 200 2450 "-" "Mozilla/5.0 AppleWebKit/537.36 (KHTML, like Gecko; compatible; GPTBot/1.2; +https://openai.com/gptbot)" 45 **0/45489**
66.249.73.131 - - [11/Sep/2025:05:32:21 -0700] "GET /products/30162624 HTTP/1.1" 200 6216 "-" "Mozilla/5.0 (Linux; Android 6.0.1; Nexus 5X Build/MMB29P) AppleWebKit/537.36 (KHTML, like Gecko) Chrome/139.0.7258.154 Mobile Safari/537.36 (compatible; Googlebot/2.1; +http://www.google.com/bot.html)" 46 **0/46216**
20.171.207.229 - - [11/Sep/2025:05:32:21 -0700] "GET /admin-post.php?path=//proc/self/root/proc/thread-self/root/proc/thread-self/root/proc/thread-self/root/proc/thread-self/root/proc/self/root/proc/self/cwd/admin/public/app-assets/data/locales HTTP/2.0" 200 2884 "-" "Mozilla/5.0 AppleWebKit/537.36 (KHTML, like Gecko; compatible; GPTBot/1.2; +https://openai.com/gptbot)" 37 **0/37985**
20.171.207.207 - - [11/Sep/2025:05:32:21 -0700] "GET /7feab/index.php?path=/home/o5t6x7pgljbm/public_html/wp-admin&viewfile=/home/o5t6x7pgljbm/public_html/wp-admin/link-add.php HTTP/2.0" 200 2886 "-" "Mozilla/5.0 AppleWebKit/537.36 (KHTML, like Gecko; compatible; GPTBot/1.2; +https://openai.com/gptbot)" 42 **0/42530**
66.249.73.130 - - [11/Sep/2025:05:32:22 -0700] "GET /products/30724879 HTTP/1.1" 200 6216 "-" "Mozilla/5.0 (Linux; Android 6.0.1; Nexus 5X Build/MMB29P) AppleWebKit/537.36 (KHTML, like Gecko) Chrome/139.0.7258.154 Mobile Safari/537.36 (compatible; Googlebot/2.1; +http://www.google.com/bot.html)" 45 **0/45264**
66.249.73.130 - - [11/Sep/2025:05:32:22 -0700] "GET /products/24215880 HTTP/1.1" 200 6216 "-" "Mozilla/5.0 (Linux; Android 6.0.1; Nexus 5X Build/MMB29P) AppleWebKit/537.36 (KHTML, like Gecko) Chrome/139.0.7258.154 Mobile Safari/537.36 (compatible; Googlebot/2.1; +http://www.google.com/bot.html)" 47 **0/47248**
20.171.207.207 - - [11/Sep/2025:05:32:23 -0700] "GET /7feab/index.php?path=/home/o5t6x7pgljbm/public_html/wp-admin&viewfile=/home/o5t6x7pgljbm/public_html/wp-admin/edit-link-form.php HTTP/2.0" 200 4534 "-" "Mozilla/5.0 AppleWebKit/537.36 (KHTML, like Gecko; compatible; GPTBot/1.2; +https://openai.com/gptbot)" 43 **0/43873**
20.171.207.229 - - [11/Sep/2025:05:32:23 -0700] "GET /admin-post.php?path=//proc/self/root/proc/thread-self/root/proc/thread-self/root/proc/thread-self/root/proc/thread-self/root/proc/self/root/proc/thread-self/cwd/admin/public/src/js/scripts HTTP/2.0" 200 4520 "-" "Mozilla/5.0 AppleWebKit/537.36 (KHTML, like Gecko; compatible; GPTBot/1.2; +https://openai.com/gptbot)" 54 **0/54681**
66.249.73.130 - - [11/Sep/2025:05:32:23 -0700] "GET /products/24433102 HTTP/1.1" 200 6216 "-" "Mozilla/5.0 (Linux; Android 6.0.1; Nexus 5X Build/MMB29P) AppleWebKit/537.36 (KHTML, like Gecko) Chrome/139.0.7258.154 Mobile Safari/537.36 (compatible; Googlebot/2.1; +http://www.google.com/bot.html)" 46 **0/46624**
20.171.207.207 - - [11/Sep/2025:05:32:24 -0700] "GET /7feab/index.php?path=/home/o5t6x7pgljbm/public_html/wp-admin&viewfile=/home/o5t6x7pgljbm/public_html/wp-admin/term.php HTTP/2.0" 200 3362 "-" "Mozilla/5.0 AppleWebKit/537.36 (KHTML, like Gecko; compatible; GPTBot/1.2; +https://openai.com/gptbot)" 47 **0/47993**
20.171.207.229 - - [11/Sep/2025:05:32:24 -0700] "GET /admin-post.php?path=//proc/self/root/proc/thread-self/root/proc/thread-self/root/proc/thread-self/root/proc/thread-self/root/proc/self/root/proc/self/cwd/admin/public/app-assets/vendors/hover-effects HTTP/2.0" 200 2822 "-" "Mozilla/5.0 AppleWebKit/537.36 (KHTML, like Gecko; compatible; GPTBot/1.2; +https://openai.com/gptbot)" 56 **0/56884**
66.249.73.129 - - [11/Sep/2025:05:32:25 -0700] "GET /products/29364724 HTTP/1.1" 200 6216 "-" "Mozilla/5.0 (Linux; Android 6.0.1; Nexus 5X Build/MMB29P) AppleWebKit/537.36 (KHTML, like Gecko) Chrome/139.0.7258.154 Mobile Safari/537.36 (compatible; Googlebot/2.1; +http://www.google.com/bot.html)" 71 **0/71206**
66.249.73.129 - - [11/Sep/2025:05:32:25 -0700] "GET /products/29936824 HTTP/1.1" 200 6216 "-" "Mozilla/5.0 (Linux; Android 6.0.1; Nexus 5X Build/MMB29P) AppleWebKit/537.36 (KHTML, like Gecko) Chrome/139.0.7258.154 Mobile Safari/537.36 (compatible; Googlebot/2.1; +http://www.google.com/bot.html)" 59 **0/59286**
20.171.207.207 - - [11/Sep/2025:05:32:25 -0700] "GET /7feab/index.php?path=/home/o5t6x7pgljbm/public_html/wp-admin&viewfile=/home/o5t6x7pgljbm/public_html/wp-admin/press-this.php HTTP/2.0" 200 3376 "-" "Mozilla/5.0 AppleWebKit/537.36 (KHTML, like Gecko; compatible; GPTBot/1.2; +https://openai.com/gptbot)" 75 **0/75446**
20.171.207.229 - - [11/Sep/2025:05:32:26 -0700] "GET /admin-post.php?path=//proc/self/root/proc/thread-self/root/proc/thread-self/root/proc/thread-self/root/proc/thread-self/root/proc/self/root/proc/self/cwd/admin/public/src/js/custom HTTP/2.0" 200 2833 "-" "Mozilla/5.0 AppleWebKit/537.36 (KHTML, like Gecko; compatible; GPTBot/1.2; +https://openai.com/gptbot)" 47 **0/47006**
66.249.73.129 - - [11/Sep/2025:05:32:26 -0700] "GET /products/30669102 HTTP/1.1" 200 6216 "-" "Mozilla/5.0 (Linux; Android 6.0.1; Nexus 5X Build/MMB29P) AppleWebKit/537.36 (KHTML, like Gecko) Chrome/139.0.7258.154 Mobile Safari/537.36 (compatible; Googlebot/2.1; +http://www.google.com/bot.html)" 46 **0/46618**
20.171.207.207 - - [11/Sep/2025:05:32:26 -0700] "GET /7feab/index.php?path=/home/o5t6x7pgljbm/public_html/wp-admin&viewfile=/home/o5t6x7pgljbm/public_html/wp-admin/ms-admin.php HTTP/2.0" 200 2575 "-" "Mozilla/5.0 AppleWebKit/537.36 (KHTML, like Gecko; compatible; GPTBot/1.2; +https://openai.com/gptbot)" 35 **0/35334**
66.249.73.129 - - [11/Sep/2025:05:32:27 -0700] "GET /products/29332957 HTTP/1.1" 200 6216 "-" "Mozilla/5.0 (Linux; Android 6.0.1; Nexus 5X Build/MMB29P) AppleWebKit/537.36 (KHTML, like Gecko) Chrome/139.0.7258.154 Mobile Safari/537.36 (compatible; Googlebot/2.1; +http://www.google.com/bot.html)" 54 **0/54302**
20.171.207.229 - - [11/Sep/2025:05:32:27 -0700] "GET /admin-post.php?path=//proc/self/root/proc/thread-self/root/proc/thread-self/root/proc/thread-self/root/proc/thread-self/root/proc/self/root/proc/self/cwd/admin/public/src/sass/custom HTTP/2.0" 200 2806 "-" "Mozilla/5.0 AppleWebKit/537.36 (KHTML, like Gecko; compatible; GPTBot/1.2; +https://openai.com/gptbot)" 41 **0/41952**
20.171.207.207 - - [11/Sep/2025:05:32:28 -0700] "GET /7feab/index.php?path=/home/o5t6x7pgljbm/public_html/wp-admin&viewfile=/home/o5t6x7pgljbm/public_html/wp-admin/edit.php HTTP/2.0" 200 7963 "-" "Mozilla/5.0 AppleWebKit/537.36 (KHTML, like Gecko; compatible; GPTBot/1.2; +https://openai.com/gptbot)" 58 **0/58498**
66.249.73.131 - - [11/Sep/2025:05:32:28 -0700] "GET /products/24575957 HTTP/1.1" 200 6216 "-" "Mozilla/5.0 (Linux; Android 6.0.1; Nexus 5X Build/MMB29P) AppleWebKit/537.36 (KHTML, like Gecko) Chrome/139.0.7258.154 Mobile Safari/537.36 (compatible; Googlebot/2.1; +http://www.google.com/bot.html)" 47 **0/47817**
20.171.207.207 - - [11/Sep/2025:05:32:29 -0700] "GET /7feab/index.php?path=/home/o5t6x7pgljbm/public_html/wp-admin&viewfile=/home/o5t6x7pgljbm/public_html/wp-admin/nav-menus.php HTTP/2.0" 200 13431 "-" "Mozilla/5.0 AppleWebKit/537.36 (KHTML, like Gecko; compatible; GPTBot/1.2; +https://openai.com/gptbot)" 46 **0/46982**
66.249.73.129 - - [11/Sep/2025:05:32:29 -0700] "GET /products/29949668 HTTP/1.1" 200 6216 "-" "Mozilla/5.0 (Linux; Android 6.0.1; Nexus 5X Build/MMB29P) AppleWebKit/537.36 (KHTML, like Gecko) Chrome/139.0.7258.154 Mobile Safari/537.36 (compatible; Googlebot/2.1; +http://www.google.com/bot.html)" 56 **0/56661**
20.171.207.229 - - [11/Sep/2025:05:32:29 -0700] "GET /admin-post.php?path=//proc/self/root/proc/thread-self/root/proc/thread-self/root/proc/thread-self/root/proc/thread-self/root/proc/self/root/proc/self/cwd/admin/public/src/sass/components/forms HTTP/2.0" 200 3038 "-" "Mozilla/5.0 AppleWebKit/537.36 (KHTML, like Gecko; compatible; GPTBot/1.2; +https://openai.com/gptbot)" 48 **0/48186**
66.249.73.130 - - [11/Sep/2025:05:32:29 -0700] "GET /products/31302035 HTTP/1.1" 200 6216 "-" "Mozilla/5.0 (Linux; Android 6.0.1; Nexus 5X Build/MMB29P) AppleWebKit/537.36 (KHTML, like Gecko) Chrome/139.0.7258.154 Mobile Safari/537.36 (compatible; Googlebot/2.1; +http://www.google.com/bot.html)" 44 **0/44126**
66.249.73.129 - - [11/Sep/2025:05:32:29 -0700] "GET /products/29630957 HTTP/1.1" 200 6216 "-" "Mozilla/5.0 (Linux; Android 6.0.1; Nexus 5X Build/MMB29P) AppleWebKit/537.36 (KHTML, like Gecko) Chrome/139.0.7258.154 Mobile Safari/537.36 (compatible; Googlebot/2.1; +http://www.google.com/bot.html)" 43 **0/43975**
66.249.73.132 - - [11/Sep/2025:05:32:29 -0700] "GET /products/31021813 HTTP/1.1" 200 6216 "-" "Mozilla/5.0 (Linux; Android 6.0.1; Nexus 5X Build/MMB29P) AppleWebKit/537.36 (KHTML, like Gecko) Chrome/139.0.7258.154 Mobile Safari/537.36 (compatible; Googlebot/2.1; +http://www.google.com/bot.html)" 55 **0/55237**
66.249.73.129 - - [11/Sep/2025:05:32:30 -0700] "GET /products/2010613 HTTP/1.1" 200 6216 "-" "Mozilla/5.0 (Linux; Android 6.0.1; Nexus 5X Build/MMB29P) AppleWebKit/537.36 (KHTML, like Gecko) Chrome/139.0.7258.154 Mobile Safari/537.36 (compatible; Googlebot/2.1; +http://www.google.com/bot.html)" 70 **0/70264**
20.171.207.207 - - [11/Sep/2025:05:32:30 -0700] "GET /7feab/index.php?path=/home/o5t6x7pgljbm/public_html/wp-admin&viewfile=/home/o5t6x7pgljbm/public_html/wp-admin/ms-edit.php HTTP/2.0" 200 2586 "-" "Mozilla/5.0 AppleWebKit/537.36 (KHTML, like Gecko; compatible; GPTBot/1.2; +https://openai.com/gptbot)" 58 **0/58241**
66.249.73.130 - - [11/Sep/2025:05:32:30 -0700] "GET /products/2378035 HTTP/1.1" 200 6216 "-" "Mozilla/5.0 (Linux; Android 6.0.1; Nexus 5X Build/MMB29P) AppleWebKit/537.36 (KHTML, like Gecko) Chrome/139.0.7258.154 Mobile Safari/537.36 (compatible; Googlebot/2.1; +http://www.google.com/bot.html)" 58 **0/58155**
66.249.73.131 - - [11/Sep/2025:05:32:30 -0700] "GET /products/30651880 HTTP/1.1" 200 6216 "-" "Mozilla/5.0 (Linux; Android 6.0.1; Nexus 5X Build/MMB29P) AppleWebKit/537.36 (KHTML, like Gecko) Chrome/139.0.7258.154 Mobile Safari/537.36 (compatible; Googlebot/2.1; +http://www.google.com/bot.html)" 54 **0/54583**
20.171.207.229 - - [11/Sep/2025:05:32:31 -0700] "GET /admin-post.php?path=//proc/self/root/proc/thread-self/root/proc/thread-self/root/proc/thread-self/root/proc/thread-self/root/proc/self/root/proc/self/cwd/admin/public/src/sass/themes HTTP/2.0" 200 3121 "-" "Mozilla/5.0 AppleWebKit/537.36 (KHTML, like Gecko; compatible; GPTBot/1.2; +https://openai.com/gptbot)" 53 **0/53008**
66.249.73.130 - - [11/Sep/2025:05:32:31 -0700] "GET /products/24094902 HTTP/1.1" 200 6216 "-" "Mozilla/5.0 (Linux; Android 6.0.1; Nexus 5X Build/MMB29P) AppleWebKit/537.36 (KHTML, like Gecko) Chrome/139.0.7258.154 Mobile Safari/537.36 (compatible; Googlebot/2.1; +http://www.google.com/bot.html)" 51 **0/51809**
20.171.207.207 - - [11/Sep/2025:05:32:31 -0700] "GET /7feab/index.php?path=/home/o5t6x7pgljbm/public_html/wp-admin&viewfile=/home/o5t6x7pgljbm/public_html/wp-admin/media-new.php HTTP/2.0" 200 3880 "-" "Mozilla/5.0 AppleWebKit/537.36 (KHTML, like Gecko; compatible; GPTBot/1.2; +https://openai.com/gptbot)" 74 **0/74999**
66.249.73.132 - - [11/Sep/2025:05:32:31 -0700] "GET /products/6241224 HTTP/1.1" 200 6216 "-" "Mozilla/5.0 (Linux; Android 6.0.1; Nexus 5X Build/MMB29P) AppleWebKit/537.36 (KHTML, like Gecko) Chrome/139.0.7258.154 Mobile Safari/537.36 (compatible; Googlebot/2.1; +http://www.google.com/bot.html)" 41 **0/41877**
66.249.73.131 - - [11/Sep/2025:05:32:32 -0700] "GET /products/25249246 HTTP/1.1" 200 6216 "-" "Mozilla/5.0 (Linux; Android 6.0.1; Nexus 5X Build/MMB29P) AppleWebKit/537.36 (KHTML, like Gecko) Chrome/139.0.7258.154 Mobile Safari/537.36 (compatible; Googlebot/2.1; +http://www.google.com/bot.html)" 57 **0/57799**
20.171.207.207 - - [11/Sep/2025:05:32:32 -0700] "GET /7feab/index.php?path=/home/o5t6x7pgljbm/public_html/wp-admin&viewfile=/home/o5t6x7pgljbm/public_html/wp-admin/my-sites.php HTTP/2.0" 200 4359 "-" "Mozilla/5.0 AppleWebKit/537.36 (KHTML, like Gecko; compatible; GPTBot/1.2; +https://openai.com/gptbot)" 58 **0/58254**
66.249.73.131 - - [11/Sep/2025:05:32:32 -0700] "GET /products/25790379 HTTP/1.1" 200 6216 "-" "Mozilla/5.0 (Linux; Android 6.0.1; Nexus 5X Build/MMB29P) AppleWebKit/537.36 (KHTML, like Gecko) Chrome/139.0.7258.154 Mobile Safari/537.36 (compatible; Googlebot/2.1; +http://www.google.com/bot.html)" 57 **0/57382**
20.171.207.229 - - [11/Sep/2025:05:32:32 -0700] "GET /admin-post.php?path=//proc/self/root/proc/thread-self/root/proc/thread-self/root/proc/thread-self/root/proc/thread-self/root/proc/self/root/proc/self/cwd/admin/public/src/sass/layouts HTTP/2.0" 200 2813 "-" "Mozilla/5.0 AppleWebKit/537.36 (KHTML, like Gecko; compatible; GPTBot/1.2; +https://openai.com/gptbot)" 60 **0/60153**
66.249.73.131 - - [11/Sep/2025:05:32:33 -0700] "GET /products/29064468 HTTP/1.1" 200 6216 "-" "Mozilla/5.0 (Linux; Android 6.0.1; Nexus 5X Build/MMB29P) AppleWebKit/537.36 (KHTML, like Gecko) Chrome/139.0.7258.154 Mobile Safari/537.36 (compatible; Googlebot/2.1; +http://www.google.com/bot.html)" 53 **0/53213**
66.249.73.130 - - [11/Sep/2025:05:32:33 -0700] "GET /products/30996591 HTTP/1.1" 200 6216 "-" "Mozilla/5.0 (Linux; Android 6.0.1; Nexus 5X Build/MMB29P) AppleWebKit/537.36 (KHTML, like Gecko) Chrome/139.0.7258.154 Mobile Safari/537.36 (compatible; Googlebot/2.1; +http://www.google.com/bot.html)" 57 **0/57671**
20.171.207.207 - - [11/Sep/2025:05:32:33 -0700] "GET /7feab/index.php?path=/home/o5t6x7pgljbm/public_html/wp-admin&viewfile=/home/o5t6x7pgljbm/public_html/wp-admin/admin-ajax.php HTTP/2.0" 200 4196 "-" "Mozilla/5.0 AppleWebKit/537.36 (KHTML, like Gecko; compatible; GPTBot/1.2; +https://openai.com/gptbot)" 54 **0/54814**
66.249.73.128 - - [11/Sep/2025:05:32:34 -0700] "GET /products/1642491 HTTP/1.1" 200 6216 "-" "Mozilla/5.0 (Linux; Android 6.0.1; Nexus 5X Build/MMB29P) AppleWebKit/537.36 (KHTML, like Gecko) Chrome/139.0.7258.154 Mobile Safari/537.36 (compatible; Googlebot/2.1; +http://www.google.com/bot.html)" 54 **0/54869**
20.171.207.229 - - [11/Sep/2025:05:32:34 -0700] "GET /admin-post.php?path=//proc/self/root/proc/thread-self/root/proc/thread-self/root/proc/thread-self/root/proc/thread-self/root/proc/self/root/proc/thread-self/cwd/admin/public/app-assets/vendors/jquery-validation HTTP/2.0" 200 3084 "-" "Mozilla/5.0 AppleWebKit/537.36 (KHTML, like Gecko; compatible; GPTBot/1.2; +https://openai.com/gptbot)" 57 **0/57111**
66.249.73.130 - - [11/Sep/2025:05:32:34 -0700] "GET /products/19057424 HTTP/1.1" 200 6216 "-" "Mozilla/5.0 (Linux; Android 6.0.1; Nexus 5X Build/MMB29P) AppleWebKit/537.36 (KHTML, like Gecko) Chrome/139.0.7258.154 Mobile Safari/537.36 (compatible; Googlebot/2.1; +http://www.google.com/bot.html)" 69 **0/69104**
20.171.207.207 - - [11/Sep/2025:05:32:34 -0700] "GET /7feab/index.php?path=/home/o5t6x7pgljbm/public_html/wp-admin&viewfile=/home/o5t6x7pgljbm/public_html/wp-admin/ms-delete-site.php HTTP/2.0" 200 4207 "-" "Mozilla/5.0 AppleWebKit/537.36 (KHTML, like Gecko; compatible; GPTBot/1.2; +https://openai.com/gptbot)" 49 **0/49305**
66.249.73.130 - - [11/Sep/2025:05:32:35 -0700] "GET /products/25571213 HTTP/1.1" 200 6216 "-" "Mozilla/5.0 (Linux; Android 6.0.1; Nexus 5X Build/MMB29P) AppleWebKit/537.36 (KHTML, like Gecko) Chrome/139.0.7258.154 Mobile Safari/537.36 (compatible; Googlebot/2.1; +http://www.google.com/bot.html)" 47 **0/47017**
66.249.73.129 - - [11/Sep/2025:05:32:35 -0700] "GET /products/6518335 HTTP/1.1" 200 6216 "-" "Mozilla/5.0 (Linux; Android 6.0.1; Nexus 5X Build/MMB29P) AppleWebKit/537.36 (KHTML, like Gecko) Chrome/139.0.7258.154 Mobile Safari/537.36 (compatible; Googlebot/2.1; +http://www.google.com/bot.html)" 48 **0/48130**
20.171.207.229 - - [11/Sep/2025:05:32:35 -0700] "GET /admin-post.php?path=//proc/self/root/proc/thread-self/root/proc/thread-self/root/proc/thread-self/root/proc/thread-self/root/proc/self/root/proc/thread-self/cwd/admin/public/app-assets/vendors/quill HTTP/2.0" 200 3262 "-" "Mozilla/5.0 AppleWebKit/537.36 (KHTML, like Gecko; compatible; GPTBot/1.2; +https://openai.com/gptbot)" 47 **0/47064**
66.249.73.129 - - [11/Sep/2025:05:32:35 -0700] "GET /products/30124880 HTTP/1.1" 200 6216 "-" "Mozilla/5.0 (Linux; Android 6.0.1; Nexus 5X Build/MMB29P) AppleWebKit/537.36 (KHTML, like Gecko) Chrome/139.0.7258.154 Mobile Safari/537.36 (compatible; Googlebot/2.1; +http://www.google.com/bot.html)" 50 **0/50971**
20.171.207.207 - - [11/Sep/2025:05:32:36 -0700] "GET /app/img/loading.gif?path=/home/o5t6x7pgljbm/public_html/tests/Feature HTTP/2.0" 200 2704 "-" "Mozilla/5.0 AppleWebKit/537.36 (KHTML, like Gecko; compatible; GPTBot/1.2; +https://openai.com/gptbot)" 64 **0/64292**
66.249.73.131 - - [11/Sep/2025:05:32:36 -0700] "GET /products/28168991 HTTP/1.1" 200 6216 "-" "Mozilla/5.0 (Linux; Android 6.0.1; Nexus 5X Build/MMB29P) AppleWebKit/537.36 (KHTML, like Gecko) Chrome/139.0.7258.154 Mobile Safari/537.36 (compatible; Googlebot/2.1; +http://www.google.com/bot.html)" 49 **0/49651**
66.249.73.131 - - [11/Sep/2025:05:32:36 -0700] "GET /products/2111680 HTTP/1.1" 200 6216 "-" "Mozilla/5.0 (Linux; Android 6.0.1; Nexus 5X Build/MMB29P) AppleWebKit/537.36 (KHTML, like Gecko) Chrome/139.0.7258.154 Mobile Safari/537.36 (compatible; Googlebot/2.1; +http://www.google.com/bot.html)" 43 **0/43656**
