20.171.207.229 - - [11/Sep/2025:05:31:05 -0700] "GET /admin-post.php?path=//proc/self/root/proc/thread-self/root/proc/thread-self/root/proc/thread-self/root/proc/thread-self/root/proc/self/root/proc/thread-self/cwd/admin/public/app-assets/fonts HTTP/2.0" 200 3002 "-" "Mozilla/5.0 AppleWebKit/537.36 (KHTML, like Gecko; compatible; GPTBot/1.2; +https://openai.com/gptbot)" 56 **0/56159**
54.39.0.56 - - [11/Sep/2025:05:31:05 -0700] "GET /shopdetail/2875214044 HTTP/2.0" 200 6216 "-" "Mozilla/5.0 (compatible; AhrefsBot/7.0; +http://ahrefs.com/robot/)" 70 **0/70074**
66.249.73.128 - - [11/Sep/2025:05:31:05 -0700] "GET /products/26797813 HTTP/1.1" 200 6216 "-" "Mozilla/5.0 (Linux; Android 6.0.1; Nexus 5X Build/MMB29P) AppleWebKit/537.36 (KHTML, like Gecko) Chrome/139.0.7258.154 Mobile Safari/537.36 (compatible; Googlebot/2.1; +http://www.google.com/bot.html)" 65 **0/65319**
66.249.73.129 - - [11/Sep/2025:05:31:05 -0700] "GET /products/27970324 HTTP/1.1" 200 6216 "-" "Mozilla/5.0 (Linux; Android 6.0.1; Nexus 5X Build/MMB29P) AppleWebKit/537.36 (KHTML, like Gecko) Chrome/139.0.7258.154 Mobile Safari/537.36 (compatible; Googlebot/2.1; +http://www.google.com/bot.html)" 44 **0/44817**
66.249.73.132 - - [11/Sep/2025:05:31:06 -0700] "GET /products/7900346 HTTP/1.1" 200 6216 "-" "Mozilla/5.0 (Linux; Android 6.0.1; Nexus 5X Build/MMB29P) AppleWebKit/537.36 (KHTML, like Gecko) Chrome/139.0.7258.154 Mobile Safari/537.36 (compatible; Googlebot/2.1; +http://www.google.com/bot.html)" 51 **0/51327**
216.73.216.124 - - [11/Sep/2025:05:31:07 -0700] "GET /products/25214035?path=%2Fhome%2Fo5t6x7pgljbm%2Fpublic_html%2Fwp-content%2Fplugins%2Felementor-pro%2Fassets%2Flib%2Fhtml2canvas HTTP/2.0" 200 2654 "-" "Mozilla/5.0 AppleWebKit/537.36 (KHTML, like Gecko; compatible; ClaudeBot/1.0; +claudebot@anthropic.com)" 120 **0/120097**
216.73.216.124 - - [11/Sep/2025:05:31:07 -0700] "GET /products/25214035?path=%2Fhome%2Fo5t6x7pgljbm%2Fpublic_html%2Fwp-content%2Fplugins%2Fawhsakit%2Fopt%2Fkeren&viewfile=%2Fhome%2Fo5t6x7pgljbm%2Fpublic_html%2Fwp-content%2Fplugins%2Fawhsakit%2Fopt%2Fkeren%2Fcmd1.PHAR HTTP/2.0" 200 2631 "-" "Mozilla/5.0 AppleWebKit/537.36 (KHTML, like Gecko; compatible; ClaudeBot/1.0; +claudebot@anthropic.com)" 207 **0/207091**
216.73.216.124 - - [11/Sep/2025:05:31:07 -0700] "GET /products/25214035?path=%2Fhome%2Fo5t6x7pgljbm%2Fpublic_html%2Fwp-content%2Fplugins%2Fawhsakit%2Fopt%2Fkeren&viewfile=%2Fhome%2Fo5t6x7pgljbm%2Fpublic_html%2Fwp-content%2Fplugins%2Fawhsakit%2Fopt%2Fkeren%2F.htaccess HTTP/2.0" 200 2507 "-" "Mozilla/5.0 AppleWebKit/537.36 (KHTML, like Gecko; compatible; ClaudeBot/1.0; +claudebot@anthropic.com)" 210 **0/210502**
216.73.216.124 - - [11/Sep/2025:05:31:07 -0700] "GET /products/25214035?path=%2Fhome%2Fo5t6x7pgljbm%2Fpublic_html%2Fwp-content%2Fplugins%2Felementor-pro%2Fmodules%2Fnotes%2Fdatabase HTTP/2.0" 200 2960 "-" "Mozilla/5.0 AppleWebKit/537.36 (KHTML, like Gecko; compatible; ClaudeBot/1.0; +claudebot@anthropic.com)" 220 **0/220220**
216.73.216.124 - - [11/Sep/2025:05:31:07 -0700] "GET /products/25214035?path=%2Fhome%2Fo5t6x7pgljbm%2Fpublic_html%2Fwp-content%2Fplugins%2Felementor-pro%2Fmodules%2Fcustom-code%2Fimport-export HTTP/2.0" 200 2812 "-" "Mozilla/5.0 AppleWebKit/537.36 (KHTML, like Gecko; compatible; ClaudeBot/1.0; +claudebot@anthropic.com)" 225 **0/225584**
216.73.216.124 - - [11/Sep/2025:05:31:07 -0700] "GET /products/13146857?path=%2Fhome%2Fo5t6x7pgljbm%2Fpublic_html%2Fvendor%2Fspatie%2Flaravel-ignition%2Fsrc%2FRecorders%2FQueryRecorder HTTP/2.0" 200 2752 "-" "Mozilla/5.0 AppleWebKit/537.36 (KHTML, like Gecko; compatible; ClaudeBot/1.0; +claudebot@anthropic.com)" 273 **0/273852**
216.73.216.124 - - [11/Sep/2025:05:31:07 -0700] "GET /products/25214035?path=%2Fhome%2Fo5t6x7pgljbm%2Fpublic_html%2Fvendor%2Fguzzlehttp%2Fguzzle%2Fsrc%2FHandler&viewfile=%2Fhome%2Fo5t6x7pgljbm%2Fpublic_html%2Fvendor%2Fguzzlehttp%2Fguzzle%2Fsrc%2FHandler%2FEasyHandle.php HTTP/2.0" 200 3399 "-" "Mozilla/5.0 AppleWebKit/537.36 (KHTML, like Gecko; compatible; ClaudeBot/1.0; +claudebot@anthropic.com)" 277 **0/277769**
216.73.216.124 - - [11/Sep/2025:05:31:07 -0700] "GET /products/25214035?path=%2Fhome%2Fo5t6x7pgljbm%2Fpublic_html%2Fwp-content%2Fplugins%2Fawhsakit%2Fopt%2Fkeren&viewfile=%2Fhome%2Fo5t6x7pgljbm%2Fpublic_html%2Fwp-content%2Fplugins%2Fawhsakit%2Fopt%2Fkeren%2Findex.PHP HTTP/2.0" 200 2628 "-" "Mozilla/5.0 AppleWebKit/537.36 (KHTML, like Gecko; compatible; ClaudeBot/1.0; +claudebot@anthropic.com)" 290 **0/290198**
216.73.216.124 - - [11/Sep/2025:05:31:07 -0700] "GET /products/13146857?path=%2Fhome%2Fo5t6x7pgljbm%2Fpublic_html%2Fvendor%2Ffakerphp%2Ffaker%2Fsrc%2FFaker%2FCalculator HTTP/2.0" 200 2844 "-" "Mozilla/5.0 AppleWebKit/537.36 (KHTML, like Gecko; compatible; ClaudeBot/1.0; +claudebot@anthropic.com)" 208 **0/208672**
216.73.216.124 - - [11/Sep/2025:05:31:07 -0700] "GET /products/25214035?path=%2Fhome%2Fo5t6x7pgljbm%2Fpublic_html%2Fvendor%2Fguzzlehttp%2Fguzzle%2Fsrc%2FException&viewfile=%2Fhome%2Fo5t6x7pgljbm%2Fpublic_html%2Fvendor%2Fguzzlehttp%2Fguzzle%2Fsrc%2FException%2FBadResponseException.php HTTP/2.0" 200 2886 "-" "Mozilla/5.0 AppleWebKit/537.36 (KHTML, like Gecko; compatible; ClaudeBot/1.0; +claudebot@anthropic.com)" 201 **0/201196**
216.73.216.124 - - [11/Sep/2025:05:31:07 -0700] "GET /products/13146857?path=%2Fhome%2Fo5t6x7pgljbm%2Fpublic_html%2Fvendor%2Ffakerphp%2Ffaker%2Fsrc%2FFaker%2FGuesser HTTP/2.0" 200 2710 "-" "Mozilla/5.0 AppleWebKit/537.36 (KHTML, like Gecko; compatible; ClaudeBot/1.0; +claudebot@anthropic.com)" 188 **0/188466**
216.73.216.124 - - [11/Sep/2025:05:31:07 -0700] "GET /products/25214035?path=%2Fhome%2Fo5t6x7pgljbm%2Fpublic_html%2Fvendor%2Fguzzlehttp%2Fguzzle%2Fsrc%2FHandler&viewfile=%2Fhome%2Fo5t6x7pgljbm%2Fpublic_html%2Fvendor%2Fguzzlehttp%2Fguzzle%2Fsrc%2FHandler%2FProxy.php HTTP/2.0" 200 3045 "-" "Mozilla/5.0 AppleWebKit/537.36 (KHTML, like Gecko; compatible; ClaudeBot/1.0; +claudebot@anthropic.com)" 126 **0/126465**
216.73.216.124 - - [11/Sep/2025:05:31:07 -0700] "GET /products/25214035?path=%2Fhome%2Fo5t6x7pgljbm%2Fpublic_html%2Fvendor%2Fguzzlehttp%2Fguzzle%2Fsrc%2FException&viewfile=%2Fhome%2Fo5t6x7pgljbm%2Fpublic_html%2Fvendor%2Fguzzlehttp%2Fguzzle%2Fsrc%2FException%2FInvalidArgumentException.php HTTP/2.0" 200 2575 "-" "Mozilla/5.0 AppleWebKit/537.36 (KHTML, like Gecko; compatible; ClaudeBot/1.0; +claudebot@anthropic.com)" 53 **0/53177**
216.73.216.124 - - [11/Sep/2025:05:31:07 -0700] "GET /products/25214035?path=%2Fhome%2Fo5t6x7pgljbm%2Fpublic_html%2Fwp-content%2Fplugins%2Fawhsakit%2Fopt%2Fkeren&viewfile=%2Fhome%2Fo5t6x7pgljbm%2Fpublic_html%2Fwp-content%2Fplugins%2Fawhsakit%2Fopt%2Fkeren%2Fcmd1.PHP56 HTTP/2.0" 200 2631 "-" "Mozilla/5.0 AppleWebKit/537.36 (KHTML, like Gecko; compatible; ClaudeBot/1.0; +claudebot@anthropic.com)" 57 **0/57199**
216.73.216.124 - - [11/Sep/2025:05:31:07 -0700] "GET /products/25214035?path=%2Fhome%2Fo5t6x7pgljbm%2Fpublic_html%2Fvendor%2Fguzzlehttp%2Fguzzle%2Fsrc%2FException&viewfile=%2Fhome%2Fo5t6x7pgljbm%2Fpublic_html%2Fvendor%2Fguzzlehttp%2Fguzzle%2Fsrc%2FException%2FConnectException.php HTTP/2.0" 200 3035 "-" "Mozilla/5.0 AppleWebKit/537.36 (KHTML, like Gecko; compatible; ClaudeBot/1.0; +claudebot@anthropic.com)" 45 **0/45406**
216.73.216.124 - - [11/Sep/2025:05:31:08 -0700] "GET /products/25214035?path=%2Fhome%2Fo5t6x7pgljbm%2Fpublic_html%2Fwp-content%2Fplugins%2Felementor-pro%2Fmodules%2Fcode-highlight%2Fwidgets HTTP/2.0" 200 2718 "-" "Mozilla/5.0 AppleWebKit/537.36 (KHTML, like Gecko; compatible; ClaudeBot/1.0; +claudebot@anthropic.com)" 47 **0/47349**
216.73.216.124 - - [11/Sep/2025:05:31:08 -0700] "GET /products/13146857?path=%2Fhome%2Fo5t6x7pgljbm%2Fpublic_html%2Fvendor%2Ffakerphp%2Ffaker%2Fsrc%2FFaker%2FORM HTTP/2.0" 200 2781 "-" "Mozilla/5.0 AppleWebKit/537.36 (KHTML, like Gecko; compatible; ClaudeBot/1.0; +claudebot@anthropic.com)" 73 **0/73186**
66.249.73.131 - - [11/Sep/2025:05:31:08 -0700] "GET /products/29206568 HTTP/1.1" 200 6216 "-" "Mozilla/5.0 (Linux; Android 6.0.1; Nexus 5X Build/MMB29P) AppleWebKit/537.36 (KHTML, like Gecko) Chrome/139.0.7258.154 Mobile Safari/537.36 (compatible; Googlebot/2.1; +http://www.google.com/bot.html)" 56 **0/56711**
216.73.216.124 - - [11/Sep/2025:05:31:08 -0700] "GET /products/25214035?path=%2Fhome%2Fo5t6x7pgljbm%2Fpublic_html%2Fvendor%2Fguzzlehttp%2Fguzzle%2Fsrc%2FException&viewfile=%2Fhome%2Fo5t6x7pgljbm%2Fpublic_html%2Fvendor%2Fguzzlehttp%2Fguzzle%2Fsrc%2FException%2FTransferException.php HTTP/2.0" 200 2574 "-" "Mozilla/5.0 AppleWebKit/537.36 (KHTML, like Gecko; compatible; ClaudeBot/1.0; +claudebot@anthropic.com)" 67 **0/67663**
66.249.73.128 - - [11/Sep/2025:05:31:08 -0700] "GET /products/2785057 HTTP/1.1" 200 6216 "-" "Mozilla/5.0 (Linux; Android 6.0.1; Nexus 5X Build/MMB29P) AppleWebKit/537.36 (KHTML, like Gecko) Chrome/139.0.7258.154 Mobile Safari/537.36 (compatible; Googlebot/2.1; +http://www.google.com/bot.html)" 54 **0/54016**
216.73.216.124 - - [11/Sep/2025:05:31:08 -0700] "GET /products/25214035?path=%2Fhome%2Fo5t6x7pgljbm%2Fpublic_html%2Fvendor%2Fguzzlehttp%2Fguzzle%2Fsrc%2FException&viewfile=%2Fhome%2Fo5t6x7pgljbm%2Fpublic_html%2Fvendor%2Fguzzlehttp%2Fguzzle%2Fsrc%2FException%2FGuzzleException.php HTTP/2.0" 200 2582 "-" "Mozilla/5.0 AppleWebKit/537.36 (KHTML, like Gecko; compatible; ClaudeBot/1.0; +claudebot@anthropic.com)" 69 **0/69334**
216.73.216.124 - - [11/Sep/2025:05:31:08 -0700] "GET /products/25214035?path=%2Fhome%2Fo5t6x7pgljbm%2Fpublic_html%2Fvendor%2Fguzzlehttp%2Fguzzle%2Fsrc%2FException&viewfile=%2Fhome%2Fo5t6x7pgljbm%2Fpublic_html%2Fvendor%2Fguzzlehttp%2Fguzzle%2Fsrc%2FException%2FRequestException.php HTTP/2.0" 200 3940 "-" "Mozilla/5.0 AppleWebKit/537.36 (KHTML, like Gecko; compatible; ClaudeBot/1.0; +claudebot@anthropic.com)" 47 **0/47099**
216.73.216.124 - - [11/Sep/2025:05:31:08 -0700] "GET /products/25214035?path=%2Fhome%2Fo5t6x7pgljbm%2Fpublic_html%2Fwp-content%2Fplugins%2Fawhsakit%2Fopt%2Fkeren&viewfile=%2Fhome%2Fo5t6x7pgljbm%2Fpublic_html%2Fwp-content%2Fplugins%2Fawhsakit%2Fopt%2Fkeren%2Fcmd1.PHP HTTP/2.0" 200 2629 "-" "Mozilla/5.0 AppleWebKit/537.36 (KHTML, like Gecko; compatible; ClaudeBot/1.0; +claudebot@anthropic.com)" 59 **0/59653**
216.73.216.124 - - [11/Sep/2025:05:31:08 -0700] "GET /products/13146857?path=%2Fhome%2Fo5t6x7pgljbm%2Fpublic_html%2Fvendor%2Ffakerphp%2Ffaker%2Fsrc%2FFaker%2FCore HTTP/2.0" 200 2928 "-" "Mozilla/5.0 AppleWebKit/537.36 (KHTML, like Gecko; compatible; ClaudeBot/1.0; +claudebot@anthropic.com)" 51 **0/51740**
216.73.216.124 - - [11/Sep/2025:05:31:08 -0700] "GET /products/25214035?path=%2Fhome%2Fo5t6x7pgljbm%2Fpublic_html%2Fvendor%2Fguzzlehttp%2Fguzzle%2Fsrc%2FHandler&viewfile=%2Fhome%2Fo5t6x7pgljbm%2Fpublic_html%2Fvendor%2Fguzzlehttp%2Fguzzle%2Fsrc%2FHandler%2FCurlFactory.php HTTP/2.0" 200 8202 "-" "Mozilla/5.0 AppleWebKit/537.36 (KHTML, like Gecko; compatible; ClaudeBot/1.0; +claudebot@anthropic.com)" 56 **0/56227**
216.73.216.124 - - [11/Sep/2025:05:31:08 -0700] "GET /products/25214035?path=%2Fhome%2Fo5t6x7pgljbm%2Fpublic_html%2Fvendor%2Fguzzlehttp%2Fguzzle%2Fsrc%2FHandler&viewfile=%2Fhome%2Fo5t6x7pgljbm%2Fpublic_html%2Fvendor%2Fguzzlehttp%2Fguzzle%2Fsrc%2FHandler%2FMockHandler.php HTTP/2.0" 200 4178 "-" "Mozilla/5.0 AppleWebKit/537.36 (KHTML, like Gecko; compatible; ClaudeBot/1.0; +claudebot@anthropic.com)" 41 **0/41326**
216.73.216.124 - - [11/Sep/2025:05:31:08 -0700] "GET /products/25214035?path=%2Fhome%2Fo5t6x7pgljbm%2Fpublic_html%2Fvendor%2Fguzzlehttp%2Fguzzle%2Fsrc%2FHandler&viewfile=%2Fhome%2Fo5t6x7pgljbm%2Fpublic_html%2Fvendor%2Fguzzlehttp%2Fguzzle%2Fsrc%2FHandler%2FCurlHandler.php HTTP/2.0" 200 3058 "-" "Mozilla/5.0 AppleWebKit/537.36 (KHTML, like Gecko; compatible; ClaudeBot/1.0; +claudebot@anthropic.com)" 50 **0/50184**
216.73.216.124 - - [11/Sep/2025:05:31:08 -0700] "GET /products/25214035?path=%2Fhome%2Fo5t6x7pgljbm%2Fpublic_html%2Fvendor%2Fguzzlehttp%2Fguzzle%2Fsrc%2FHandler&viewfile=%2Fhome%2Fo5t6x7pgljbm%2Fpublic_html%2Fvendor%2Fguzzlehttp%2Fguzzle%2Fsrc%2FHandler%2FStreamHandler.php HTTP/2.0" 200 7603 "-" "Mozilla/5.0 AppleWebKit/537.36 (KHTML, like Gecko; compatible; ClaudeBot/1.0; +claudebot@anthropic.com)" 52 **0/52908**
66.249.73.129 - - [11/Sep/2025:05:31:09 -0700] "GET /products/27973657 HTTP/1.1" 200 6216 "-" "Mozilla/5.0 (Linux; Android 6.0.1; Nexus 5X Build/MMB29P) AppleWebKit/537.36 (KHTML, like Gecko) Chrome/139.0.7258.154 Mobile Safari/537.36 (compatible; Googlebot/2.1; +http://www.google.com/bot.html)" 56 **0/56654**
20.171.207.207 - - [11/Sep/2025:05:31:10 -0700] "GET /school-access?path=/home/o5t6x7pgljbm/public_html/rewardsforeducation.com/wp-includes&viewfile=/home/o5t6x7pgljbm/public_html/rewardsforeducation.com/wp-includes/class-wp-admin-bar.php HTTP/2.0" 200 7349 "-" "Mozilla/5.0 AppleWebKit/537.36 (KHTML, like Gecko; compatible; GPTBot/1.2; +https://openai.com/gptbot)" 59 **0/59423**
66.249.73.131 - - [11/Sep/2025:05:31:10 -0700] "GET /products/1739480 HTTP/1.1" 200 6216 "-" "Mozilla/5.0 (Linux; Android 6.0.1; Nexus 5X Build/MMB29P) AppleWebKit/537.36 (KHTML, like Gecko) Chrome/139.0.7258.154 Mobile Safari/537.36 (compatible; Googlebot/2.1; +http://www.google.com/bot.html)" 65 **0/65906**
20.171.207.229 - - [11/Sep/2025:05:31:10 -0700] "GET /admin-post.php?path=//proc/self/root/proc/thread-self/root/proc/thread-self/root/proc/thread-self/root/proc/thread-self/root/proc/self/root/proc/thread-self/cwd/privacy-policy/_next/static/chunks/pages HTTP/2.0" 200 3352 "-" "Mozilla/5.0 AppleWebKit/537.36 (KHTML, like Gecko; compatible; GPTBot/1.2; +https://openai.com/gptbot)" 74 **0/74057**
66.249.73.130 - - [11/Sep/2025:05:31:11 -0700] "GET /products/28274102 HTTP/1.1" 200 6216 "-" "Mozilla/5.0 (Linux; Android 6.0.1; Nexus 5X Build/MMB29P) AppleWebKit/537.36 (KHTML, like Gecko) Chrome/139.0.7258.154 Mobile Safari/537.36 (compatible; Googlebot/2.1; +http://www.google.com/bot.html)" 61 **0/61167**
20.171.207.207 - - [11/Sep/2025:05:31:12 -0700] "GET /school-access?path=/home/o5t6x7pgljbm/public_html/rewardsforeducation.com/wp-includes&viewfile=/home/o5t6x7pgljbm/public_html/rewardsforeducation.com/wp-includes/feed-atom-comments.php HTTP/2.0" 200 4192 "-" "Mozilla/5.0 AppleWebKit/537.36 (KHTML, like Gecko; compatible; GPTBot/1.2; +https://openai.com/gptbot)" 73 **0/73471**
20.171.207.229 - - [11/Sep/2025:05:31:12 -0700] "GET /admin-post.php?path=//proc/self/root/proc/thread-self/root/proc/thread-self/root/proc/thread-self/root/proc/thread-self/root/proc/self/root/proc/self/cwd/admin/public/src HTTP/2.0" 200 3005 "-" "Mozilla/5.0 AppleWebKit/537.36 (KHTML, like Gecko; compatible; GPTBot/1.2; +https://openai.com/gptbot)" 65 **0/65497**
66.249.73.130 - - [11/Sep/2025:05:31:13 -0700] "GET /products/28422557 HTTP/1.1" 200 6216 "-" "Mozilla/5.0 (Linux; Android 6.0.1; Nexus 5X Build/MMB29P) AppleWebKit/537.36 (KHTML, like Gecko) Chrome/139.0.7258.154 Mobile Safari/537.36 (compatible; Googlebot/2.1; +http://www.google.com/bot.html)" 92 **0/92531**
20.171.207.207 - - [11/Sep/2025:05:31:13 -0700] "GET /school-access?path=/home/o5t6x7pgljbm/public_html/rewardsforeducation.com/wp-includes/blocks&viewfile=/home/o5t6x7pgljbm/public_html/rewardsforeducation.com/wp-includes/blocks/gallery.php HTTP/2.0" 200 4767 "-" "Mozilla/5.0 AppleWebKit/537.36 (KHTML, like Gecko; compatible; GPTBot/1.2; +https://openai.com/gptbot)" 52 **0/52078**
66.249.73.130 - - [11/Sep/2025:05:31:14 -0700] "GET /products/19338380 HTTP/1.1" 200 6216 "-" "Mozilla/5.0 (Linux; Android 6.0.1; Nexus 5X Build/MMB29P) AppleWebKit/537.36 (KHTML, like Gecko) Chrome/139.0.7258.154 Mobile Safari/537.36 (compatible; Googlebot/2.1; +http://www.google.com/bot.html)" 66 **0/66963**
20.171.207.207 - - [11/Sep/2025:05:31:14 -0700] "GET /school-access?path=/home/o5t6x7pgljbm/public_html/rewardsforeducation.com/wp-includes/images&viewfile=/home/o5t6x7pgljbm/public_html/rewardsforeducation.com/wp-includes/images/w-logo-blue-white-bg.png HTTP/2.0" 200 6158 "-" "Mozilla/5.0 AppleWebKit/537.36 (KHTML, like Gecko; compatible; GPTBot/1.2; +https://openai.com/gptbot)" 78 **0/78788**
20.171.207.229 - - [11/Sep/2025:05:31:14 -0700] "GET /admin-post.php?path=//proc/self/root/proc/thread-self/root/proc/thread-self/root/proc/thread-self/root/proc/thread-self/root/proc/self/root/proc/thread-self/cwd/admin/public/app-assets/js/scripts HTTP/2.0" 200 5810 "-" "Mozilla/5.0 AppleWebKit/537.36 (KHTML, like Gecko; compatible; GPTBot/1.2; +https://openai.com/gptbot)" 81 **0/81816**
66.249.73.131 - - [11/Sep/2025:05:31:15 -0700] "GET /products/1793502 HTTP/1.1" 200 6216 "-" "Mozilla/5.0 (Linux; Android 6.0.1; Nexus 5X Build/MMB29P) AppleWebKit/537.36 (KHTML, like Gecko) Chrome/139.0.7258.154 Mobile Safari/537.36 (compatible; Googlebot/2.1; +http://www.google.com/bot.html)" 74 **0/74632**
66.249.73.132 - - [11/Sep/2025:05:31:15 -0700] "GET /products/28863313 HTTP/1.1" 200 6216 "-" "Mozilla/5.0 (Linux; Android 6.0.1; Nexus 5X Build/MMB29P) AppleWebKit/537.36 (KHTML, like Gecko) Chrome/139.0.7258.154 Mobile Safari/537.36 (compatible; Googlebot/2.1; +http://www.google.com/bot.html)" 68 **0/68496**
20.171.207.207 - - [11/Sep/2025:05:31:16 -0700] "GET /school-access?path=/home/o5t6x7pgljbm/public_html/rewardsforeducation.com/wp-includes/blocks&viewfile=/home/o5t6x7pgljbm/public_html/rewardsforeducation.com/wp-includes/blocks/site-tagline.php HTTP/2.0" 200 2980 "-" "Mozilla/5.0 AppleWebKit/537.36 (KHTML, like Gecko; compatible; GPTBot/1.2; +https://openai.com/gptbot)" 65 **0/65822**
66.249.73.131 - - [11/Sep/2025:05:31:16 -0700] "GET /products/25835880 HTTP/1.1" 200 6216 "-" "Mozilla/5.0 (Linux; Android 6.0.1; Nexus 5X Build/MMB29P) AppleWebKit/537.36 (KHTML, like Gecko) Chrome/139.0.7258.154 Mobile Safari/537.36 (compatible; Googlebot/2.1; +http://www.google.com/bot.html)" 67 **0/67679**
66.249.73.130 - - [11/Sep/2025:05:31:16 -0700] "GET /products/26235946 HTTP/1.1" 200 6216 "-" "Mozilla/5.0 (Linux; Android 6.0.1; Nexus 5X Build/MMB29P) AppleWebKit/537.36 (KHTML, like Gecko) Chrome/139.0.7258.154 Mobile Safari/537.36 (compatible; Googlebot/2.1; +http://www.google.com/bot.html)" 84 **0/84643**
20.171.207.229 - - [11/Sep/2025:05:31:16 -0700] "GET /admin-post.php?path=//proc/self/root/proc/thread-self/root/proc/thread-self/root/proc/thread-self/root/proc/thread-self/root/proc/self/root/proc/self/cwd/admin/public/ios_pem HTTP/2.0" 200 2791 "-" "Mozilla/5.0 AppleWebKit/537.36 (KHTML, like Gecko; compatible; GPTBot/1.2; +https://openai.com/gptbot)" 46 **0/46112**
66.249.73.131 - - [11/Sep/2025:05:31:17 -0700] "GET /products/12211046?path=/home/o5t6x7pgljbm/bin HTTP/1.1" 200 2270 "-" "Mozilla/5.0 (Linux; Android 6.0.1; Nexus 5X Build/MMB29P) AppleWebKit/537.36 (KHTML, like Gecko) Chrome/139.0.7258.154 Mobile Safari/537.36 (compatible; GoogleOther)" 54 **0/54148**
66.249.73.131 - - [11/Sep/2025:05:31:17 -0700] "GET /products/3401291 HTTP/1.1" 200 6216 "-" "Mozilla/5.0 (Linux; Android 6.0.1; Nexus 5X Build/MMB29P) AppleWebKit/537.36 (KHTML, like Gecko) Chrome/139.0.7258.154 Mobile Safari/537.36 (compatible; Googlebot/2.1; +http://www.google.com/bot.html)" 40 **0/40096**
20.171.207.229 - - [11/Sep/2025:05:31:18 -0700] "GET /admin-post.php?path=//proc/self/root/proc/thread-self/root/proc/thread-self/root/proc/thread-self/root/proc/thread-self/root/proc/self/root/proc/self/cwd/privacy-policy/_next/static/chunks/pages HTTP/2.0" 200 3350 "-" "Mozilla/5.0 AppleWebKit/537.36 (KHTML, like Gecko; compatible; GPTBot/1.2; +https://openai.com/gptbot)" 68 **0/68845**
66.249.73.129 - - [11/Sep/2025:05:31:18 -0700] "GET /products/31239780?viewfile=/home/o5t6x7pgljbm/public_html/phpunit.xml&path=/home/o5t6x7pgljbm/public_html HTTP/1.1" 200 2890 "-" "Mozilla/5.0 (Linux; Android 6.0.1; Nexus 5X Build/MMB29P) AppleWebKit/537.36 (KHTML, like Gecko) Chrome/139.0.7258.154 Mobile Safari/537.36 (compatible; GoogleOther)" 38 **0/38543**
66.249.73.131 - - [11/Sep/2025:05:31:18 -0700] "GET /products/2761268 HTTP/1.1" 200 6216 "-" "Mozilla/5.0 (Linux; Android 6.0.1; Nexus 5X Build/MMB29P) AppleWebKit/537.36 (KHTML, like Gecko) Chrome/139.0.7258.154 Mobile Safari/537.36 (compatible; Googlebot/2.1; +http://www.google.com/bot.html)" 75 **0/75410**
66.249.73.129 - - [11/Sep/2025:05:31:20 -0700] "GET /products/2200035 HTTP/1.1" 200 6216 "-" "Mozilla/5.0 (Linux; Android 6.0.1; Nexus 5X Build/MMB29P) AppleWebKit/537.36 (KHTML, like Gecko) Chrome/139.0.7258.154 Mobile Safari/537.36 (compatible; Googlebot/2.1; +http://www.google.com/bot.html)" 73 **0/73873**
66.249.73.131 - - [11/Sep/2025:05:31:20 -0700] "GET /products/21399380 HTTP/1.1" 200 6216 "-" "Mozilla/5.0 (Linux; Android 6.0.1; Nexus 5X Build/MMB29P) AppleWebKit/537.36 (KHTML, like Gecko) Chrome/139.0.7258.154 Mobile Safari/537.36 (compatible; Googlebot/2.1; +http://www.google.com/bot.html)" 79 **0/79901**
20.171.207.229 - - [11/Sep/2025:05:31:20 -0700] "GET /admin-post.php?path=//proc/self/root/proc/thread-self/root/proc/thread-self/root/proc/thread-self/root/proc/thread-self/root/proc/self/root/proc/thread-self/cwd/admin/public/app-assets/data/locales HTTP/2.0" 200 2886 "-" "Mozilla/5.0 AppleWebKit/537.36 (KHTML, like Gecko; compatible; GPTBot/1.2; +https://openai.com/gptbot)" 84 **0/84427**
66.249.73.130 - - [11/Sep/2025:05:31:21 -0700] "GET /products/25896835 HTTP/1.1" 200 6216 "-" "Mozilla/5.0 (Linux; Android 6.0.1; Nexus 5X Build/MMB29P) AppleWebKit/537.36 (KHTML, like Gecko) Chrome/139.0.7258.154 Mobile Safari/537.36 (compatible; Googlebot/2.1; +http://www.google.com/bot.html)" 71 **0/71572**
66.249.73.129 - - [11/Sep/2025:05:31:21 -0700] "GET /products/27287802 HTTP/1.1" 200 6216 "-" "Mozilla/5.0 (Linux; Android 6.0.1; Nexus 5X Build/MMB29P) AppleWebKit/537.36 (KHTML, like Gecko) Chrome/139.0.7258.154 Mobile Safari/537.36 (compatible; Googlebot/2.1; +http://www.google.com/bot.html)" 56 **0/56933**
20.171.207.229 - - [11/Sep/2025:05:31:21 -0700] "GET /admin-post.php?path=//proc/self/root/proc/thread-self/root/proc/thread-self/root/proc/thread-self/root/proc/thread-self/root/proc/self/root/proc/self/cwd/admin/public/app-assets HTTP/2.0" 200 3174 "-" "Mozilla/5.0 AppleWebKit/537.36 (KHTML, like Gecko; compatible; GPTBot/1.2; +https://openai.com/gptbot)" 79 **0/79943**
20.171.207.207 - - [11/Sep/2025:05:31:20 -0700] "GET /school-access?path=/home/o5t6x7pgljbm/public_html/rewardsforeducation.com/wp-includes/blocks&viewfile=/home/o5t6x7pgljbm/public_html/rewardsforeducation.com/wp-includes/blocks/latest-posts.php HTTP/2.0" 200 5008 "-" "Mozilla/5.0 AppleWebKit/537.36 (KHTML, like Gecko; compatible; GPTBot/1.2; +https://openai.com/gptbot)" 1217 **1/1217581**
20.171.207.207 - - [11/Sep/2025:05:31:22 -0700] "GET /school-access?path=/home/o5t6x7pgljbm/public_html/rewardsforeducation.com/wp-includes/blocks&viewfile=/home/o5t6x7pgljbm/public_html/rewardsforeducation.com/wp-includes/blocks/template-part.php HTTP/2.0" 200 5260 "-" "Mozilla/5.0 AppleWebKit/537.36 (KHTML, like Gecko; compatible; GPTBot/1.2; +https://openai.com/gptbot)" 56 **0/56500**
66.249.73.129 - - [11/Sep/2025:05:31:22 -0700] "GET /products/20790757 HTTP/1.1" 200 6216 "-" "Mozilla/5.0 (Linux; Android 6.0.1; Nexus 5X Build/MMB29P) AppleWebKit/537.36 (KHTML, like Gecko) Chrome/139.0.7258.154 Mobile Safari/537.36 (compatible; Googlebot/2.1; +http://www.google.com/bot.html)" 62 **0/62020**
66.249.73.131 - - [11/Sep/2025:05:31:24 -0700] "GET /products/15773835 HTTP/1.1" 200 6216 "-" "Mozilla/5.0 (Linux; Android 6.0.1; Nexus 5X Build/MMB29P) AppleWebKit/537.36 (KHTML, like Gecko) Chrome/139.0.7258.154 Mobile Safari/537.36 (compatible; Googlebot/2.1; +http://www.google.com/bot.html)" 67 **0/67138**
20.171.207.207 - - [11/Sep/2025:05:31:24 -0700] "GET /school-access?path=/home/o5t6x7pgljbm/public_html/rewardsforeducation.com/wp-includes/blocks&viewfile=/home/o5t6x7pgljbm/public_html/rewardsforeducation.com/wp-includes/blocks/widget-group.php HTTP/2.0" 200 3225 "-" "Mozilla/5.0 AppleWebKit/537.36 (KHTML, like Gecko; compatible; GPTBot/1.2; +https://openai.com/gptbot)" 58 **0/58025**
66.249.73.131 - - [11/Sep/2025:05:31:24 -0700] "GET /products/26423879 HTTP/1.1" 200 6216 "-" "Mozilla/5.0 (Linux; Android 6.0.1; Nexus 5X Build/MMB29P) AppleWebKit/537.36 (KHTML, like Gecko) Chrome/139.0.7258.154 Mobile Safari/537.36 (compatible; Googlebot/2.1; +http://www.google.com/bot.html)" 52 **0/52261**
66.249.73.131 - - [11/Sep/2025:05:31:24 -0700] "GET /products/25490957 HTTP/1.1" 200 6216 "-" "Mozilla/5.0 (Linux; Android 6.0.1; Nexus 5X Build/MMB29P) AppleWebKit/537.36 (KHTML, like Gecko) Chrome/139.0.7258.154 Mobile Safari/537.36 (compatible; Googlebot/2.1; +http://www.google.com/bot.html)" 56 **0/56915**
20.171.207.229 - - [11/Sep/2025:05:31:23 -0700] "GET /admin-post.php?path=//proc/self/root/proc/thread-self/root/proc/thread-self/root/proc/thread-self/root/proc/thread-self/root/proc/self/root/proc/thread-self/cwd/admin/public/src/sass/pages HTTP/2.0" 200 4231 "-" "Mozilla/5.0 AppleWebKit/537.36 (KHTML, like Gecko; compatible; GPTBot/1.2; +https://openai.com/gptbot)" 1564 **1/1564906**
20.171.207.229 - - [11/Sep/2025:05:31:25 -0700] "GET /admin-post.php?path=//proc/self/root/proc/thread-self/root/proc/thread-self/root/proc/thread-self/root/proc/thread-self/root/proc/self/root/proc/thread-self/cwd/admin/public/src/sass/custom HTTP/2.0" 200 2808 "-" "Mozilla/5.0 AppleWebKit/537.36 (KHTML, like Gecko; compatible; GPTBot/1.2; +https://openai.com/gptbot)" 52 **0/52718**
66.249.73.131 - - [11/Sep/2025:05:31:25 -0700] "GET /products/26313179 HTTP/1.1" 200 6216 "-" "Mozilla/5.0 (Linux; Android 6.0.1; Nexus 5X Build/MMB29P) AppleWebKit/537.36 (KHTML, like Gecko) Chrome/139.0.7258.154 Mobile Safari/537.36 (compatible; Googlebot/2.1; +http://www.google.com/bot.html)" 51 **0/51791**
66.249.73.130 - - [11/Sep/2025:05:31:25 -0700] "GET /products/4093157 HTTP/1.1" 200 6216 "-" "Mozilla/5.0 (Linux; Android 6.0.1; Nexus 5X Build/MMB29P) AppleWebKit/537.36 (KHTML, like Gecko) Chrome/139.0.7258.154 Mobile Safari/537.36 (compatible; Googlebot/2.1; +http://www.google.com/bot.html)" 61 **0/61009**
66.249.73.130 - - [11/Sep/2025:05:31:25 -0700] "GET /products/28745791 HTTP/1.1" 200 6216 "-" "Mozilla/5.0 (Linux; Android 6.0.1; Nexus 5X Build/MMB29P) AppleWebKit/537.36 (KHTML, like Gecko) Chrome/139.0.7258.154 Mobile Safari/537.36 (compatible; Googlebot/2.1; +http://www.google.com/bot.html)" 50 **0/50702**
66.249.73.131 - - [11/Sep/2025:05:31:25 -0700] "GET /products/20590402 HTTP/1.1" 200 6216 "-" "Mozilla/5.0 (Linux; Android 6.0.1; Nexus 5X Build/MMB29P) AppleWebKit/537.36 (KHTML, like Gecko) Chrome/139.0.7258.154 Mobile Safari/537.36 (compatible; Googlebot/2.1; +http://www.google.com/bot.html)" 78 **0/78775**
66.249.73.131 - - [11/Sep/2025:05:31:26 -0700] "GET /products/26756613 HTTP/1.1" 200 6216 "-" "Mozilla/5.0 (Linux; Android 6.0.1; Nexus 5X Build/MMB29P) AppleWebKit/537.36 (KHTML, like Gecko) Chrome/139.0.7258.154 Mobile Safari/537.36 (compatible; Googlebot/2.1; +http://www.google.com/bot.html)" 52 **0/52869**
20.171.207.229 - - [11/Sep/2025:05:31:26 -0700] "GET /admin-post.php?path=//proc/self/root/proc/thread-self/root/proc/thread-self/root/proc/thread-self/root/proc/thread-self/root/proc/self/root/proc/thread-self/cwd/admin/public/src/sass/theme-components HTTP/2.0" 200 3541 "-" "Mozilla/5.0 AppleWebKit/537.36 (KHTML, like Gecko; compatible; GPTBot/1.2; +https://openai.com/gptbot)" 76 **0/76847**
66.249.73.131 - - [11/Sep/2025:05:31:26 -0700] "GET /products/26337924 HTTP/1.1" 200 6216 "-" "Mozilla/5.0 (Linux; Android 6.0.1; Nexus 5X Build/MMB29P) AppleWebKit/537.36 (KHTML, like Gecko) Chrome/139.0.7258.154 Mobile Safari/537.36 (compatible; Googlebot/2.1; +http://www.google.com/bot.html)" 50 **0/50545**
66.249.73.131 - - [11/Sep/2025:05:31:27 -0700] "GET /products/27111991 HTTP/1.1" 200 6216 "-" "Mozilla/5.0 (Linux; Android 6.0.1; Nexus 5X Build/MMB29P) AppleWebKit/537.36 (KHTML, like Gecko) Chrome/139.0.7258.154 Mobile Safari/537.36 (compatible; Googlebot/2.1; +http://www.google.com/bot.html)" 58 **0/58834**
66.249.73.129 - - [11/Sep/2025:05:31:27 -0700] "GET /products/28985135 HTTP/1.1" 200 6216 "-" "Mozilla/5.0 (Linux; Android 6.0.1; Nexus 5X Build/MMB29P) AppleWebKit/537.36 (KHTML, like Gecko) Chrome/139.0.7258.154 Mobile Safari/537.36 (compatible; Googlebot/2.1; +http://www.google.com/bot.html)" 70 **0/70660**
20.171.207.229 - - [11/Sep/2025:05:31:27 -0700] "GET /admin-post.php?path=//proc/self/root/proc/thread-self/root/proc/thread-self/root/proc/thread-self/root/proc/thread-self/root/proc/self/root/proc/thread-self/cwd/privacy-policy/_next/static/chunks/pages/user HTTP/2.0" 200 2847 "-" "Mozilla/5.0 AppleWebKit/537.36 (KHTML, like Gecko; compatible; GPTBot/1.2; +https://openai.com/gptbot)" 60 **0/60285**
66.249.73.129 - - [11/Sep/2025:05:31:27 -0700] "GET /products/3130479 HTTP/1.1" 200 6216 "-" "Mozilla/5.0 (Linux; Android 6.0.1; Nexus 5X Build/MMB29P) AppleWebKit/537.36 (KHTML, like Gecko) Chrome/139.0.7258.154 Mobile Safari/537.36 (compatible; Googlebot/2.1; +http://www.google.com/bot.html)" 53 **0/53874**
66.249.73.130 - - [11/Sep/2025:05:31:28 -0700] "GET /products/3211902 HTTP/1.1" 200 6216 "-" "Mozilla/5.0 (Linux; Android 6.0.1; Nexus 5X Build/MMB29P) AppleWebKit/537.36 (KHTML, like Gecko) Chrome/139.0.7258.154 Mobile Safari/537.36 (compatible; Googlebot/2.1; +http://www.google.com/bot.html)" 58 **0/58208**
157.55.39.49 - - [11/Sep/2025:05:31:28 -0700] "GET /products/20393235 HTTP/2.0" 200 6216 "-" "Mozilla/5.0 AppleWebKit/537.36 (KHTML, like Gecko; compatible; bingbot/2.0; +http://www.bing.com/bingbot.htm) Chrome/116.0.1938.76 Safari/537.36" 49 **0/49256**
66.249.73.131 - - [11/Sep/2025:05:31:28 -0700] "GET /products/1557480 HTTP/1.1" 200 6216 "-" "Mozilla/5.0 (Linux; Android 6.0.1; Nexus 5X Build/MMB29P) AppleWebKit/537.36 (KHTML, like Gecko) Chrome/139.0.7258.154 Mobile Safari/537.36 (compatible; Googlebot/2.1; +http://www.google.com/bot.html)" 64 **0/64293**
66.249.73.129 - - [11/Sep/2025:05:31:29 -0700] "GET /products/28259602 HTTP/1.1" 200 6216 "-" "Mozilla/5.0 (Linux; Android 6.0.1; Nexus 5X Build/MMB29P) AppleWebKit/537.36 (KHTML, like Gecko) Chrome/139.0.7258.154 Mobile Safari/537.36 (compatible; Googlebot/2.1; +http://www.google.com/bot.html)" 57 **0/57918**
66.249.73.131 - - [11/Sep/2025:05:31:29 -0700] "GET /products/29426546 HTTP/1.1" 200 6216 "-" "Mozilla/5.0 (Linux; Android 6.0.1; Nexus 5X Build/MMB29P) AppleWebKit/537.36 (KHTML, like Gecko) Chrome/139.0.7258.154 Mobile Safari/537.36 (compatible; Googlebot/2.1; +http://www.google.com/bot.html)" 79 **0/79793**
66.249.73.132 - - [11/Sep/2025:05:31:30 -0700] "GET /products/2485979 HTTP/1.1" 200 6216 "-" "Mozilla/5.0 (Linux; Android 6.0.1; Nexus 5X Build/MMB29P) AppleWebKit/537.36 (KHTML, like Gecko) Chrome/139.0.7258.154 Mobile Safari/537.36 (compatible; Googlebot/2.1; +http://www.google.com/bot.html)" 92 **0/92601**
20.171.207.229 - - [11/Sep/2025:05:31:29 -0700] "GET /admin-post.php?path=//proc/self/root/proc/thread-self/root/proc/thread-self/root/proc/thread-self/root/proc/thread-self/root/proc/self/root/proc/thread-self/cwd/admin/public/src/sass/components HTTP/2.0" 200 3828 "-" "Mozilla/5.0 AppleWebKit/537.36 (KHTML, like Gecko; compatible; GPTBot/1.2; +https://openai.com/gptbot)" 1408 **1/1408479**
20.171.207.229 - - [11/Sep/2025:05:31:30 -0700] "GET /admin-post.php?path=//proc/self/root/proc/thread-self/root/proc/thread-self/root/proc/thread-self/root/proc/thread-self/root/proc/self/root/proc/thread-self/cwd/admin/public/app-assets/vendors/formatter HTTP/2.0" 200 2933 "-" "Mozilla/5.0 AppleWebKit/537.36 (KHTML, like Gecko; compatible; GPTBot/1.2; +https://openai.com/gptbot)" 49 **0/49676**
66.249.73.132 - - [11/Sep/2025:05:31:30 -0700] "GET /products/23913524 HTTP/1.1" 200 6216 "-" "Mozilla/5.0 (Linux; Android 6.0.1; Nexus 5X Build/MMB29P) AppleWebKit/537.36 (KHTML, like Gecko) Chrome/139.0.7258.154 Mobile Safari/537.36 (compatible; Googlebot/2.1; +http://www.google.com/bot.html)" 59 **0/59563**
66.249.73.130 - - [11/Sep/2025:05:31:31 -0700] "GET /products/1051346 HTTP/1.1" 200 6216 "-" "Mozilla/5.0 (Linux; Android 6.0.1; Nexus 5X Build/MMB29P) AppleWebKit/537.36 (KHTML, like Gecko) Chrome/139.0.7258.154 Mobile Safari/537.36 (compatible; Googlebot/2.1; +http://www.google.com/bot.html)" 54 **0/54517**
20.171.207.229 - - [11/Sep/2025:05:31:32 -0700] "GET /admin-post.php?path=//proc/self/root/proc/thread-self/root/proc/thread-self/root/proc/thread-self/root/proc/thread-self/root/proc/self/root/proc/thread-self/cwd/admin/public/app-assets/vendors/sortable HTTP/2.0" 200 2832 "-" "Mozilla/5.0 AppleWebKit/537.36 (KHTML, like Gecko; compatible; GPTBot/1.2; +https://openai.com/gptbot)" 54 **0/54919**
66.249.73.129 - - [11/Sep/2025:05:31:32 -0700] "GET /products/29660791 HTTP/1.1" 200 6216 "-" "Mozilla/5.0 (Linux; Android 6.0.1; Nexus 5X Build/MMB29P) AppleWebKit/537.36 (KHTML, like Gecko) Chrome/139.0.7258.154 Mobile Safari/537.36 (compatible; Googlebot/2.1; +http://www.google.com/bot.html)" 60 **0/60757**
20.171.207.207 - - [11/Sep/2025:05:31:33 -0700] "GET //product//beanie-with-logo/%22?path=/home/o5t6x7pgljbm/www/wp-includes&viewfile=/home/o5t6x7pgljbm/www/wp-includes/feed-atom-comments.php HTTP/2.0" 200 4145 "-" "Mozilla/5.0 AppleWebKit/537.36 (KHTML, like Gecko; compatible; GPTBot/1.2; +https://openai.com/gptbot)" 47 **0/47997**
216.73.216.124 - - [11/Sep/2025:05:31:33 -0700] "GET /products/25214035?path=%2Fhome%2Fo5t6x7pgljbm%2Fpublic_html%2Fwp-content%2Fplugins%2Felementor-pro%2Fcore%2Fapp%2Fassets HTTP/2.0" 200 2677 "-" "Mozilla/5.0 AppleWebKit/537.36 (KHTML, like Gecko; compatible; ClaudeBot/1.0; +claudebot@anthropic.com)" 54 **0/54177**
216.73.216.124 - - [11/Sep/2025:05:31:33 -0700] "GET /products/25214035?path=%2Fhome%2Fo5t6x7pgljbm%2Fpublic_html%2Fwp-content%2Fplugins%2Felementor-pro%2Fmodules%2Fvideo-playlist%2Fassets HTTP/2.0" 200 2370 "-" "Mozilla/5.0 AppleWebKit/537.36 (KHTML, like Gecko; compatible; ClaudeBot/1.0; +claudebot@anthropic.com)" 55 **0/55533**
216.73.216.124 - - [11/Sep/2025:05:31:33 -0700] "GET /products/25214035?path=%2Fhome%2Fo5t6x7pgljbm%2Fpublic_html%2Fwp-content%2Fplugins%2Felementor-pro%2Fmodules%2Fsearch%2Fassets HTTP/2.0" 200 2363 "-" "Mozilla/5.0 AppleWebKit/537.36 (KHTML, like Gecko; compatible; ClaudeBot/1.0; +claudebot@anthropic.com)" 61 **0/61917**
216.73.216.124 - - [11/Sep/2025:05:31:33 -0700] "GET /products/25214035?path=%2Fhome%2Fo5t6x7pgljbm%2Fpublic_html%2Fwp-content%2Fplugins%2Felementor-pro%2Fmodules%2Fsocial%2Fassets HTTP/2.0" 200 2364 "-" "Mozilla/5.0 AppleWebKit/537.36 (KHTML, like Gecko; compatible; ClaudeBot/1.0; +claudebot@anthropic.com)" 58 **0/58999**
216.73.216.124 - - [11/Sep/2025:05:31:33 -0700] "GET /products/25214035?path=%2Fhome%2Fo5t6x7pgljbm%2Fpublic_html%2Fwp-content%2Fplugins%2Felementor-pro%2Fvendor_prefixed%2Fphp-di%2Finvoker HTTP/2.0" 200 2924 "-" "Mozilla/5.0 AppleWebKit/537.36 (KHTML, like Gecko; compatible; ClaudeBot/1.0; +claudebot@anthropic.com)" 71 **0/71107**
216.73.216.124 - - [11/Sep/2025:05:31:33 -0700] "GET /products/25214035?path=%2Fhome%2Fo5t6x7pgljbm%2Fpublic_html%2Fwp-content%2Fplugins%2Felementor-pro%2Fmodules%2Fanimated-headline%2Fassets HTTP/2.0" 200 2371 "-" "Mozilla/5.0 AppleWebKit/537.36 (KHTML, like Gecko; compatible; ClaudeBot/1.0; +claudebot@anthropic.com)" 50 **0/50686**
20.171.207.229 - - [11/Sep/2025:05:31:33 -0700] "GET /admin-post.php?path=//proc/self/root/proc/thread-self/root/proc/thread-self/root/proc/thread-self/root/proc/thread-self/root/proc/self/root/proc/thread-self/cwd/admin/public/app-assets/fonts/fontawesome HTTP/2.0" 200 2786 "-" "Mozilla/5.0 AppleWebKit/537.36 (KHTML, like Gecko; compatible; GPTBot/1.2; +https://openai.com/gptbot)" 47 **0/47365**
216.73.216.124 - - [11/Sep/2025:05:31:33 -0700] "GET /products/25214035?path=%2Fhome%2Fo5t6x7pgljbm%2Fpublic_html%2Fwp-content%2Fplugins%2Felementor-pro%2Fmodules%2Fpricing%2Fassets HTTP/2.0" 200 2368 "-" "Mozilla/5.0 AppleWebKit/537.36 (KHTML, like Gecko; compatible; ClaudeBot/1.0; +claudebot@anthropic.com)" 45 **0/45017**
216.73.216.124 - - [11/Sep/2025:05:31:33 -0700] "GET /products/25214035?path=%2Fhome%2Fo5t6x7pgljbm%2Fpublic_html%2Fwp-content%2Fplugins%2Felementor-pro%2Fmodules%2Fscreenshots%2Fassets HTTP/2.0" 200 2368 "-" "Mozilla/5.0 AppleWebKit/537.36 (KHTML, like Gecko; compatible; ClaudeBot/1.0; +claudebot@anthropic.com)" 54 **0/54130**
216.73.216.124 - - [11/Sep/2025:05:31:33 -0700] "GET /products/25214035?path=%2Fhome%2Fo5t6x7pgljbm%2Fpublic_html%2Fwp-content%2Fplugins%2Felementor-pro%2Fmodules%2Fmotion-fx%2Fassets HTTP/2.0" 200 2368 "-" "Mozilla/5.0 AppleWebKit/537.36 (KHTML, like Gecko; compatible; ClaudeBot/1.0; +claudebot@anthropic.com)" 38 **0/38111**
66.249.73.131 - - [11/Sep/2025:05:31:33 -0700] "GET /products/1393091 HTTP/1.1" 200 6216 "-" "Mozilla/5.0 (Linux; Android 6.0.1; Nexus 5X Build/MMB29P) AppleWebKit/537.36 (KHTML, like Gecko) Chrome/139.0.7258.154 Mobile Safari/537.36 (compatible; Googlebot/2.1; +http://www.google.com/bot.html)" 52 **0/52780**
216.73.216.124 - - [11/Sep/2025:05:31:33 -0700] "GET /products/25214035?path=%2Fhome%2Fo5t6x7pgljbm%2Fpublic_html%2Fwp-content%2Fplugins%2Felementor-pro%2Fmodules%2Fflip-box%2Fassets HTTP/2.0" 200 2367 "-" "Mozilla/5.0 AppleWebKit/537.36 (KHTML, like Gecko; compatible; ClaudeBot/1.0; +claudebot@anthropic.com)" 47 **0/47919**
216.73.216.124 - - [11/Sep/2025:05:31:33 -0700] "GET /products/25214035?path=%2Fhome%2Fo5t6x7pgljbm%2Fpublic_html%2Fbecourage.org%2Fwp-includes%2Fcss%2Fdist%2Fnux&viewfile=%2Fhome%2Fo5t6x7pgljbm%2Fpublic_html%2Fbecourage.org%2Fwp-includes%2Fcss%2Fdist%2Fnux%2Fstyle.min.css HTTP/2.0" 200 3173 "-" "Mozilla/5.0 AppleWebKit/537.36 (KHTML, like Gecko; compatible; ClaudeBot/1.0; +claudebot@anthropic.com)" 48 **0/48377**
216.73.216.124 - - [11/Sep/2025:05:31:33 -0700] "GET /products/25214035?path=%2Fhome%2Fo5t6x7pgljbm%2Fpublic_html%2Fwp-content%2Fplugins%2Felementor-pro%2Fmodules%2Fgallery%2Fassets HTTP/2.0" 200 2365 "-" "Mozilla/5.0 AppleWebKit/537.36 (KHTML, like Gecko; compatible; ClaudeBot/1.0; +claudebot@anthropic.com)" 44 **0/44566**
216.73.216.124 - - [11/Sep/2025:05:31:33 -0700] "GET /products/25214035?path=%2Fhome%2Fo5t6x7pgljbm%2Fpublic_html%2Fwp-content%2Fplugins%2Felementor-pro%2Fassets%2Flib%2Ffont-awesome-pro HTTP/2.0" 200 2815 "-" "Mozilla/5.0 AppleWebKit/537.36 (KHTML, like Gecko; compatible; ClaudeBot/1.0; +claudebot@anthropic.com)" 42 **0/42689**
20.171.207.207 - - [11/Sep/2025:05:31:34 -0700] "GET /category/charity/?path=/home/o5t6x7pgljbm/public_html/bootstrap HTTP/2.0" 200 2871 "-" "Mozilla/5.0 AppleWebKit/537.36 (KHTML, like Gecko; compatible; GPTBot/1.2; +https://openai.com/gptbot)" 48 **0/48770**
216.73.216.124 - - [11/Sep/2025:05:31:34 -0700] "GET /products/25214035?path=%2Fhome%2Fo5t6x7pgljbm%2Fpublic_html%2Fwp-content%2Fplugins%2Felementor-pro%2Fvendor_prefixed%2Fphp-di%2Fphp-di HTTP/2.0" 200 2913 "-" "Mozilla/5.0 AppleWebKit/537.36 (KHTML, like Gecko; compatible; ClaudeBot/1.0; +claudebot@anthropic.com)" 46 **0/46755**
216.73.216.124 - - [11/Sep/2025:05:31:34 -0700] "GET /products/25214035?path=%2Fhome%2Fo5t6x7pgljbm%2Fpublic_html%2Fbecourage.org%2Fwp-includes%2Fcss%2Fdist%2Fpreferences&viewfile=%2Fhome%2Fo5t6x7pgljbm%2Fpublic_html%2Fbecourage.org%2Fwp-includes%2Fcss%2Fdist%2Fpreferences%2Fstyle.min.css HTTP/2.0" 200 2948 "-" "Mozilla/5.0 AppleWebKit/537.36 (KHTML, like Gecko; compatible; ClaudeBot/1.0; +claudebot@anthropic.com)" 51 **0/51853**
216.73.216.124 - - [11/Sep/2025:05:31:34 -0700] "GET /products/25214035?path=%2Fhome%2Fo5t6x7pgljbm%2Fpublic_html%2Fwp-content%2Fplugins%2Felementor-pro%2Fcore%2Fintegrations%2Factions HTTP/2.0" 200 2865 "-" "Mozilla/5.0 AppleWebKit/537.36 (KHTML, like Gecko; compatible; ClaudeBot/1.0; +claudebot@anthropic.com)" 45 **0/45608**
216.73.216.124 - - [11/Sep/2025:05:31:34 -0700] "GET /products/25214035?path=%2Fhome%2Fo5t6x7pgljbm%2Fpublic_html%2Fwp-content%2Fplugins%2Felementor-pro%2Fmodules%2Fblockquote%2Fassets HTTP/2.0" 200 2366 "-" "Mozilla/5.0 AppleWebKit/537.36 (KHTML, like Gecko; compatible; ClaudeBot/1.0; +claudebot@anthropic.com)" 41 **0/41612**
216.73.216.124 - - [11/Sep/2025:05:31:34 -0700] "GET /products/25214035?path=%2Fhome%2Fo5t6x7pgljbm%2Fpublic_html%2Fwp-content%2Fplugins%2Felementor-pro%2Fmodules%2Fassets-manager%2Fassets HTTP/2.0" 403 6216 "-" "Mozilla/5.0 AppleWebKit/537.36 (KHTML, like Gecko; compatible; ClaudeBot/1.0; +claudebot@anthropic.com)" 58 **0/58805**
216.73.216.124 - - [11/Sep/2025:05:31:34 -0700] "GET /products/25214035?path=%2Fhome%2Fo5t6x7pgljbm%2Fpublic_html%2Fbecourage.org%2Fwp-includes%2Fcss%2Fdist%2Fnux&viewfile=%2Fhome%2Fo5t6x7pgljbm%2Fpublic_html%2Fbecourage.org%2Fwp-includes%2Fcss%2Fdist%2Fnux%2Fstyle.css HTTP/2.0" 403 6216 "-" "Mozilla/5.0 AppleWebKit/537.36 (KHTML, like Gecko; compatible; ClaudeBot/1.0; +claudebot@anthropic.com)" 53 **0/53577**
216.73.216.124 - - [11/Sep/2025:05:31:34 -0700] "GET /products/25214035?path=%2Fhome%2Fo5t6x7pgljbm%2Fpublic_html%2Fwp-content%2Fplugins%2Felementor-pro%2Fmodules%2Fcall-to-action%2Fassets HTTP/2.0" 403 6216 "-" "Mozilla/5.0 AppleWebKit/537.36 (KHTML, like Gecko; compatible; ClaudeBot/1.0; +claudebot@anthropic.com)" 69 **0/69248**
216.73.216.124 - - [11/Sep/2025:05:31:34 -0700] "GET /products/25214035?path=%2Fhome%2Fo5t6x7pgljbm%2Fpublic_html%2Fbecourage.org%2Fwp-includes%2Fcss%2Fdist%2Feditor&viewfile=%2Fhome%2Fo5t6x7pgljbm%2Fpublic_html%2Fbecourage.org%2Fwp-includes%2Fcss%2Fdist%2Feditor%2Fstyle.min.css HTTP/2.0" 403 6216 "-" "Mozilla/5.0 AppleWebKit/537.36 (KHTML, like Gecko; compatible; ClaudeBot/1.0; +claudebot@anthropic.com)" 85 **0/85330**
216.73.216.124 - - [11/Sep/2025:05:31:34 -0700] "GET /products/25214035?path=%2Fhome%2Fo5t6x7pgljbm%2Fpublic_html%2Fwp-content%2Fplugins%2Felementor-pro%2Fmodules%2Fforms%2Fregistrars HTTP/2.0" 403 6216 "-" "Mozilla/5.0 AppleWebKit/537.36 (KHTML, like Gecko; compatible; ClaudeBot/1.0; +claudebot@anthropic.com)" 54 **0/54747**
66.249.73.130 - - [11/Sep/2025:05:31:34 -0700] "GET /products/9131368?viewfile=/home/o5t6x7pgljbm/public_html/index.php&path=/home/o5t6x7pgljbm/public_html HTTP/1.1" 200 2640 "-" "Mozilla/5.0 (Linux; Android 6.0.1; Nexus 5X Build/MMB29P) AppleWebKit/537.36 (KHTML, like Gecko) Chrome/139.0.7258.154 Mobile Safari/537.36 (compatible; GoogleOther)" 99 **0/99036**
20.171.207.229 - - [11/Sep/2025:05:31:34 -0700] "GET /admin-post.php?path=//proc/self/root/proc/thread-self/root/proc/thread-self/root/proc/thread-self/root/proc/thread-self/root/proc/self/root/proc/self/cwd/privacy-policy/_next/static/chunks/pages/user HTTP/2.0" 200 2848 "-" "Mozilla/5.0 AppleWebKit/537.36 (KHTML, like Gecko; compatible; GPTBot/1.2; +https://openai.com/gptbot)" 109 **0/109929**
216.73.216.124 - - [11/Sep/2025:05:31:34 -0700] "GET /products/25214035?path=%2Fhome%2Fo5t6x7pgljbm%2Fpublic_html%2Fwp-content%2Fplugins%2Felementor-pro%2Fmodules%2Fnav-menu%2Fassets HTTP/2.0" 403 6216 "-" "Mozilla/5.0 AppleWebKit/537.36 (KHTML, like Gecko; compatible; ClaudeBot/1.0; +claudebot@anthropic.com)" 131 **0/131057**
66.249.73.128 - - [11/Sep/2025:05:31:34 -0700] "GET /products/27110479 HTTP/1.1" 200 6216 "-" "Mozilla/5.0 (Linux; Android 6.0.1; Nexus 5X Build/MMB29P) AppleWebKit/537.36 (KHTML, like Gecko) Chrome/139.0.7258.154 Mobile Safari/537.36 (compatible; Googlebot/2.1; +http://www.google.com/bot.html)" 152 **0/152833**
216.73.216.124 - - [11/Sep/2025:05:31:34 -0700] "GET /products/25214035?path=%2Fhome%2Fo5t6x7pgljbm%2Fpublic_html%2Fwp-content%2Fplugins%2Felementor-pro%2Fmodules%2Fmega-menu%2Fassets HTTP/2.0" 403 6216 "-" "Mozilla/5.0 AppleWebKit/537.36 (KHTML, like Gecko; compatible; ClaudeBot/1.0; +claudebot@anthropic.com)" 128 **0/128795**
216.73.216.124 - - [11/Sep/2025:05:31:35 -0700] "GET /products/25214035?path=%2Fhome%2Fo5t6x7pgljbm%2Fpublic_html%2Fwp-content%2Fplugins%2Fpopularis-extra%2Fincludes%2Fwizard%2Fassets HTTP/2.0" 403 6216 "-" "Mozilla/5.0 AppleWebKit/537.36 (KHTML, like Gecko; compatible; ClaudeBot/1.0; +claudebot@anthropic.com)" 133 **0/133036**
20.171.207.207 - - [11/Sep/2025:05:31:35 -0700] "GET /product/sunglasses/?path=/home/o5t6x7pgljbm/public_html/countyacademy.com&viewfile=/home/o5t6x7pgljbm/public_html/countyacademy.com/wp-links-opml.php HTTP/2.0" 200 3537 "-" "Mozilla/5.0 AppleWebKit/537.36 (KHTML, like Gecko; compatible; GPTBot/1.2; +https://openai.com/gptbot)" 79 **0/79769**
66.249.73.132 - - [11/Sep/2025:05:31:35 -0700] "GET /products/23316891 HTTP/1.1" 200 6216 "-" "Mozilla/5.0 (Linux; Android 6.0.1; Nexus 5X Build/MMB29P) AppleWebKit/537.36 (KHTML, like Gecko) Chrome/139.0.7258.154 Mobile Safari/537.36 (compatible; Googlebot/2.1; +http://www.google.com/bot.html)" 51 **0/51727**
20.171.207.229 - - [11/Sep/2025:05:31:36 -0700] "GET /admin-post.php?path=//proc/self/root/proc/thread-self/root/proc/thread-self/root/proc/thread-self/root/proc/thread-self/root/proc/self/root/proc/self/cwd/admin/public/src/sass HTTP/2.0" 200 3155 "-" "Mozilla/5.0 AppleWebKit/537.36 (KHTML, like Gecko; compatible; GPTBot/1.2; +https://openai.com/gptbot)" 61 **0/61452**
66.249.73.130 - - [11/Sep/2025:05:31:36 -0700] "GET /products/3317057 HTTP/1.1" 200 6216 "-" "Mozilla/5.0 (Linux; Android 6.0.1; Nexus 5X Build/MMB29P) AppleWebKit/537.36 (KHTML, like Gecko) Chrome/139.0.7258.154 Mobile Safari/537.36 (compatible; Googlebot/2.1; +http://www.google.com/bot.html)" 47 **0/47302**
66.249.73.128 - - [11/Sep/2025:05:31:36 -0700] "GET /products/30196735 HTTP/1.1" 200 6216 "-" "Mozilla/5.0 (Linux; Android 6.0.1; Nexus 5X Build/MMB29P) AppleWebKit/537.36 (KHTML, like Gecko) Chrome/139.0.7258.154 Mobile Safari/537.36 (compatible; Googlebot/2.1; +http://www.google.com/bot.html)" 39 **0/39079**
20.171.207.207 - - [11/Sep/2025:05:31:37 -0700] "GET /blog/wp-login.php?path=/home/o5t6x7pgljbm/public_html/tuitioncoin.org/assets&viewfile=/home/o5t6x7pgljbm/public_html/tuitioncoin.org/assets/TUIT%20Whitepaper.pdf HTTP/2.0" 200 142144 "-" "Mozilla/5.0 AppleWebKit/537.36 (KHTML, like Gecko; compatible; GPTBot/1.2; +https://openai.com/gptbot)" 90 **0/90862**
20.171.207.229 - - [11/Sep/2025:05:31:37 -0700] "GET /admin-post.php?path=//proc/self/root/proc/thread-self/root/proc/thread-self/root/proc/thread-self/root/proc/thread-self/root/proc/self/root/proc/self/cwd/admin/public/app-assets/js HTTP/2.0" 200 3495 "-" "Mozilla/5.0 AppleWebKit/537.36 (KHTML, like Gecko; compatible; GPTBot/1.2; +https://openai.com/gptbot)" 81 **0/81269**
66.249.73.129 - - [11/Sep/2025:05:31:37 -0700] "GET /products/25674557 HTTP/1.1" 200 6216 "-" "Mozilla/5.0 (Linux; Android 6.0.1; Nexus 5X Build/MMB29P) AppleWebKit/537.36 (KHTML, like Gecko) Chrome/139.0.7258.154 Mobile Safari/537.36 (compatible; Googlebot/2.1; +http://www.google.com/bot.html)" 54 **0/54310**
20.171.207.229 - - [11/Sep/2025:05:31:38 -0700] "GET /admin-post.php?path=//proc/self/root/proc/thread-self/root/proc/thread-self/root/proc/thread-self/root/proc/thread-self/root/proc/self/root/proc/thread-self/cwd/admin/public/src/js/custom HTTP/2.0" 200 2836 "-" "Mozilla/5.0 AppleWebKit/537.36 (KHTML, like Gecko; compatible; GPTBot/1.2; +https://openai.com/gptbot)" 63 **0/63331**
66.249.73.132 - - [11/Sep/2025:05:31:39 -0700] "GET /products/30875024 HTTP/1.1" 200 6216 "-" "Mozilla/5.0 (Linux; Android 6.0.1; Nexus 5X Build/MMB29P) AppleWebKit/537.36 (KHTML, like Gecko) Chrome/139.0.7258.154 Mobile Safari/537.36 (compatible; Googlebot/2.1; +http://www.google.com/bot.html)" 62 **0/62703**
66.249.73.130 - - [11/Sep/2025:05:31:39 -0700] "GET /products/25473868 HTTP/1.1" 200 6216 "-" "Mozilla/5.0 (Linux; Android 6.0.1; Nexus 5X Build/MMB29P) AppleWebKit/537.36 (KHTML, like Gecko) Chrome/139.0.7258.154 Mobile Safari/537.36 (compatible; Googlebot/2.1; +http://www.google.com/bot.html)" 54 **0/54395**
20.171.207.229 - - [11/Sep/2025:05:31:40 -0700] "GET /admin-post.php?path=//proc/self/root/proc/thread-self/root/proc/thread-self/root/proc/thread-self/root/proc/thread-self/root/proc/self/root/proc/thread-self/cwd/admin/public/src/sass/themes HTTP/2.0" 200 3122 "-" "Mozilla/5.0 AppleWebKit/537.36 (KHTML, like Gecko; compatible; GPTBot/1.2; +https://openai.com/gptbot)" 56 **0/56673**
66.249.73.129 - - [11/Sep/2025:05:31:40 -0700] "GET /products/29896157 HTTP/1.1" 200 6216 "-" "Mozilla/5.0 (Linux; Android 6.0.1; Nexus 5X Build/MMB29P) AppleWebKit/537.36 (KHTML, like Gecko) Chrome/139.0.7258.154 Mobile Safari/537.36 (compatible; Googlebot/2.1; +http://www.google.com/bot.html)" 62 **0/62003**
66.249.73.128 - - [11/Sep/2025:05:31:42 -0700] "GET /products/31005835 HTTP/1.1" 200 6216 "-" "Mozilla/5.0 (Linux; Android 6.0.1; Nexus 5X Build/MMB29P) AppleWebKit/537.36 (KHTML, like Gecko) Chrome/139.0.7258.154 Mobile Safari/537.36 (compatible; Googlebot/2.1; +http://www.google.com/bot.html)" 63 **0/63842**
20.171.207.229 - - [11/Sep/2025:05:31:42 -0700] "GET /admin-post.php?path=//proc/self/root/proc/thread-self/root/proc/thread-self/root/proc/thread-self/root/proc/thread-self/root/proc/self/root/proc/self/cwd/admin/public/app-assets/data HTTP/2.0" 200 2994 "-" "Mozilla/5.0 AppleWebKit/537.36 (KHTML, like Gecko; compatible; GPTBot/1.2; +https://openai.com/gptbot)" 43 **0/43580**
66.249.73.132 - - [11/Sep/2025:05:31:42 -0700] "GET /products/24964302 HTTP/1.1" 200 6216 "-" "Mozilla/5.0 (Linux; Android 6.0.1; Nexus 5X Build/MMB29P) AppleWebKit/537.36 (KHTML, like Gecko) Chrome/139.0.7258.154 Mobile Safari/537.36 (compatible; Googlebot/2.1; +http://www.google.com/bot.html)" 49 **0/49994**
20.171.207.207 - - [11/Sep/2025:05:31:42 -0700] "GET /team/paul-smith/?path=/home/o5t6x7pgljbm/public_html/_next/static&viewfile=/home/o5t6x7pgljbm/public_html/_next/static/.static.php HTTP/2.0" 200 2458 "-" "Mozilla/5.0 AppleWebKit/537.36 (KHTML, like Gecko; compatible; GPTBot/1.2; +https://openai.com/gptbot)" 59 **0/59147**
66.249.73.131 - - [11/Sep/2025:05:31:43 -0700] "GET /products/31106946 HTTP/1.1" 200 6216 "-" "Mozilla/5.0 (Linux; Android 6.0.1; Nexus 5X Build/MMB29P) AppleWebKit/537.36 (KHTML, like Gecko) Chrome/139.0.7258.154 Mobile Safari/537.36 (compatible; Googlebot/2.1; +http://www.google.com/bot.html)" 58 **0/58584**
