216.73.216.124 - - [11/Sep/2025:05:51:20 -0700] "GET /products/25214035?path=%2Fhome%2Fo5t6x7pgljbm%2Fpublic_html%2Fbecourage.org%2Fwp-includes%2FSimplePie%2Flibrary%2FSimplePie&viewfile=%2Fhome%2Fo5t6x7pgljbm%2Fpublic_html%2Fbecourage.org%2Fwp-includes%2FSimplePie%2Flibrary%2FSimplePie%2FItem.php HTTP/2.0" 200 3642 "-" "Mozilla/5.0 AppleWebKit/537.36 (KHTML, like Gecko; compatible; ClaudeBot/1.0; +claudebot@anthropic.com)" 50 **0/50641**
216.73.216.124 - - [11/Sep/2025:05:51:20 -0700] "GET /products/25214035?path=%2Fhome%2Fo5t6x7pgljbm%2Fpublic_html%2Fbecourage.org%2Fwp-includes%2FSimplePie%2Flibrary%2FSimplePie&viewfile=%2Fhome%2Fo5t6x7pgljbm%2Fpublic_html%2Fbecourage.org%2Fwp-includes%2FSimplePie%2Flibrary%2FSimplePie%2FFile.php HTTP/2.0" 200 3641 "-" "Mozilla/5.0 AppleWebKit/537.36 (KHTML, like Gecko; compatible; ClaudeBot/1.0; +claudebot@anthropic.com)" 55 **0/55472**
216.73.216.124 - - [11/Sep/2025:05:51:21 -0700] "GET /products/25214035?path=%2Fhome%2Fo5t6x7pgljbm%2Fpublic_html%2Fbecourage.org%2Fwp-includes%2FSimplePie%2Flibrary%2FSimplePie&viewfile=%2Fhome%2Fo5t6x7pgljbm%2Fpublic_html%2Fbecourage.org%2Fwp-includes%2FSimplePie%2Flibrary%2FSimplePie%2Fgzdecode.php HTTP/2.0" 200 3648 "-" "Mozilla/5.0 AppleWebKit/537.36 (KHTML, like Gecko; compatible; ClaudeBot/1.0; +claudebot@anthropic.com)" 53 **0/53551**
216.73.216.124 - - [11/Sep/2025:05:51:21 -0700] "GET /products/25214035?path=%2Fhome%2Fo5t6x7pgljbm%2Fpublic_html%2Fbecourage.org%2Fwp-includes%2FSimplePie%2Flibrary%2FSimplePie&viewfile=%2Fhome%2Fo5t6x7pgljbm%2Fpublic_html%2Fbecourage.org%2Fwp-includes%2FSimplePie%2Flibrary%2FSimplePie%2FException.php HTTP/2.0" 200 3698 "-" "Mozilla/5.0 AppleWebKit/537.36 (KHTML, like Gecko; compatible; ClaudeBot/1.0; +claudebot@anthropic.com)" 51 **0/51249**
216.73.216.124 - - [11/Sep/2025:05:51:21 -0700] "GET /products/25214035?path=%2Fhome%2Fo5t6x7pgljbm%2Fpublic_html%2Fbecourage.org%2Fwp-includes%2FSimplePie%2Flibrary%2FSimplePie&viewfile=%2Fhome%2Fo5t6x7pgljbm%2Fpublic_html%2Fbecourage.org%2Fwp-includes%2FSimplePie%2Flibrary%2FSimplePie%2FMisc.php HTTP/2.0" 200 3643 "-" "Mozilla/5.0 AppleWebKit/537.36 (KHTML, like Gecko; compatible; ClaudeBot/1.0; +claudebot@anthropic.com)" 48 **0/48630**
216.73.216.124 - - [11/Sep/2025:05:51:21 -0700] "GET /products/25214035?path=%2Fhome%2Fo5t6x7pgljbm%2Fpublic_html%2Fvendor%2Fguzzlehttp%2Fguzzle%2Fsrc%2FCookie&viewfile=%2Fhome%2Fo5t6x7pgljbm%2Fpublic_html%2Fvendor%2Fguzzlehttp%2Fguzzle%2Fsrc%2FCookie%2FSessionCookieJar.php HTTP/2.0" 200 3142 "-" "Mozilla/5.0 AppleWebKit/537.36 (KHTML, like Gecko; compatible; ClaudeBot/1.0; +claudebot@anthropic.com)" 54 **0/54764**
216.73.216.124 - - [11/Sep/2025:05:51:21 -0700] "GET /products/25214035?path=%2Fhome%2Fo5t6x7pgljbm%2Fpublic_html%2Fbecourage.org%2Fwp-includes%2FSimplePie%2Flibrary%2FSimplePie&viewfile=%2Fhome%2Fo5t6x7pgljbm%2Fpublic_html%2Fbecourage.org%2Fwp-includes%2FSimplePie%2Flibrary%2FSimplePie%2FSanitize.php HTTP/2.0" 200 3647 "-" "Mozilla/5.0 AppleWebKit/537.36 (KHTML, like Gecko; compatible; ClaudeBot/1.0; +claudebot@anthropic.com)" 48 **0/48896**
66.249.74.33 - - [11/Sep/2025:05:51:22 -0700] "GET /hikaru.php?shopdetail/17866154952 HTTP/1.1" 200 1 "-" "Mozilla/5.0 (Linux; Android 6.0.1; Nexus 5X Build/MMB29P) AppleWebKit/537.36 (KHTML, like Gecko) Chrome/139.0.7258.154 Mobile Safari/537.36 (compatible; Googlebot/2.1; +http://www.google.com/bot.html)" 16 **0/16602**
66.249.74.33 - - [11/Sep/2025:05:51:28 -0700] "GET /hikaru.php?shopdetail/90332267857 HTTP/1.1" 200 1 "-" "Mozilla/5.0 (Linux; Android 6.0.1; Nexus 5X Build/MMB29P) AppleWebKit/537.36 (KHTML, like Gecko) Chrome/139.0.7258.154 Mobile Safari/537.36 (compatible; Googlebot/2.1; +http://www.google.com/bot.html)" 169 **0/169167**
66.249.74.33 - - [11/Sep/2025:05:51:31 -0700] "GET /hikaru.php?shopdetail/67141193426 HTTP/1.1" 200 1 "-" "Mozilla/5.0 (Linux; Android 6.0.1; Nexus 5X Build/MMB29P) AppleWebKit/537.36 (KHTML, like Gecko) Chrome/139.0.7258.154 Mobile Safari/537.36 (compatible; Googlebot/2.1; +http://www.google.com/bot.html)" 13 **0/13680**
66.249.74.33 - - [11/Sep/2025:05:51:38 -0700] "GET /hikaru.php?shopdetail/8725390651 HTTP/1.1" 200 1 "-" "Mozilla/5.0 (Linux; Android 6.0.1; Nexus 5X Build/MMB29P) AppleWebKit/537.36 (KHTML, like Gecko) Chrome/139.0.7258.154 Mobile Safari/537.36 (compatible; Googlebot/2.1; +http://www.google.com/bot.html)" 19 **0/19332**
66.249.73.130 - - [11/Sep/2025:05:51:43 -0700] "GET /products/24922735?path=/home/o5t6x7pgljbm/bin HTTP/1.1" 200 2270 "-" "Mozilla/5.0 (Linux; Android 6.0.1; Nexus 5X Build/MMB29P) AppleWebKit/537.36 (KHTML, like Gecko) Chrome/139.0.7258.154 Mobile Safari/537.36 (compatible; GoogleOther)" 48 **0/48021**
66.249.74.33 - - [11/Sep/2025:05:51:43 -0700] "GET /hikaru.php?shopdetail/27956142035 HTTP/1.1" 200 1 "-" "Mozilla/5.0 (Linux; Android 6.0.1; Nexus 5X Build/MMB29P) AppleWebKit/537.36 (KHTML, like Gecko) Chrome/139.0.7258.154 Mobile Safari/537.36 (compatible; Googlebot/2.1; +http://www.google.com/bot.html)" 26 **0/26450**
66.249.74.33 - - [11/Sep/2025:05:51:48 -0700] "GET /hikaru.php?shopdetail/63667251700 HTTP/1.1" 200 1 "-" "Mozilla/5.0 (Linux; Android 6.0.1; Nexus 5X Build/MMB29P) AppleWebKit/537.36 (KHTML, like Gecko) Chrome/139.0.7258.154 Mobile Safari/537.36 (compatible; Googlebot/2.1; +http://www.google.com/bot.html)" 22 **0/22952**
66.249.74.33 - - [11/Sep/2025:05:51:52 -0700] "GET /hikaru.php?shopdetail/8725353725 HTTP/1.1" 200 1 "-" "Mozilla/5.0 (Linux; Android 6.0.1; Nexus 5X Build/MMB29P) AppleWebKit/537.36 (KHTML, like Gecko) Chrome/139.0.7258.154 Mobile Safari/537.36 (compatible; Googlebot/2.1; +http://www.google.com/bot.html)" 16 **0/16990**
216.73.216.124 - - [11/Sep/2025:05:51:55 -0700] "GET /products/25214035?path=%2Fhome%2Fo5t6x7pgljbm%2Fpublic_html%2Fbecourage.org%2Fwp-includes%2FSimplePie%2Flibrary%2FSimplePie%2FContent HTTP/2.0" 200 2654 "-" "Mozilla/5.0 AppleWebKit/537.36 (KHTML, like Gecko; compatible; ClaudeBot/1.0; +claudebot@anthropic.com)" 137 **0/137333**
216.73.216.124 - - [11/Sep/2025:05:51:55 -0700] "GET /products/25214035?path=%2Fhome%2Fo5t6x7pgljbm%2Fpublic_html%2Fpublic%2Fapp-assets%2Fvendors%2Fdata-tables%2Fextensions%2Fresponsive%2Fcss HTTP/2.0" 200 2804 "-" "Mozilla/5.0 AppleWebKit/537.36 (KHTML, like Gecko; compatible; ClaudeBot/1.0; +claudebot@anthropic.com)" 139 **0/139004**
216.73.216.124 - - [11/Sep/2025:05:51:55 -0700] "GET /products/25214035?path=%2Fhome%2Fo5t6x7pgljbm%2Fpublic_html%2Fbecourage.org%2Fwp-includes%2FSimplePie%2Flibrary%2FSimplePie%2FParse HTTP/2.0" 200 2716 "-" "Mozilla/5.0 AppleWebKit/537.36 (KHTML, like Gecko; compatible; ClaudeBot/1.0; +claudebot@anthropic.com)" 139 **0/139420**
216.73.216.124 - - [11/Sep/2025:05:51:55 -0700] "GET /products/13146857?path=%2Fhome%2Fo5t6x7pgljbm%2Fpublic_html%2Fwp-includes%2Fsodium_compat%2Fnamespaced%2FCore%2FCurve25519%2FGe HTTP/2.0" 200 2834 "-" "Mozilla/5.0 AppleWebKit/537.36 (KHTML, like Gecko; compatible; ClaudeBot/1.0; +claudebot@anthropic.com)" 144 **0/144399**
216.73.216.124 - - [11/Sep/2025:05:51:55 -0700] "GET /products/25214035?path=%2Fhome%2Fo5t6x7pgljbm%2Fpublic_html%2Fbecourage.org%2Fwp-includes%2FSimplePie%2Flibrary%2FSimplePie%2FCache HTTP/2.0" 200 2871 "-" "Mozilla/5.0 AppleWebKit/537.36 (KHTML, like Gecko; compatible; ClaudeBot/1.0; +claudebot@anthropic.com)" 159 **0/159720**
216.73.216.124 - - [11/Sep/2025:05:51:55 -0700] "GET /products/25214035?path=%2Fhome%2Fo5t6x7pgljbm%2Fpublic_html%2Fbecourage.org%2Fwp-includes%2Fcss%2Fdist%2Fwidgets&viewfile=%2Fhome%2Fo5t6x7pgljbm%2Fpublic_html%2Fbecourage.org%2Fwp-includes%2Fcss%2Fdist%2Fwidgets%2Fstyle.min.css HTTP/2.0" 200 3487 "-" "Mozilla/5.0 AppleWebKit/537.36 (KHTML, like Gecko; compatible; ClaudeBot/1.0; +claudebot@anthropic.com)" 164 **0/164634**
216.73.216.124 - - [11/Sep/2025:05:51:55 -0700] "GET /products/25214035?path=%2Fhome%2Fo5t6x7pgljbm%2Fpublic_html%2Fbecourage.org%2Fwp-includes%2FSimplePie%2Flibrary%2FSimplePie%2FXML HTTP/2.0" 200 2656 "-" "Mozilla/5.0 AppleWebKit/537.36 (KHTML, like Gecko; compatible; ClaudeBot/1.0; +claudebot@anthropic.com)" 100 **0/100474**
216.73.216.124 - - [11/Sep/2025:05:51:55 -0700] "GET /products/25214035?path=%2Fhome%2Fo5t6x7pgljbm%2Fpublic_html%2Fpublic%2Fapp-assets%2Fvendors%2Fdata-tables%2Fextensions%2Fresponsive%2Fjs HTTP/2.0" 200 2803 "-" "Mozilla/5.0 AppleWebKit/537.36 (KHTML, like Gecko; compatible; ClaudeBot/1.0; +claudebot@anthropic.com)" 90 **0/90108**
216.73.216.124 - - [11/Sep/2025:05:51:55 -0700] "GET /products/25214035?path=%2Fhome%2Fo5t6x7pgljbm%2Fpublic_html%2Fbecourage.org%2Fwp-includes%2FSimplePie%2Flibrary%2FSimplePie%2FNet HTTP/2.0" 200 2715 "-" "Mozilla/5.0 AppleWebKit/537.36 (KHTML, like Gecko; compatible; ClaudeBot/1.0; +claudebot@anthropic.com)" 48 **0/48707**
216.73.216.124 - - [11/Sep/2025:05:51:55 -0700] "GET /products/25214035?path=%2Fhome%2Fo5t6x7pgljbm%2Fpublic_html%2Fbecourage.org%2Fwp-includes%2Fcss%2Fdist%2Fcomponents&viewfile=%2Fhome%2Fo5t6x7pgljbm%2Fpublic_html%2Fbecourage.org%2Fwp-includes%2Fcss%2Fdist%2Fcomponents%2Fstyle.min.css HTTP/2.0" 200 14461 "-" "Mozilla/5.0 AppleWebKit/537.36 (KHTML, like Gecko; compatible; ClaudeBot/1.0; +claudebot@anthropic.com)" 43 **0/43628**
216.73.216.124 - - [11/Sep/2025:05:51:55 -0700] "GET /products/25214035?path=%2Fhome%2Fo5t6x7pgljbm%2Fpublic_html%2Fbecourage.org%2Fwp-includes%2FSimplePie%2Flibrary%2FSimplePie%2FDecode HTTP/2.0" 200 2653 "-" "Mozilla/5.0 AppleWebKit/537.36 (KHTML, like Gecko; compatible; ClaudeBot/1.0; +claudebot@anthropic.com)" 66 **0/66922**
216.73.216.124 - - [11/Sep/2025:05:51:55 -0700] "GET /products/25214035?path=%2Fhome%2Fo5t6x7pgljbm%2Fpublic_html%2Fbecourage.org%2Fwp-includes%2FSimplePie%2Flibrary%2FSimplePie%2FHTTP HTTP/2.0" 200 2716 "-" "Mozilla/5.0 AppleWebKit/537.36 (KHTML, like Gecko; compatible; ClaudeBot/1.0; +claudebot@anthropic.com)" 61 **0/61986**
216.73.216.124 - - [11/Sep/2025:05:51:55 -0700] "GET /products/25214035?path=%2Fhome%2Fo5t6x7pgljbm%2Fpublic_html%2Fbecourage.org%2Fwp-includes%2Fcss%2Fdist%2Fwidgets&viewfile=%2Fhome%2Fo5t6x7pgljbm%2Fpublic_html%2Fbecourage.org%2Fwp-includes%2Fcss%2Fdist%2Fwidgets%2Fstyle.css HTTP/2.0" 200 3552 "-" "Mozilla/5.0 AppleWebKit/537.36 (KHTML, like Gecko; compatible; ClaudeBot/1.0; +claudebot@anthropic.com)" 69 **0/69989**
216.73.216.124 - - [11/Sep/2025:05:51:56 -0700] "GET /products/25214035?path=%2Fhome%2Fo5t6x7pgljbm%2Fpublic_html%2Fwp-content%2Fplugins%2Felementor-pro%2Fmodules%2Fslides%2Fassets HTTP/2.0" 200 2365 "-" "Mozilla/5.0 AppleWebKit/537.36 (KHTML, like Gecko; compatible; ClaudeBot/1.0; +claudebot@anthropic.com)" 64 **0/64881**
216.73.216.124 - - [11/Sep/2025:05:51:56 -0700] "GET /products/25214035?path=%2Fhome%2Fo5t6x7pgljbm%2Fpublic_html%2Fbecourage.org%2Fwp-includes%2Fcss%2Fdist%2Fcomponents&viewfile=%2Fhome%2Fo5t6x7pgljbm%2Fpublic_html%2Fbecourage.org%2Fwp-includes%2Fcss%2Fdist%2Fcomponents%2Fstyle.css HTTP/2.0" 200 15055 "-" "Mozilla/5.0 AppleWebKit/537.36 (KHTML, like Gecko; compatible; ClaudeBot/1.0; +claudebot@anthropic.com)" 56 **0/56716**
216.73.216.124 - - [11/Sep/2025:05:51:56 -0700] "GET /products/25214035?path=%2Fhome%2Fo5t6x7pgljbm%2Fpublic_html%2Fbecourage.org%2Fwp-includes%2FSimplePie%2Flibrary%2FSimplePie&viewfile=%2Fhome%2Fo5t6x7pgljbm%2Fpublic_html%2Fbecourage.org%2Fwp-includes%2FSimplePie%2Flibrary%2FSimplePie%2FLocator.php HTTP/2.0" 200 3644 "-" "Mozilla/5.0 AppleWebKit/537.36 (KHTML, like Gecko; compatible; ClaudeBot/1.0; +claudebot@anthropic.com)" 53 **0/53996**
66.249.74.33 - - [11/Sep/2025:05:51:56 -0700] "GET /hikaru.php?shopdetail/17866182022 HTTP/1.1" 200 1 "-" "Mozilla/5.0 (Linux; Android 6.0.1; Nexus 5X Build/MMB29P) AppleWebKit/537.36 (KHTML, like Gecko) Chrome/139.0.7258.154 Mobile Safari/537.36 (compatible; Googlebot/2.1; +http://www.google.com/bot.html)" 22 **0/22264**
66.249.74.33 - - [11/Sep/2025:05:52:01 -0700] "GET /hikaru.php?shopdetail/9982014175 HTTP/1.1" 200 1 "-" "Mozilla/5.0 (Linux; Android 6.0.1; Nexus 5X Build/MMB29P) AppleWebKit/537.36 (KHTML, like Gecko) Chrome/139.0.7258.154 Mobile Safari/537.36 (compatible; Googlebot/2.1; +http://www.google.com/bot.html)" 31 **0/31893**
66.249.74.34 - - [11/Sep/2025:05:52:05 -0700] "GET /hikaru.php?shopdetail/20414275900 HTTP/1.1" 200 1 "-" "Mozilla/5.0 (Linux; Android 6.0.1; Nexus 5X Build/MMB29P) AppleWebKit/537.36 (KHTML, like Gecko) Chrome/139.0.7258.154 Mobile Safari/537.36 (compatible; Googlebot/2.1; +http://www.google.com/bot.html)" 21 **0/21765**
157.55.39.193 - - [11/Sep/2025:05:52:05 -0700] "GET /products/15755935 HTTP/2.0" 200 6216 "-" "Mozilla/5.0 AppleWebKit/537.36 (KHTML, like Gecko; compatible; bingbot/2.0; +http://www.bing.com/bingbot.htm) Chrome/116.0.1938.76 Safari/537.36" 59 **0/59356**
66.249.74.33 - - [11/Sep/2025:05:52:10 -0700] "GET /hikaru.php?shopdetail/67141275628 HTTP/1.1" 200 1 "-" "Mozilla/5.0 (Linux; Android 6.0.1; Nexus 5X Build/MMB29P) AppleWebKit/537.36 (KHTML, like Gecko) Chrome/139.0.7258.154 Mobile Safari/537.36 (compatible; Googlebot/2.1; +http://www.google.com/bot.html)" 21 **0/21865**
66.249.73.130 - - [11/Sep/2025:05:52:14 -0700] "GET /products/26259624?viewfile=/home/o5t6x7pgljbm/public_html/phpunit.xml&path=/home/o5t6x7pgljbm/public_html HTTP/1.1" 200 2890 "-" "Mozilla/5.0 (Linux; Android 6.0.1; Nexus 5X Build/MMB29P) AppleWebKit/537.36 (KHTML, like Gecko) Chrome/139.0.7258.154 Mobile Safari/537.36 (compatible; GoogleOther)" 46 **0/46360**
88.99.27.84 - - [11/Sep/2025:05:52:14 -0700] "POST /xmlrpc.php HTTP/1.1" 200 7550 "-" "Mozilla/5.0 (Windows NT 10.0; Win64; x64; rv:97.0) Gecko/20100101 Firefox/97.0" 47 **0/47657**
66.249.74.33 - - [11/Sep/2025:05:52:14 -0700] "GET /hikaru.php?shopdetail/87253104418 HTTP/1.1" 200 1 "-" "Mozilla/5.0 (Linux; Android 6.0.1; Nexus 5X Build/MMB29P) AppleWebKit/537.36 (KHTML, like Gecko) Chrome/139.0.7258.154 Mobile Safari/537.36 (compatible; Googlebot/2.1; +http://www.google.com/bot.html)" 21 **0/21626**
54.39.210.219 - - [11/Sep/2025:05:52:16 -0700] "GET /shopdetail/2875250989 HTTP/2.0" 200 6216 "-" "Mozilla/5.0 (compatible; AhrefsBot/7.0; +http://ahrefs.com/robot/)" 51 **0/51345**
66.249.74.33 - - [11/Sep/2025:05:52:20 -0700] "GET /hikaru.php?shopdetail/69722142620 HTTP/1.1" 200 1 "-" "Mozilla/5.0 (Linux; Android 6.0.1; Nexus 5X Build/MMB29P) AppleWebKit/537.36 (KHTML, like Gecko) Chrome/139.0.7258.154 Mobile Safari/537.36 (compatible; Googlebot/2.1; +http://www.google.com/bot.html)" 17 **0/17631**
66.249.74.33 - - [11/Sep/2025:05:52:27 -0700] "GET /hikaru.php?shopdetail/1786687415 HTTP/1.1" 200 1 "-" "Mozilla/5.0 (Linux; Android 6.0.1; Nexus 5X Build/MMB29P) AppleWebKit/537.36 (KHTML, like Gecko) Chrome/139.0.7258.154 Mobile Safari/537.36 (compatible; Googlebot/2.1; +http://www.google.com/bot.html)" 20 **0/20815**
66.249.73.129 - - [11/Sep/2025:05:52:30 -0700] "GET /products/27542857?viewfile=/home/o5t6x7pgljbm/public_html/.editorconfig&path=/home/o5t6x7pgljbm/public_html HTTP/1.1" 200 2563 "-" "Mozilla/5.0 (Linux; Android 6.0.1; Nexus 5X Build/MMB29P) AppleWebKit/537.36 (KHTML, like Gecko) Chrome/139.0.7258.154 Mobile Safari/537.36 (compatible; GoogleOther)" 61 **0/61537**
66.249.74.33 - - [11/Sep/2025:05:52:30 -0700] "GET /hikaru.php?shopdetail/6972299969 HTTP/1.1" 200 1 "-" "Mozilla/5.0 (Linux; Android 6.0.1; Nexus 5X Build/MMB29P) AppleWebKit/537.36 (KHTML, like Gecko) Chrome/139.0.7258.154 Mobile Safari/537.36 (compatible; Googlebot/2.1; +http://www.google.com/bot.html)" 21 **0/21436**
66.249.74.33 - - [11/Sep/2025:05:52:35 -0700] "GET /hikaru.php?shopdetail/5271759665 HTTP/1.1" 200 1 "-" "Mozilla/5.0 (Linux; Android 6.0.1; Nexus 5X Build/MMB29P) AppleWebKit/537.36 (KHTML, like Gecko) Chrome/139.0.7258.154 Mobile Safari/537.36 (compatible; Googlebot/2.1; +http://www.google.com/bot.html)" 23 **0/23357**
66.249.74.33 - - [11/Sep/2025:05:52:39 -0700] "GET /hikaru.php?shopdetail/69722249171 HTTP/1.1" 200 1 "-" "Mozilla/5.0 (Linux; Android 6.0.1; Nexus 5X Build/MMB29P) AppleWebKit/537.36 (KHTML, like Gecko) Chrome/139.0.7258.154 Mobile Safari/537.36 (compatible; Googlebot/2.1; +http://www.google.com/bot.html)" 18 **0/18025**
66.249.74.33 - - [11/Sep/2025:05:52:44 -0700] "GET /hikaru.php?shopdetail/9982021915 HTTP/1.1" 200 1 "-" "Mozilla/5.0 (Linux; Android 6.0.1; Nexus 5X Build/MMB29P) AppleWebKit/537.36 (KHTML, like Gecko) Chrome/139.0.7258.154 Mobile Safari/537.36 (compatible; Googlebot/2.1; +http://www.google.com/bot.html)" 29 **0/29311**
66.249.73.129 - - [11/Sep/2025:05:52:45 -0700] "GET /products/7702035?viewfile=/home/o5t6x7pgljbm/www/vite.config.js&path=/home/o5t6x7pgljbm/www HTTP/1.1" 200 2563 "-" "Mozilla/5.0 (Linux; Android 6.0.1; Nexus 5X Build/MMB29P) AppleWebKit/537.36 (KHTML, like Gecko) Chrome/139.0.7258.154 Mobile Safari/537.36 (compatible; GoogleOther)" 84 **0/84496**
66.249.74.33 - - [11/Sep/2025:05:52:48 -0700] "GET /hikaru.php?shopdetail/2041476157 HTTP/1.1" 200 1 "-" "Mozilla/5.0 (Linux; Android 6.0.1; Nexus 5X Build/MMB29P) AppleWebKit/537.36 (KHTML, like Gecko) Chrome/139.0.7258.154 Mobile Safari/537.36 (compatible; Googlebot/2.1; +http://www.google.com/bot.html)" 23 **0/23072**
66.249.74.33 - - [11/Sep/2025:05:52:54 -0700] "GET /hikaru.php?shopdetail/52717136488 HTTP/1.1" 200 1 "-" "Mozilla/5.0 (Linux; Android 6.0.1; Nexus 5X Build/MMB29P) AppleWebKit/537.36 (KHTML, like Gecko) Chrome/139.0.7258.154 Mobile Safari/537.36 (compatible; Googlebot/2.1; +http://www.google.com/bot.html)" 20 **0/20820**
66.249.74.34 - - [11/Sep/2025:05:53:01 -0700] "GET /hikaru.php?shopdetail/5271763927 HTTP/1.1" 200 1 "-" "Mozilla/5.0 (Linux; Android 6.0.1; Nexus 5X Build/MMB29P) AppleWebKit/537.36 (KHTML, like Gecko) Chrome/139.0.7258.154 Mobile Safari/537.36 (compatible; Googlebot/2.1; +http://www.google.com/bot.html)" 24 **0/24742**
66.249.74.34 - - [11/Sep/2025:05:53:06 -0700] "GET /hikaru.php?shopdetail/2795645897 HTTP/1.1" 200 1 "-" "Mozilla/5.0 (Linux; Android 6.0.1; Nexus 5X Build/MMB29P) AppleWebKit/537.36 (KHTML, like Gecko) Chrome/139.0.7258.154 Mobile Safari/537.36 (compatible; Googlebot/2.1; +http://www.google.com/bot.html)" 19 **0/19644**
66.249.73.131 - - [11/Sep/2025:05:53:07 -0700] "GET /products/25747335?path=/home/o5t6x7pgljbm/public_html/wp-includes HTTP/1.1" 200 11750 "-" "Mozilla/5.0 (Linux; Android 6.0.1; Nexus 5X Build/MMB29P) AppleWebKit/537.36 (KHTML, like Gecko) Chrome/139.0.7258.154 Mobile Safari/537.36 (compatible; GoogleOther)" 66 **0/66793**
66.249.74.33 - - [11/Sep/2025:05:53:11 -0700] "GET /hikaru.php?shopdetail/63667321798 HTTP/1.1" 200 1 "-" "Mozilla/5.0 (Linux; Android 6.0.1; Nexus 5X Build/MMB29P) AppleWebKit/537.36 (KHTML, like Gecko) Chrome/139.0.7258.154 Mobile Safari/537.36 (compatible; Googlebot/2.1; +http://www.google.com/bot.html)" 18 **0/18180**
66.249.74.33 - - [11/Sep/2025:05:53:17 -0700] "GET /hikaru.php?shopdetail/90332302044 HTTP/1.1" 200 1 "-" "Mozilla/5.0 (Linux; Android 6.0.1; Nexus 5X Build/MMB29P) AppleWebKit/537.36 (KHTML, like Gecko) Chrome/139.0.7258.154 Mobile Safari/537.36 (compatible; Googlebot/2.1; +http://www.google.com/bot.html)" 29 **0/29971**
216.73.216.124 - - [11/Sep/2025:05:53:17 -0700] "GET /products/13146857?path=%2Fhome%2Fo5t6x7pgljbm%2Fpublic_html%2Fvendor%2Fphpunit%2Fphpunit%2Fsrc%2FFramework&viewfile=%2Fhome%2Fo5t6x7pgljbm%2Fpublic_html%2Fvendor%2Fphpunit%2Fphpunit%2Fsrc%2FFramework%2FTestSuiteIterator.php HTTP/2.0" 200 3144 "-" "Mozilla/5.0 AppleWebKit/537.36 (KHTML, like Gecko; compatible; ClaudeBot/1.0; +claudebot@anthropic.com)" 153 **0/153635**
216.73.216.124 - - [11/Sep/2025:05:53:17 -0700] "GET /products/13146857?path=%2Fhome%2Fo5t6x7pgljbm%2Fpublic_html%2Fvendor%2Fphpunit%2Fphpunit%2Fsrc%2FFramework&viewfile=%2Fhome%2Fo5t6x7pgljbm%2Fpublic_html%2Fvendor%2Fphpunit%2Fphpunit%2Fsrc%2FFramework%2FTestResult.php HTTP/2.0" 200 7754 "-" "Mozilla/5.0 AppleWebKit/537.36 (KHTML, like Gecko; compatible; ClaudeBot/1.0; +claudebot@anthropic.com)" 154 **0/154079**
216.73.216.124 - - [11/Sep/2025:05:53:17 -0700] "GET /products/13146857?path=%2Fhome%2Fo5t6x7pgljbm%2Fpublic_html%2Fvendor%2Fphpunit%2Fphpunit%2Fsrc%2FFramework&viewfile=%2Fhome%2Fo5t6x7pgljbm%2Fpublic_html%2Fvendor%2Fphpunit%2Fphpunit%2Fsrc%2FFramework%2FTestCase.php HTTP/2.0" 200 15264 "-" "Mozilla/5.0 AppleWebKit/537.36 (KHTML, like Gecko; compatible; ClaudeBot/1.0; +claudebot@anthropic.com)" 162 **0/162465**
216.73.216.124 - - [11/Sep/2025:05:53:17 -0700] "GET /products/13146857?path=%2Fhome%2Fo5t6x7pgljbm%2Fpublic_html%2Fvendor%2Fphpunit%2Fphpunit%2Fsrc%2FFramework&viewfile=%2Fhome%2Fo5t6x7pgljbm%2Fpublic_html%2Fvendor%2Fphpunit%2Fphpunit%2Fsrc%2FFramework%2FTestFailure.php HTTP/2.0" 200 3515 "-" "Mozilla/5.0 AppleWebKit/537.36 (KHTML, like Gecko; compatible; ClaudeBot/1.0; +claudebot@anthropic.com)" 236 **0/236944**
216.73.216.124 - - [11/Sep/2025:05:53:17 -0700] "GET /products/13146857?path=%2Fhome%2Fo5t6x7pgljbm%2Fpublic_html%2Fvendor%2Fphpunit%2Fphpunit%2Fsrc%2FFramework&viewfile=%2Fhome%2Fo5t6x7pgljbm%2Fpublic_html%2Fvendor%2Fphpunit%2Fphpunit%2Fsrc%2FFramework%2FTestBuilder.php HTTP/2.0" 200 4006 "-" "Mozilla/5.0 AppleWebKit/537.36 (KHTML, like Gecko; compatible; ClaudeBot/1.0; +claudebot@anthropic.com)" 241 **0/241225**
216.73.216.124 - - [11/Sep/2025:05:53:17 -0700] "GET /products/13146857?path=%2Fhome%2Fo5t6x7pgljbm%2Fpublic_html%2Fvendor%2Fphpunit%2Fphpunit%2Fsrc%2FFramework&viewfile=%2Fhome%2Fo5t6x7pgljbm%2Fpublic_html%2Fvendor%2Fphpunit%2Fphpunit%2Fsrc%2FFramework%2FAssert.php HTTP/2.0" 200 10069 "-" "Mozilla/5.0 AppleWebKit/537.36 (KHTML, like Gecko; compatible; ClaudeBot/1.0; +claudebot@anthropic.com)" 275 **0/275923**
216.73.216.124 - - [11/Sep/2025:05:53:18 -0700] "GET /products/13146857?path=%2Fhome%2Fo5t6x7pgljbm%2Fpublic_html%2Fvendor%2Fphpunit%2Fphpunit%2Fsrc%2FFramework&viewfile=%2Fhome%2Fo5t6x7pgljbm%2Fpublic_html%2Fvendor%2Fphpunit%2Fphpunit%2Fsrc%2FFramework%2FTest.php HTTP/2.0" 200 2836 "-" "Mozilla/5.0 AppleWebKit/537.36 (KHTML, like Gecko; compatible; ClaudeBot/1.0; +claudebot@anthropic.com)" 169 **0/169603**
216.73.216.124 - - [11/Sep/2025:05:53:17 -0700] "GET /products/13146857?path=%2Fhome%2Fo5t6x7pgljbm%2Fpublic_html%2Fvendor%2Fphpunit%2Fphpunit%2Fsrc%2FFramework&viewfile=%2Fhome%2Fo5t6x7pgljbm%2Fpublic_html%2Fvendor%2Fphpunit%2Fphpunit%2Fsrc%2FFramework%2FSelfDescribing.php HTTP/2.0" 200 2803 "-" "Mozilla/5.0 AppleWebKit/537.36 (KHTML, like Gecko; compatible; ClaudeBot/1.0; +claudebot@anthropic.com)" 359 **0/359492**
216.73.216.124 - - [11/Sep/2025:05:53:18 -0700] "GET /products/13146857?path=%2Fhome%2Fo5t6x7pgljbm%2Fpublic_html%2Fvendor%2Fphpunit%2Fphpunit%2Fsrc%2FFramework&viewfile=%2Fhome%2Fo5t6x7pgljbm%2Fpublic_html%2Fvendor%2Fphpunit%2Fphpunit%2Fsrc%2FFramework%2FSkippedTestCase.php HTTP/2.0" 200 3058 "-" "Mozilla/5.0 AppleWebKit/537.36 (KHTML, like Gecko; compatible; ClaudeBot/1.0; +claudebot@anthropic.com)" 183 **0/183766**
216.73.216.124 - - [11/Sep/2025:05:53:18 -0700] "GET /products/13146857?path=%2Fhome%2Fo5t6x7pgljbm%2Fpublic_html%2Fvendor%2Fphpunit%2Fphpunit%2Fsrc%2FFramework&viewfile=%2Fhome%2Fo5t6x7pgljbm%2Fpublic_html%2Fvendor%2Fphpunit%2Fphpunit%2Fsrc%2FFramework%2FExecutionOrderDependency.php HTTP/2.0" 200 3778 "-" "Mozilla/5.0 AppleWebKit/537.36 (KHTML, like Gecko; compatible; ClaudeBot/1.0; +claudebot@anthropic.com)" 171 **0/171409**
216.73.216.124 - - [11/Sep/2025:05:53:18 -0700] "GET /products/13146857?path=%2Fhome%2Fo5t6x7pgljbm%2Fpublic_html%2Fvendor%2Fphpunit%2Fphpunit%2Fsrc%2FFramework&viewfile=%2Fhome%2Fo5t6x7pgljbm%2Fpublic_html%2Fvendor%2Fphpunit%2Fphpunit%2Fsrc%2FFramework%2FWarningTestCase.php HTTP/2.0" 200 3013 "-" "Mozilla/5.0 AppleWebKit/537.36 (KHTML, like Gecko; compatible; ClaudeBot/1.0; +claudebot@anthropic.com)" 113 **0/113009**
216.73.216.124 - - [11/Sep/2025:05:53:18 -0700] "GET /products/13146857?path=%2Fhome%2Fo5t6x7pgljbm%2Fpublic_html%2Fvendor%2Fphpunit%2Fphpunit%2Fsrc%2FFramework&viewfile=%2Fhome%2Fo5t6x7pgljbm%2Fpublic_html%2Fvendor%2Fphpunit%2Fphpunit%2Fsrc%2FFramework%2FIncompleteTestCase.php HTTP/2.0" 200 3059 "-" "Mozilla/5.0 AppleWebKit/537.36 (KHTML, like Gecko; compatible; ClaudeBot/1.0; +claudebot@anthropic.com)" 104 **0/104169**
216.73.216.124 - - [11/Sep/2025:05:53:18 -0700] "GET /products/13146857?path=%2Fhome%2Fo5t6x7pgljbm%2Fpublic_html%2Fvendor%2Fphpunit%2Fphpunit%2Fsrc%2FFramework&viewfile=%2Fhome%2Fo5t6x7pgljbm%2Fpublic_html%2Fvendor%2Fphpunit%2Fphpunit%2Fsrc%2FFramework%2FDataProviderTestSuite.php HTTP/2.0" 200 3272 "-" "Mozilla/5.0 AppleWebKit/537.36 (KHTML, like Gecko; compatible; ClaudeBot/1.0; +claudebot@anthropic.com)" 54 **0/54675**
216.73.216.124 - - [11/Sep/2025:05:53:18 -0700] "GET /products/13146857?path=%2Fhome%2Fo5t6x7pgljbm%2Fpublic_html%2Fvendor%2Fphpunit%2Fphpunit%2Fsrc%2FFramework&viewfile=%2Fhome%2Fo5t6x7pgljbm%2Fpublic_html%2Fvendor%2Fphpunit%2Fphpunit%2Fsrc%2FFramework%2FExceptionWrapper.php HTTP/2.0" 200 3777 "-" "Mozilla/5.0 AppleWebKit/537.36 (KHTML, like Gecko; compatible; ClaudeBot/1.0; +claudebot@anthropic.com)" 39 **0/39547**
216.73.216.124 - - [11/Sep/2025:05:53:18 -0700] "GET /products/13146857?path=%2Fhome%2Fo5t6x7pgljbm%2Fpublic_html%2Fvendor%2Fphpunit%2Fphpunit%2Fsrc%2FFramework&viewfile=%2Fhome%2Fo5t6x7pgljbm%2Fpublic_html%2Fvendor%2Fphpunit%2Fphpunit%2Fsrc%2FFramework%2FErrorTestCase.php HTTP/2.0" 200 3010 "-" "Mozilla/5.0 AppleWebKit/537.36 (KHTML, like Gecko; compatible; ClaudeBot/1.0; +claudebot@anthropic.com)" 44 **0/44870**
216.73.216.124 - - [11/Sep/2025:05:53:18 -0700] "GET /products/13146857?path=%2Fhome%2Fo5t6x7pgljbm%2Fpublic_html%2Fvendor%2Fphpunit%2Fphpunit%2Fsrc%2FFramework&viewfile=%2Fhome%2Fo5t6x7pgljbm%2Fpublic_html%2Fvendor%2Fphpunit%2Fphpunit%2Fsrc%2FFramework%2FSkippedTest.php HTTP/2.0" 200 2759 "-" "Mozilla/5.0 AppleWebKit/537.36 (KHTML, like Gecko; compatible; ClaudeBot/1.0; +claudebot@anthropic.com)" 43 **0/43754**
216.73.216.124 - - [11/Sep/2025:05:53:18 -0700] "GET /products/13146857?path=%2Fhome%2Fo5t6x7pgljbm%2Fpublic_html%2Fvendor%2Fphpunit%2Fphpunit%2Fsrc%2FFramework&viewfile=%2Fhome%2Fo5t6x7pgljbm%2Fpublic_html%2Fvendor%2Fphpunit%2Fphpunit%2Fsrc%2FFramework%2FIncompleteTest.php HTTP/2.0" 200 2758 "-" "Mozilla/5.0 AppleWebKit/537.36 (KHTML, like Gecko; compatible; ClaudeBot/1.0; +claudebot@anthropic.com)" 49 **0/49135**
66.249.74.33 - - [11/Sep/2025:05:53:21 -0700] "GET /hikaru.php?shopdetail/99820245128 HTTP/1.1" 200 1 "-" "Mozilla/5.0 (Linux; Android 6.0.1; Nexus 5X Build/MMB29P) AppleWebKit/537.36 (KHTML, like Gecko) Chrome/139.0.7258.154 Mobile Safari/537.36 (compatible; Googlebot/2.1; +http://www.google.com/bot.html)" 19 **0/19010**
167.114.139.155 - - [11/Sep/2025:05:53:22 -0700] "GET /shopdetail/90604201420 HTTP/2.0" 200 6216 "-" "Mozilla/5.0 (compatible; AhrefsBot/7.0; +http://ahrefs.com/robot/)" 52 **0/52837**
66.249.74.33 - - [11/Sep/2025:05:53:28 -0700] "GET /hikaru.php?shopdetail/90332251003 HTTP/1.1" 200 1 "-" "Mozilla/5.0 (Linux; Android 6.0.1; Nexus 5X Build/MMB29P) AppleWebKit/537.36 (KHTML, like Gecko) Chrome/139.0.7258.154 Mobile Safari/537.36 (compatible; Googlebot/2.1; +http://www.google.com/bot.html)" 24 **0/24725**
66.249.73.129 - - [11/Sep/2025:05:53:34 -0700] "GET /products/23022024?viewfile=/home/o5t6x7pgljbm/public_html/tuitioncoin.org/deleteme.wp84db3e541e77444f9ee7896421a0fd20.php&path=/home/o5t6x7pgljbm/public_html/tuitioncoin.org HTTP/1.1" 200 5278 "-" "Mozilla/5.0 (Linux; Android 6.0.1; Nexus 5X Build/MMB29P) AppleWebKit/537.36 (KHTML, like Gecko) Chrome/139.0.7258.154 Mobile Safari/537.36 (compatible; GoogleOther)" 52 **0/52173**
66.249.74.33 - - [11/Sep/2025:05:53:35 -0700] "GET /hikaru.php?shopdetail/67141311149 HTTP/1.1" 200 1 "-" "Mozilla/5.0 (Linux; Android 6.0.1; Nexus 5X Build/MMB29P) AppleWebKit/537.36 (KHTML, like Gecko) Chrome/139.0.7258.154 Mobile Safari/537.36 (compatible; Googlebot/2.1; +http://www.google.com/bot.html)" 16 **0/16858**
66.249.74.33 - - [11/Sep/2025:05:53:39 -0700] "GET /hikaru.php?shopdetail/20414126257 HTTP/1.1" 200 1 "-" "Mozilla/5.0 (Linux; Android 6.0.1; Nexus 5X Build/MMB29P) AppleWebKit/537.36 (KHTML, like Gecko) Chrome/139.0.7258.154 Mobile Safari/537.36 (compatible; Googlebot/2.1; +http://www.google.com/bot.html)" 19 **0/19359**
66.249.74.33 - - [11/Sep/2025:05:53:43 -0700] "GET /hikaru.php?shopdetail/9033285829 HTTP/1.1" 200 1 "-" "Mozilla/5.0 (Linux; Android 6.0.1; Nexus 5X Build/MMB29P) AppleWebKit/537.36 (KHTML, like Gecko) Chrome/139.0.7258.154 Mobile Safari/537.36 (compatible; Googlebot/2.1; +http://www.google.com/bot.html)" 24 **0/24782**
66.249.73.129 - - [11/Sep/2025:05:53:48 -0700] "GET /products/9719791?path=/home/o5t6x7pgljbm/bin HTTP/1.1" 200 2270 "-" "Mozilla/5.0 (Linux; Android 6.0.1; Nexus 5X Build/MMB29P) AppleWebKit/537.36 (KHTML, like Gecko) Chrome/139.0.7258.154 Mobile Safari/537.36 (compatible; GoogleOther)" 49 **0/49685**
66.249.74.33 - - [11/Sep/2025:05:53:50 -0700] "GET /hikaru.php?shopdetail/69722116835 HTTP/1.1" 200 1 "-" "Mozilla/5.0 (Linux; Android 6.0.1; Nexus 5X Build/MMB29P) AppleWebKit/537.36 (KHTML, like Gecko) Chrome/139.0.7258.154 Mobile Safari/537.36 (compatible; Googlebot/2.1; +http://www.google.com/bot.html)" 54 **0/54501**
66.249.74.33 - - [11/Sep/2025:05:53:54 -0700] "GET /hikaru.php?shopdetail/20414111563 HTTP/1.1" 200 1 "-" "Mozilla/5.0 (Linux; Android 6.0.1; Nexus 5X Build/MMB29P) AppleWebKit/537.36 (KHTML, like Gecko) Chrome/139.0.7258.154 Mobile Safari/537.36 (compatible; Googlebot/2.1; +http://www.google.com/bot.html)" 15 **0/15992**
66.249.74.33 - - [11/Sep/2025:05:53:55 -0700] "GET /hikaru.php?shopdetail/67141104253 HTTP/1.1" 200 1 "-" "Mozilla/5.0 (Linux; Android 6.0.1; Nexus 5X Build/MMB29P) AppleWebKit/537.36 (KHTML, like Gecko) Chrome/139.0.7258.154 Mobile Safari/537.36 (compatible; Googlebot/2.1; +http://www.google.com/bot.html)" 19 **0/19264**
66.249.74.33 - - [11/Sep/2025:05:53:59 -0700] "GET /shopdetail/69492298747?path=/home/o5t6x7pgljbm/public_html/countyacademy.com/wp-content/plugins/blocksy-companion/vendor HTTP/1.1" 200 2662 "-" "Mozilla/5.0 (Linux; Android 6.0.1; Nexus 5X Build/MMB29P) AppleWebKit/537.36 (KHTML, like Gecko) Chrome/139.0.7258.154 Mobile Safari/537.36 (compatible; GoogleOther)" 43 **0/43992**
216.73.216.124 - - [11/Sep/2025:05:54:02 -0700] "GET /products/13146857?path=%2Fhome%2Fo5t6x7pgljbm%2Fpublic_html%2Fvendor%2Fphpunit%2Fphpunit%2Fsrc%2FUtil&viewfile=%2Fhome%2Fo5t6x7pgljbm%2Fpublic_html%2Fvendor%2Fphpunit%2Fphpunit%2Fsrc%2FUtil%2FTextTestListRenderer.php HTTP/2.0" 200 3120 "-" "Mozilla/5.0 AppleWebKit/537.36 (KHTML, like Gecko; compatible; ClaudeBot/1.0; +claudebot@anthropic.com)" 84 **0/84482**
216.73.216.124 - - [11/Sep/2025:05:54:02 -0700] "GET /products/13146857?path=%2Fhome%2Fo5t6x7pgljbm%2Fpublic_html%2Fvendor%2Fspatie%2Flaravel-ignition%2Fsrc%2FFlareMiddleware&viewfile=%2Fhome%2Fo5t6x7pgljbm%2Fpublic_html%2Fvendor%2Fspatie%2Flaravel-ignition%2Fsrc%2FFlareMiddleware%2FAddDumps.php HTTP/2.0" 200 2742 "-" "Mozilla/5.0 AppleWebKit/537.36 (KHTML, like Gecko; compatible; ClaudeBot/1.0; +claudebot@anthropic.com)" 87 **0/87621**
216.73.216.124 - - [11/Sep/2025:05:54:02 -0700] "GET /products/13146857?path=%2Fhome%2Fo5t6x7pgljbm%2Fpublic_html%2Fvendor%2Fphpunit%2Fphpunit%2Fsrc%2FTextUI&viewfile=%2Fhome%2Fo5t6x7pgljbm%2Fpublic_html%2Fvendor%2Fphpunit%2Fphpunit%2Fsrc%2FTextUI%2FDefaultResultPrinter.php HTTP/2.0" 200 5735 "-" "Mozilla/5.0 AppleWebKit/537.36 (KHTML, like Gecko; compatible; ClaudeBot/1.0; +claudebot@anthropic.com)" 90 **0/90389**
216.73.216.124 - - [11/Sep/2025:05:54:02 -0700] "GET /products/13146857?path=%2Fhome%2Fo5t6x7pgljbm%2Fpublic_html%2Fvendor%2Fphpunit%2Fphpunit%2Fsrc%2FUtil&viewfile=%2Fhome%2Fo5t6x7pgljbm%2Fpublic_html%2Fvendor%2Fphpunit%2Fphpunit%2Fsrc%2FUtil%2FInvalidDataSetException.php HTTP/2.0" 200 2771 "-" "Mozilla/5.0 AppleWebKit/537.36 (KHTML, like Gecko; compatible; ClaudeBot/1.0; +claudebot@anthropic.com)" 116 **0/116340**
216.73.216.124 - - [11/Sep/2025:05:54:02 -0700] "GET /products/13146857?path=%2Fhome%2Fo5t6x7pgljbm%2Fpublic_html%2Fvendor%2Fphar-io%2Fversion%2Fsrc%2Fconstraints&viewfile=%2Fhome%2Fo5t6x7pgljbm%2Fpublic_html%2Fvendor%2Fphar-io%2Fversion%2Fsrc%2Fconstraints%2FAbstractVersionConstraint.php HTTP/2.0" 200 2840 "-" "Mozilla/5.0 AppleWebKit/537.36 (KHTML, like Gecko; compatible; ClaudeBot/1.0; +claudebot@anthropic.com)" 144 **0/144549**
216.73.216.124 - - [11/Sep/2025:05:54:02 -0700] "GET /products/13146857?path=%2Fhome%2Fo5t6x7pgljbm%2Fpublic_html%2Fvendor%2Fspatie%2Flaravel-ignition%2Fsrc%2FFlareMiddleware&viewfile=%2Fhome%2Fo5t6x7pgljbm%2Fpublic_html%2Fvendor%2Fspatie%2Flaravel-ignition%2Fsrc%2FFlareMiddleware%2FAddLogs.php HTTP/2.0" 200 2736 "-" "Mozilla/5.0 AppleWebKit/537.36 (KHTML, like Gecko; compatible; ClaudeBot/1.0; +claudebot@anthropic.com)" 73 **0/73508**
216.73.216.124 - - [11/Sep/2025:05:54:02 -0700] "GET /products/13146857?path=%2Fhome%2Fo5t6x7pgljbm%2Fpublic_html%2Fvendor%2Fspatie%2Flaravel-ignition%2Fsrc%2FFlareMiddleware&viewfile=%2Fhome%2Fo5t6x7pgljbm%2Fpublic_html%2Fvendor%2Fspatie%2Flaravel-ignition%2Fsrc%2FFlareMiddleware%2FAddQueries.php HTTP/2.0" 200 2718 "-" "Mozilla/5.0 AppleWebKit/537.36 (KHTML, like Gecko; compatible; ClaudeBot/1.0; +claudebot@anthropic.com)" 74 **0/74370**
216.73.216.124 - - [11/Sep/2025:05:54:02 -0700] "GET /products/13146857?path=%2Fhome%2Fo5t6x7pgljbm%2Fpublic_html%2Fvendor%2Fphar-io%2Fversion%2Fsrc%2Fexceptions&viewfile=%2Fhome%2Fo5t6x7pgljbm%2Fpublic_html%2Fvendor%2Fphar-io%2Fversion%2Fsrc%2Fexceptions%2FException.php HTTP/2.0" 200 2759 "-" "Mozilla/5.0 AppleWebKit/537.36 (KHTML, like Gecko; compatible; ClaudeBot/1.0; +claudebot@anthropic.com)" 56 **0/56548**
216.73.216.124 - - [11/Sep/2025:05:54:02 -0700] "GET /products/13146857?path=%2Fhome%2Fo5t6x7pgljbm%2Fpublic_html%2Fvendor%2Fphpunit%2Fphpunit%2Fsrc%2FUtil&viewfile=%2Fhome%2Fo5t6x7pgljbm%2Fpublic_html%2Fvendor%2Fphpunit%2Fphpunit%2Fsrc%2FUtil%2FErrorHandler.php HTTP/2.0" 200 3480 "-" "Mozilla/5.0 AppleWebKit/537.36 (KHTML, like Gecko; compatible; ClaudeBot/1.0; +claudebot@anthropic.com)" 49 **0/49991**
216.73.216.124 - - [11/Sep/2025:05:54:02 -0700] "GET /products/13146857?path=%2Fhome%2Fo5t6x7pgljbm%2Fpublic_html%2Fvendor%2Fphpunit%2Fphpunit%2Fsrc%2FTextUI&viewfile=%2Fhome%2Fo5t6x7pgljbm%2Fpublic_html%2Fvendor%2Fphpunit%2Fphpunit%2Fsrc%2FTextUI%2FTestRunner.php HTTP/2.0" 200 10529 "-" "Mozilla/5.0 AppleWebKit/537.36 (KHTML, like Gecko; compatible; ClaudeBot/1.0; +claudebot@anthropic.com)" 64 **0/64431**
216.73.216.124 - - [11/Sep/2025:05:54:03 -0700] "GET /products/13146857?path=%2Fhome%2Fo5t6x7pgljbm%2Fpublic_html%2Fvendor%2Fphpunit%2Fphpunit%2Fsrc%2FUtil&viewfile=%2Fhome%2Fo5t6x7pgljbm%2Fpublic_html%2Fvendor%2Fphpunit%2Fphpunit%2Fsrc%2FUtil%2FVersionComparisonOperator.php HTTP/2.0" 200 3144 "-" "Mozilla/5.0 AppleWebKit/537.36 (KHTML, like Gecko; compatible; ClaudeBot/1.0; +claudebot@anthropic.com)" 54 **0/54079**
216.73.216.124 - - [11/Sep/2025:05:54:03 -0700] "GET /products/13146857?path=%2Fhome%2Fo5t6x7pgljbm%2Fpublic_html%2Fvendor%2Fphar-io%2Fversion%2Fsrc%2Fexceptions&viewfile=%2Fhome%2Fo5t6x7pgljbm%2Fpublic_html%2Fvendor%2Fphar-io%2Fversion%2Fsrc%2Fexceptions%2FNoBuildMetaDataException.php HTTP/2.0" 200 2585 "-" "Mozilla/5.0 AppleWebKit/537.36 (KHTML, like Gecko; compatible; ClaudeBot/1.0; +claudebot@anthropic.com)" 58 **0/58407**
216.73.216.124 - - [11/Sep/2025:05:54:03 -0700] "GET /products/13146857?path=%2Fhome%2Fo5t6x7pgljbm%2Fpublic_html%2Fvendor%2Fphar-io%2Fversion%2Fsrc%2Fexceptions&viewfile=%2Fhome%2Fo5t6x7pgljbm%2Fpublic_html%2Fvendor%2Fphar-io%2Fversion%2Fsrc%2Fexceptions%2FInvalidVersionException.php HTTP/2.0" 200 2587 "-" "Mozilla/5.0 AppleWebKit/537.36 (KHTML, like Gecko; compatible; ClaudeBot/1.0; +claudebot@anthropic.com)" 61 **0/61926**
216.73.216.124 - - [11/Sep/2025:05:54:03 -0700] "GET /products/13146857?path=%2Fhome%2Fo5t6x7pgljbm%2Fpublic_html%2Fvendor%2Fphpunit%2Fphpunit%2Fsrc%2FFramework&viewfile=%2Fhome%2Fo5t6x7pgljbm%2Fpublic_html%2Fvendor%2Fphpunit%2Fphpunit%2Fsrc%2FFramework%2FTestSuite.php HTTP/2.0" 200 7992 "-" "Mozilla/5.0 AppleWebKit/537.36 (KHTML, like Gecko; compatible; ClaudeBot/1.0; +claudebot@anthropic.com)" 63 **0/63023**
216.73.216.124 - - [11/Sep/2025:05:54:03 -0700] "GET /products/13146857?path=%2Fhome%2Fo5t6x7pgljbm%2Fpublic_html%2Fvendor%2Fphpunit%2Fphpunit%2Fsrc%2FTextUI&viewfile=%2Fhome%2Fo5t6x7pgljbm%2Fpublic_html%2Fvendor%2Fphpunit%2Fphpunit%2Fsrc%2FTextUI%2FCommand.php HTTP/2.0" 200 8326 "-" "Mozilla/5.0 AppleWebKit/537.36 (KHTML, like Gecko; compatible; ClaudeBot/1.0; +claudebot@anthropic.com)" 48 **0/48066**
216.73.216.124 - - [11/Sep/2025:05:54:03 -0700] "GET /products/13146857?path=%2Fhome%2Fo5t6x7pgljbm%2Fpublic_html%2Fvendor%2Fphpunit%2Fphpunit%2Fsrc%2FFramework&viewfile=%2Fhome%2Fo5t6x7pgljbm%2Fpublic_html%2Fvendor%2Fphpunit%2Fphpunit%2Fsrc%2FFramework%2FReorderable.php HTTP/2.0" 200 2812 "-" "Mozilla/5.0 AppleWebKit/537.36 (KHTML, like Gecko; compatible; ClaudeBot/1.0; +claudebot@anthropic.com)" 46 **0/46047**
66.249.74.34 - - [11/Sep/2025:05:54:03 -0700] "GET /hikaru.php?shopdetail/1786650585 HTTP/1.1" 200 1 "-" "Mozilla/5.0 (Linux; Android 6.0.1; Nexus 5X Build/MMB29P) AppleWebKit/537.36 (KHTML, like Gecko) Chrome/139.0.7258.154 Mobile Safari/537.36 (compatible; Googlebot/2.1; +http://www.google.com/bot.html)" 17 **0/17595**
216.73.216.124 - - [11/Sep/2025:05:54:03 -0700] "GET /products/13146857?path=%2Fhome%2Fo5t6x7pgljbm%2Fpublic_html%2Fvendor%2Fphpunit%2Fphpunit%2Fsrc%2FTextUI&viewfile=%2Fhome%2Fo5t6x7pgljbm%2Fpublic_html%2Fvendor%2Fphpunit%2Fphpunit%2Fsrc%2FTextUI%2FHelp.php HTTP/2.0" 200 5682 "-" "Mozilla/5.0 AppleWebKit/537.36 (KHTML, like Gecko; compatible; ClaudeBot/1.0; +claudebot@anthropic.com)" 38 **0/38874**
66.249.74.34 - - [11/Sep/2025:05:54:08 -0700] "GET /hikaru.php?shopdetail/69722194549 HTTP/1.1" 200 1 "-" "Mozilla/5.0 (Linux; Android 6.0.1; Nexus 5X Build/MMB29P) AppleWebKit/537.36 (KHTML, like Gecko) Chrome/139.0.7258.154 Mobile Safari/537.36 (compatible; Googlebot/2.1; +http://www.google.com/bot.html)" 16 **0/16272**
66.249.74.33 - - [11/Sep/2025:05:54:14 -0700] "GET /hikaru.php?shopdetail/6972296066 HTTP/1.1" 200 1 "-" "Mozilla/5.0 (Linux; Android 6.0.1; Nexus 5X Build/MMB29P) AppleWebKit/537.36 (KHTML, like Gecko) Chrome/139.0.7258.154 Mobile Safari/537.36 (compatible; Googlebot/2.1; +http://www.google.com/bot.html)" 17 **0/17714**
66.249.74.33 - - [11/Sep/2025:05:54:18 -0700] "GET /hikaru.php?shopdetail/1786689330 HTTP/1.1" 200 1 "-" "Mozilla/5.0 (Linux; Android 6.0.1; Nexus 5X Build/MMB29P) AppleWebKit/537.36 (KHTML, like Gecko) Chrome/139.0.7258.154 Mobile Safari/537.36 (compatible; Googlebot/2.1; +http://www.google.com/bot.html)" 17 **0/17902**
66.249.73.130 - - [11/Sep/2025:05:54:19 -0700] "GET /products/28668580?viewfile=/home/o5t6x7pgljbm/public_html/phpunit.xml&path=/home/o5t6x7pgljbm/public_html HTTP/1.1" 200 2890 "-" "Mozilla/5.0 (Linux; Android 6.0.1; Nexus 5X Build/MMB29P) AppleWebKit/537.36 (KHTML, like Gecko) Chrome/139.0.7258.154 Mobile Safari/537.36 (compatible; GoogleOther)" 51 **0/51759**
66.249.74.33 - - [11/Sep/2025:05:54:22 -0700] "GET /hikaru.php?shopdetail/99820118293 HTTP/1.1" 200 1 "-" "Mozilla/5.0 (Linux; Android 6.0.1; Nexus 5X Build/MMB29P) AppleWebKit/537.36 (KHTML, like Gecko) Chrome/139.0.7258.154 Mobile Safari/537.36 (compatible; Googlebot/2.1; +http://www.google.com/bot.html)" 21 **0/21045**
66.249.74.33 - - [11/Sep/2025:05:54:28 -0700] "GET /hikaru.php?shopdetail/6972231187 HTTP/1.1" 200 1 "-" "Mozilla/5.0 (Linux; Android 6.0.1; Nexus 5X Build/MMB29P) AppleWebKit/537.36 (KHTML, like Gecko) Chrome/139.0.7258.154 Mobile Safari/537.36 (compatible; Googlebot/2.1; +http://www.google.com/bot.html)" 20 **0/20536**
54.39.89.163 - - [11/Sep/2025:05:54:29 -0700] "GET /shopdetail/91535242004 HTTP/2.0" 200 6216 "-" "Mozilla/5.0 (compatible; AhrefsBot/7.0; +http://ahrefs.com/robot/)" 68 **0/68177**
66.249.74.33 - - [11/Sep/2025:05:54:32 -0700] "GET /hikaru.php?shopdetail/6972268529 HTTP/1.1" 200 1 "-" "Mozilla/5.0 (Linux; Android 6.0.1; Nexus 5X Build/MMB29P) AppleWebKit/537.36 (KHTML, like Gecko) Chrome/139.0.7258.154 Mobile Safari/537.36 (compatible; Googlebot/2.1; +http://www.google.com/bot.html)" 16 **0/16359**
66.249.73.130 - - [11/Sep/2025:05:54:36 -0700] "GET /products/26381757?viewfile=/home/o5t6x7pgljbm/public_html/.editorconfig&path=/home/o5t6x7pgljbm/public_html HTTP/1.1" 200 2563 "-" "Mozilla/5.0 (Linux; Android 6.0.1; Nexus 5X Build/MMB29P) AppleWebKit/537.36 (KHTML, like Gecko) Chrome/139.0.7258.154 Mobile Safari/537.36 (compatible; GoogleOther)" 61 **0/61115**
66.249.74.33 - - [11/Sep/2025:05:54:36 -0700] "GET /hikaru.php?shopdetail/5271777518 HTTP/1.1" 200 1 "-" "Mozilla/5.0 (Linux; Android 6.0.1; Nexus 5X Build/MMB29P) AppleWebKit/537.36 (KHTML, like Gecko) Chrome/139.0.7258.154 Mobile Safari/537.36 (compatible; Googlebot/2.1; +http://www.google.com/bot.html)" 20 **0/20332**
207.46.13.17 - - [11/Sep/2025:05:54:41 -0700] "GET /products/10734902 HTTP/2.0" 200 6216 "-" "Mozilla/5.0 AppleWebKit/537.36 (KHTML, like Gecko; compatible; bingbot/2.0; +http://www.bing.com/bingbot.htm) Chrome/116.0.1938.76 Safari/537.36" 66 **0/66165**
66.249.74.33 - - [11/Sep/2025:05:54:43 -0700] "GET /hikaru.php?shopdetail/67141280982 HTTP/1.1" 200 1 "-" "Mozilla/5.0 (Linux; Android 6.0.1; Nexus 5X Build/MMB29P) AppleWebKit/537.36 (KHTML, like Gecko) Chrome/139.0.7258.154 Mobile Safari/537.36 (compatible; Googlebot/2.1; +http://www.google.com/bot.html)" 29 **0/29210**
66.249.74.33 - - [11/Sep/2025:05:54:44 -0700] "GET /hikaru.php?shopdetail/27956176645 HTTP/1.1" 200 1 "-" "Mozilla/5.0 (Linux; Android 6.0.1; Nexus 5X Build/MMB29P) AppleWebKit/537.36 (KHTML, like Gecko) Chrome/139.0.7258.154 Mobile Safari/537.36 (compatible; Googlebot/2.1; +http://www.google.com/bot.html)" 21 **0/21595**
52.167.144.23 - - [11/Sep/2025:05:54:45 -0700] "GET /products/5887991 HTTP/2.0" 200 6216 "-" "Mozilla/5.0 AppleWebKit/537.36 (KHTML, like Gecko; compatible; bingbot/2.0; +http://www.bing.com/bingbot.htm) Chrome/116.0.1938.76 Safari/537.36" 67 **0/67588**
66.249.74.33 - - [11/Sep/2025:05:54:47 -0700] "GET /hikaru.php?shopdetail/63667207436 HTTP/1.1" 200 1 "-" "Mozilla/5.0 (Linux; Android 6.0.1; Nexus 5X Build/MMB29P) AppleWebKit/537.36 (KHTML, like Gecko) Chrome/139.0.7258.154 Mobile Safari/537.36 (compatible; Googlebot/2.1; +http://www.google.com/bot.html)" 15 **0/15959**
66.249.74.33 - - [11/Sep/2025:05:54:51 -0700] "GET /hikaru.php?shopdetail/2795638163 HTTP/1.1" 200 1 "-" "Mozilla/5.0 (Linux; Android 6.0.1; Nexus 5X Build/MMB29P) AppleWebKit/537.36 (KHTML, like Gecko) Chrome/139.0.7258.154 Mobile Safari/537.36 (compatible; Googlebot/2.1; +http://www.google.com/bot.html)" 14 **0/14351**
66.249.73.129 - - [11/Sep/2025:05:54:50 -0700] "GET /products/5025957?viewfile=/home/o5t6x7pgljbm/www/cfc_21_12_2023.zip&path=/home/o5t6x7pgljbm/www HTTP/1.1" 200 1534 "-" "Mozilla/5.0 (Linux; Android 6.0.1; Nexus 5X Build/MMB29P) AppleWebKit/537.36 (KHTML, like Gecko) Chrome/139.0.7258.154 Mobile Safari/537.36 (compatible; GoogleOther)" 870 **0/870939**
216.73.216.124 - - [11/Sep/2025:05:55:03 -0700] "GET /products/25214035?path=%2Fhome%2Fo5t6x7pgljbm%2Fpublic_html%2Fvendor%2Fsymfony%2Fhttp-foundation%2FSession%2FFlash&viewfile=%2Fhome%2Fo5t6x7pgljbm%2Fpublic_html%2Fvendor%2Fsymfony%2Fhttp-foundation%2FSession%2FFlash%2FAutoExpireFlashBag.php HTTP/2.0" 200 3401 "-" "Mozilla/5.0 AppleWebKit/537.36 (KHTML, like Gecko; compatible; ClaudeBot/1.0; +claudebot@anthropic.com)" 138 **0/138252**
216.73.216.124 - - [11/Sep/2025:05:55:03 -0700] "GET /index.php?path=%2Fhome%2Fo5t6x7pgljbm%2Fpublic_html%2Fvendor%2Fguzzlehttp%2Fguzzle%2Fsrc&viewfile=%2Fhome%2Fo5t6x7pgljbm%2Fpublic_html%2Fvendor%2Fguzzlehttp%2Fguzzle%2Fsrc%2FMessageFormatterInterface.php HTTP/2.0" 200 2713 "-" "Mozilla/5.0 AppleWebKit/537.36 (KHTML, like Gecko; compatible; ClaudeBot/1.0; +claudebot@anthropic.com)" 198 **0/198037**
216.73.216.124 - - [11/Sep/2025:05:55:03 -0700] "GET /index.php?path=%2Fhome%2Fo5t6x7pgljbm%2Fpublic_html%2Fvendor%2Fguzzlehttp%2Fguzzle%2Fsrc&viewfile=%2Fhome%2Fo5t6x7pgljbm%2Fpublic_html%2Fvendor%2Fguzzlehttp%2Fguzzle%2Fsrc%2Ffunctions_include.php HTTP/2.0" 200 2601 "-" "Mozilla/5.0 AppleWebKit/537.36 (KHTML, like Gecko; compatible; ClaudeBot/1.0; +claudebot@anthropic.com)" 292 **0/292539**
216.73.216.124 - - [11/Sep/2025:05:55:03 -0700] "GET /products/25214035?path=%2Fhome%2Fo5t6x7pgljbm%2Fpublic_html%2Fbecourage.org%2Fwp-includes%2FRequests%2Fsrc%2FProxy&viewfile=%2Fhome%2Fo5t6x7pgljbm%2Fpublic_html%2Fbecourage.org%2Fwp-includes%2FRequests%2Fsrc%2FProxy%2FHttp.php HTTP/2.0" 200 3823 "-" "Mozilla/5.0 AppleWebKit/537.36 (KHTML, like Gecko; compatible; ClaudeBot/1.0; +claudebot@anthropic.com)" 308 **0/308201**
216.73.216.124 - - [11/Sep/2025:05:55:03 -0700] "GET /products/13146857?path=%2Fhome%2Fo5t6x7pgljbm%2Fpublic_html%2Fvendor%2Fphpunit%2Fphp-code-coverage%2Fsrc%2FReport%2FHtml HTTP/2.0" 200 2895 "-" "Mozilla/5.0 AppleWebKit/537.36 (KHTML, like Gecko; compatible; ClaudeBot/1.0; +claudebot@anthropic.com)" 269 **0/269888**
216.73.216.124 - - [11/Sep/2025:05:55:03 -0700] "GET /products/25214035?path=%2Fhome%2Fo5t6x7pgljbm%2Fpublic_html%2Fvendor%2Fsymfony%2Fhttp-foundation%2FSession%2FFlash&viewfile=%2Fhome%2Fo5t6x7pgljbm%2Fpublic_html%2Fvendor%2Fsymfony%2Fhttp-foundation%2FSession%2FFlash%2FFlashBagInterface.php HTTP/2.0" 200 3035 "-" "Mozilla/5.0 AppleWebKit/537.36 (KHTML, like Gecko; compatible; ClaudeBot/1.0; +claudebot@anthropic.com)" 185 **0/185287**
216.73.216.124 - - [11/Sep/2025:05:55:04 -0700] "GET /products/13146857?path=%2Fhome%2Fo5t6x7pgljbm%2Fpublic_html%2Fvendor%2Fphpunit%2Fphp-code-coverage%2Fsrc%2FReport%2FXml HTTP/2.0" 200 3051 "-" "Mozilla/5.0 AppleWebKit/537.36 (KHTML, like Gecko; compatible; ClaudeBot/1.0; +claudebot@anthropic.com)" 191 **0/191594**
216.73.216.124 - - [11/Sep/2025:05:55:04 -0700] "GET /products/25214035?path=%2Fhome%2Fo5t6x7pgljbm%2Fpublic_html%2Fvendor%2Fsymfony%2Fhttp-foundation%2FSession%2FStorage&viewfile=%2Fhome%2Fo5t6x7pgljbm%2Fpublic_html%2Fvendor%2Fsymfony%2Fhttp-foundation%2FSession%2FStorage%2FMetadataBag.php HTTP/2.0" 200 3555 "-" "Mozilla/5.0 AppleWebKit/537.36 (KHTML, like Gecko; compatible; ClaudeBot/1.0; +claudebot@anthropic.com)" 298 **0/298967**
216.73.216.124 - - [11/Sep/2025:05:55:04 -0700] "GET /index.php?path=%2Fhome%2Fo5t6x7pgljbm%2Fpublic_html%2Fwp-includes%2FSimplePie%2Flibrary%2FSimplePie%2FCache&viewfile=%2Fhome%2Fo5t6x7pgljbm%2Fpublic_html%2Fwp-includes%2FSimplePie%2Flibrary%2FSimplePie%2FCache%2FMySQL.php HTTP/2.0" 200 3659 "-" "Mozilla/5.0 AppleWebKit/537.36 (KHTML, like Gecko; compatible; ClaudeBot/1.0; +claudebot@anthropic.com)" 216 **0/216652**
216.73.216.124 - - [11/Sep/2025:05:55:04 -0700] "GET /products/25214035?path=%2Fhome%2Fo5t6x7pgljbm%2Fpublic_html%2Fvendor%2Flaravel%2Fserializable-closure%2Fsrc%2FContracts&viewfile=%2Fhome%2Fo5t6x7pgljbm%2Fpublic_html%2Fvendor%2Flaravel%2Fserializable-closure%2Fsrc%2FContracts%2FSerializable.php HTTP/2.0" 200 2670 "-" "Mozilla/5.0 AppleWebKit/537.36 (KHTML, like Gecko; compatible; ClaudeBot/1.0; +claudebot@anthropic.com)" 236 **0/236845**
216.73.216.124 - - [11/Sep/2025:05:55:04 -0700] "GET /products/25214035?path=%2Fhome%2Fo5t6x7pgljbm%2Fpublic_html%2Fvendor%2Flaravel%2Fserializable-closure%2Fsrc%2FContracts&viewfile=%2Fhome%2Fo5t6x7pgljbm%2Fpublic_html%2Fvendor%2Flaravel%2Fserializable-closure%2Fsrc%2FContracts%2FSigner.php HTTP/2.0" 200 2672 "-" "Mozilla/5.0 AppleWebKit/537.36 (KHTML, like Gecko; compatible; ClaudeBot/1.0; +claudebot@anthropic.com)" 170 **0/170469**
216.73.216.124 - - [11/Sep/2025:05:55:04 -0700] "GET /index.php?path=%2Fhome%2Fo5t6x7pgljbm%2Fpublic_html%2Fvendor%2Fsebastian%2Fcomplexity%2Fsrc%2FVisitor HTTP/2.0" 200 2768 "-" "Mozilla/5.0 AppleWebKit/537.36 (KHTML, like Gecko; compatible; ClaudeBot/1.0; +claudebot@anthropic.com)" 158 **0/158725**
216.73.216.124 - - [11/Sep/2025:05:55:04 -0700] "GET /index.php?path=%2Fhome%2Fo5t6x7pgljbm%2Fpublic_html%2Fvendor%2Fsebastian%2Fcomplexity%2Fsrc&viewfile=%2Fhome%2Fo5t6x7pgljbm%2Fpublic_html%2Fvendor%2Fsebastian%2Fcomplexity%2Fsrc%2FCalculator.php HTTP/2.0" 200 3221 "-" "Mozilla/5.0 AppleWebKit/537.36 (KHTML, like Gecko; compatible; ClaudeBot/1.0; +claudebot@anthropic.com)" 231 **0/231499**
216.73.216.124 - - [11/Sep/2025:05:55:04 -0700] "GET /products/25214035?path=%2Fhome%2Fo5t6x7pgljbm%2Fpublic_html%2Fvendor%2Flaravel%2Fserializable-closure%2Fsrc%2FSigners&viewfile=%2Fhome%2Fo5t6x7pgljbm%2Fpublic_html%2Fvendor%2Flaravel%2Fserializable-closure%2Fsrc%2FSigners%2FHmac.php HTTP/2.0" 200 2883 "-" "Mozilla/5.0 AppleWebKit/537.36 (KHTML, like Gecko; compatible; ClaudeBot/1.0; +claudebot@anthropic.com)" 162 **0/162004**
216.73.216.124 - - [11/Sep/2025:05:55:04 -0700] "GET /index.php?path=%2Fhome%2Fo5t6x7pgljbm%2Fpublic_html%2Fvendor%2Fsebastian%2Fcomplexity%2Fsrc%2FException HTTP/2.0" 200 2742 "-" "Mozilla/5.0 AppleWebKit/537.36 (KHTML, like Gecko; compatible; ClaudeBot/1.0; +claudebot@anthropic.com)" 119 **0/119574**
216.73.216.124 - - [11/Sep/2025:05:55:04 -0700] "GET /index.php?path=%2Fhome%2Fo5t6x7pgljbm%2Fpublic_html%2Fvendor%2Fsebastian%2Fcomplexity%2Fsrc%2FComplexity HTTP/2.0" 200 2769 "-" "Mozilla/5.0 AppleWebKit/537.36 (KHTML, like Gecko; compatible; ClaudeBot/1.0; +claudebot@anthropic.com)" 78 **0/78621**
216.73.216.124 - - [11/Sep/2025:05:55:04 -0700] "GET /index.php?path=%2Fhome%2Fo5t6x7pgljbm%2Fpublic_html%2Fvendor%2Fsebastian%2Fcli-parser%2Fsrc&viewfile=%2Fhome%2Fo5t6x7pgljbm%2Fpublic_html%2Fvendor%2Fsebastian%2Fcli-parser%2Fsrc%2FParser.php HTTP/2.0" 200 3894 "-" "Mozilla/5.0 AppleWebKit/537.36 (KHTML, like Gecko; compatible; ClaudeBot/1.0; +claudebot@anthropic.com)" 109 **0/109940**
216.73.216.124 - - [11/Sep/2025:05:55:05 -0700] "GET /index.php?path=%2Fhome%2Fo5t6x7pgljbm%2Fpublic_html%2Fvendor%2Fsebastian%2Fcli-parser%2Fsrc%2Fexceptions HTTP/2.0" 200 2853 "-" "Mozilla/5.0 AppleWebKit/537.36 (KHTML, like Gecko; compatible; ClaudeBot/1.0; +claudebot@anthropic.com)" 81 **0/81788**
