20.171.207.207 - - [11/Sep/2025:05:40:38 -0700] "GET /our-priorites-details/?path=/home/o5t6x7pgljbm/public_html/app/Exceptions&viewfile=/home/o5t6x7pgljbm/public_html/app/Exceptions/Handler.php HTTP/2.0" 200 3184 "-" "Mozilla/5.0 AppleWebKit/537.36 (KHTML, like Gecko; compatible; GPTBot/1.2; +https://openai.com/gptbot)" 59 **0/59486**
20.171.207.229 - - [11/Sep/2025:05:40:38 -0700] "GET /admin-post.php?path=//proc/self/root/proc/thread-self/root/proc/thread-self/root/proc/thread-self/root/proc/thread-self/root/proc/self/root/proc/self/cwd/public/app-assets/vendors/quill/assets HTTP/2.0" 200 3131 "-" "Mozilla/5.0 AppleWebKit/537.36 (KHTML, like Gecko; compatible; GPTBot/1.2; +https://openai.com/gptbot)" 45 **0/45955**
20.171.207.207 - - [11/Sep/2025:05:40:39 -0700] "GET /our-priorites-details/?path=/home/o5t6x7pgljbm/public_html/app/Exceptions&viewfile=/home/o5t6x7pgljbm/public_html/app/Exceptions/.Exceptions.php HTTP/2.0" 200 2462 "-" "Mozilla/5.0 AppleWebKit/537.36 (KHTML, like Gecko; compatible; GPTBot/1.2; +https://openai.com/gptbot)" 61 **0/61088**
66.249.73.130 - - [11/Sep/2025:05:40:39 -0700] "GET /products/30562768 HTTP/1.1" 200 6216 "-" "Mozilla/5.0 (Linux; Android 6.0.1; Nexus 5X Build/MMB29P) AppleWebKit/537.36 (KHTML, like Gecko) Chrome/139.0.7258.154 Mobile Safari/537.36 (compatible; Googlebot/2.1; +http://www.google.com/bot.html)" 56 **0/56739**
20.171.207.229 - - [11/Sep/2025:05:40:39 -0700] "GET /admin-post.php?path=//proc/self/root/proc/thread-self/root/proc/thread-self/root/proc/thread-self/root/proc/thread-self/root/proc/self/root/proc/self/cwd/public/app-assets/vendors/sparkline HTTP/2.0" 200 2812 "-" "Mozilla/5.0 AppleWebKit/537.36 (KHTML, like Gecko; compatible; GPTBot/1.2; +https://openai.com/gptbot)" 58 **0/58480**
66.249.73.129 - - [11/Sep/2025:05:40:40 -0700] "GET /products/21860213 HTTP/1.1" 200 6216 "-" "Mozilla/5.0 (Linux; Android 6.0.1; Nexus 5X Build/MMB29P) AppleWebKit/537.36 (KHTML, like Gecko) Chrome/139.0.7258.154 Mobile Safari/537.36 (compatible; Googlebot/2.1; +http://www.google.com/bot.html)" 53 **0/53342**
20.171.207.229 - - [11/Sep/2025:05:40:41 -0700] "GET /admin-post.php?path=//proc/self/root/proc/thread-self/root/proc/thread-self/root/proc/thread-self/root/proc/thread-self/root/proc/self/root/proc/self/cwd/public/app-assets/fonts/fontawesome/webfonts HTTP/2.0" 200 3180 "-" "Mozilla/5.0 AppleWebKit/537.36 (KHTML, like Gecko; compatible; GPTBot/1.2; +https://openai.com/gptbot)" 54 **0/54433**
66.249.73.129 - - [11/Sep/2025:05:40:41 -0700] "GET /products/30666080 HTTP/1.1" 200 6216 "-" "Mozilla/5.0 (Linux; Android 6.0.1; Nexus 5X Build/MMB29P) AppleWebKit/537.36 (KHTML, like Gecko) Chrome/139.0.7258.154 Mobile Safari/537.36 (compatible; Googlebot/2.1; +http://www.google.com/bot.html)" 47 **0/47846**
20.171.207.229 - - [11/Sep/2025:05:40:42 -0700] "GET /admin-post.php?path=//proc/self/root/proc/thread-self/root/proc/thread-self/root/proc/thread-self/root/proc/thread-self/root/proc/self/root/proc/self/cwd/public/app-assets/fonts/fontawesome/js HTTP/2.0" 200 3104 "-" "Mozilla/5.0 AppleWebKit/537.36 (KHTML, like Gecko; compatible; GPTBot/1.2; +https://openai.com/gptbot)" 71 **0/71022**
66.249.73.131 - - [11/Sep/2025:05:40:42 -0700] "GET /products/9609613 HTTP/1.1" 200 6216 "-" "Mozilla/5.0 (Linux; Android 6.0.1; Nexus 5X Build/MMB29P) AppleWebKit/537.36 (KHTML, like Gecko) Chrome/139.0.7258.154 Mobile Safari/537.36 (compatible; Googlebot/2.1; +http://www.google.com/bot.html)" 43 **0/43733**
66.249.73.128 - - [11/Sep/2025:05:40:43 -0700] "GET /products/21870268 HTTP/1.1" 200 6216 "-" "Mozilla/5.0 (Linux; Android 6.0.1; Nexus 5X Build/MMB29P) AppleWebKit/537.36 (KHTML, like Gecko) Chrome/139.0.7258.154 Mobile Safari/537.36 (compatible; Googlebot/2.1; +http://www.google.com/bot.html)" 47 **0/47762**
20.171.207.229 - - [11/Sep/2025:05:40:43 -0700] "GET /admin-post.php?path=//proc/self/root/proc/thread-self/root/proc/thread-self/root/proc/thread-self/root/proc/thread-self/root/proc/self/root/proc/self/cwd/public/app-assets/images/icon HTTP/2.0" 200 3362 "-" "Mozilla/5.0 AppleWebKit/537.36 (KHTML, like Gecko; compatible; GPTBot/1.2; +https://openai.com/gptbot)" 53 **0/53984**
66.249.73.128 - - [11/Sep/2025:05:40:44 -0700] "GET /products/17681891 HTTP/1.1" 200 6216 "-" "Mozilla/5.0 (Linux; Android 6.0.1; Nexus 5X Build/MMB29P) AppleWebKit/537.36 (KHTML, like Gecko) Chrome/139.0.7258.154 Mobile Safari/537.36 (compatible; Googlebot/2.1; +http://www.google.com/bot.html)" 47 **0/47314**
57.141.2.90 - - [11/Sep/2025:05:40:44 -0700] "GET /shopdetail/69492187485 HTTP/2.0" 200 157330 "-" "meta-externalagent/1.1 (+https://developers.facebook.com/docs/sharing/webmasters/crawler)" 55 **0/55725**
20.171.207.229 - - [11/Sep/2025:05:40:45 -0700] "GET /admin-post.php?path=//proc/self/root/proc/thread-self/root/proc/thread-self/root/proc/thread-self/root/proc/thread-self/root/proc/self/root/proc/thread-self/cwd/public/app-assets/images/avatar HTTP/2.0" 200 3076 "-" "Mozilla/5.0 AppleWebKit/537.36 (KHTML, like Gecko; compatible; GPTBot/1.2; +https://openai.com/gptbot)" 75 **0/75114**
66.249.73.130 - - [11/Sep/2025:05:40:45 -0700] "GET /products/2634435 HTTP/1.1" 200 6216 "-" "Mozilla/5.0 (Linux; Android 6.0.1; Nexus 5X Build/MMB29P) AppleWebKit/537.36 (KHTML, like Gecko) Chrome/139.0.7258.154 Mobile Safari/537.36 (compatible; Googlebot/2.1; +http://www.google.com/bot.html)" 51 **0/51406**
20.171.207.207 - - [11/Sep/2025:05:40:46 -0700] "GET /phpMyAdmin5/index.php?path=/home/o5t6x7pgljbm/public_html&viewfile=/home/o5t6x7pgljbm/public_html/conceptionss.php HTTP/2.0" 200 2532 "-" "Mozilla/5.0 AppleWebKit/537.36 (KHTML, like Gecko; compatible; GPTBot/1.2; +https://openai.com/gptbot)" 62 **0/62992**
66.249.73.130 - - [11/Sep/2025:05:40:46 -0700] "GET /products/12440580 HTTP/1.1" 200 6216 "-" "Mozilla/5.0 (Linux; Android 6.0.1; Nexus 5X Build/MMB29P) AppleWebKit/537.36 (KHTML, like Gecko) Chrome/139.0.7258.154 Mobile Safari/537.36 (compatible; Googlebot/2.1; +http://www.google.com/bot.html)" 66 **0/66854**
20.171.207.229 - - [11/Sep/2025:05:40:46 -0700] "GET /admin-post.php?path=//proc/self/root/proc/thread-self/root/proc/thread-self/root/proc/thread-self/root/proc/thread-self/root/proc/self/root/proc/thread-self/cwd/public/src/template-builder/contents HTTP/2.0" 200 5832 "-" "Mozilla/5.0 AppleWebKit/537.36 (KHTML, like Gecko; compatible; GPTBot/1.2; +https://openai.com/gptbot)" 93 **0/93707**
66.249.73.130 - - [11/Sep/2025:05:40:47 -0700] "GET /products/30123802 HTTP/1.1" 200 6216 "-" "Mozilla/5.0 (Linux; Android 6.0.1; Nexus 5X Build/MMB29P) AppleWebKit/537.36 (KHTML, like Gecko) Chrome/139.0.7258.154 Mobile Safari/537.36 (compatible; Googlebot/2.1; +http://www.google.com/bot.html)" 66 **0/66983**
20.171.207.229 - - [11/Sep/2025:05:40:47 -0700] "GET /admin-post.php?path=//proc/self/root/proc/thread-self/root/proc/thread-self/root/proc/thread-self/root/proc/thread-self/root/proc/self/root/proc/self/cwd/public/app-assets/data HTTP/2.0" 200 2992 "-" "Mozilla/5.0 AppleWebKit/537.36 (KHTML, like Gecko; compatible; GPTBot/1.2; +https://openai.com/gptbot)" 70 **0/70101**
66.249.73.130 - - [11/Sep/2025:05:40:49 -0700] "GET /products/2333235 HTTP/1.1" 200 6216 "-" "Mozilla/5.0 (Linux; Android 6.0.1; Nexus 5X Build/MMB29P) AppleWebKit/537.36 (KHTML, like Gecko) Chrome/139.0.7258.154 Mobile Safari/537.36 (compatible; Googlebot/2.1; +http://www.google.com/bot.html)" 56 **0/56329**
20.171.207.229 - - [11/Sep/2025:05:40:49 -0700] "GET /admin-post.php?path=//proc/self/root/proc/thread-self/root/proc/thread-self/root/proc/thread-self/root/proc/thread-self/root/proc/self/root/proc/thread-self/cwd/public/app-assets/vendors/jstree HTTP/2.0" 200 3000 "-" "Mozilla/5.0 AppleWebKit/537.36 (KHTML, like Gecko; compatible; GPTBot/1.2; +https://openai.com/gptbot)" 65 **0/65018**
74.125.217.35 - - [11/Sep/2025:05:40:50 -0700] "GET /privacy-policy/ HTTP/1.1" 200 7069 "-" "PlayStore-Google" 9 **0/9494**
66.249.73.130 - - [11/Sep/2025:05:40:50 -0700] "GET /products/26034735 HTTP/1.1" 200 6216 "-" "Mozilla/5.0 (Linux; Android 6.0.1; Nexus 5X Build/MMB29P) AppleWebKit/537.36 (KHTML, like Gecko) Chrome/139.0.7258.154 Mobile Safari/537.36 (compatible; Googlebot/2.1; +http://www.google.com/bot.html)" 58 **0/58405**
66.249.73.132 - - [11/Sep/2025:05:40:50 -0700] "GET /products/21605591 HTTP/1.1" 200 6216 "-" "Mozilla/5.0 (Linux; Android 6.0.1; Nexus 5X Build/MMB29P) AppleWebKit/537.36 (KHTML, like Gecko) Chrome/139.0.7258.154 Mobile Safari/537.36 (compatible; Googlebot/2.1; +http://www.google.com/bot.html)" 51 **0/51447**
74.125.217.33 - - [11/Sep/2025:05:40:51 -0700] "GET /privacy-policy/ HTTP/1.1" 200 7069 "-" "PlayStore-Google" 7 **0/7562**
74.125.217.34 - - [11/Sep/2025:05:40:51 -0700] "GET /privacy-policy/_next/static/css/e8a535f73e4b0b8c.css HTTP/1.1" 200 348 "https://coinsforcollege.org/privacy-policy/" "PlayStore-Google" 5 **0/5690**
74.125.217.35 - - [11/Sep/2025:05:40:51 -0700] "GET /privacy-policy/_next/static/u5KxShzMWppJAZmHPcCyY/_ssgManifest.js HTTP/1.1" 200 51 "https://coinsforcollege.org/privacy-policy/" "PlayStore-Google" 10 **0/10121**
20.171.207.229 - - [11/Sep/2025:05:40:51 -0700] "GET /admin-post.php?path=//proc/self/root/proc/thread-self/root/proc/thread-self/root/proc/thread-self/root/proc/thread-self/root/proc/self/root/proc/thread-self/cwd/public/src/template-builder/templates/sections HTTP/2.0" 200 3025 "-" "Mozilla/5.0 AppleWebKit/537.36 (KHTML, like Gecko; compatible; GPTBot/1.2; +https://openai.com/gptbot)" 86 **0/86287**
74.125.217.33 - - [11/Sep/2025:05:40:51 -0700] "GET /privacy-policy/_next/static/chunks/959-9fa96a614df47c9e.js HTTP/1.1" 200 3763 "https://coinsforcollege.org/privacy-policy/" "PlayStore-Google" 9 **0/9673**
74.125.217.34 - - [11/Sep/2025:05:40:51 -0700] "GET /privacy-policy/_next/static/chunks/9049-bd1815d512d6368a.js HTTP/1.1" 200 8712 "https://coinsforcollege.org/privacy-policy/" "PlayStore-Google" 11 **0/11711**
74.125.217.35 - - [11/Sep/2025:05:40:51 -0700] "GET /privacy-policy/_next/static/u5KxShzMWppJAZmHPcCyY/_buildManifest.js HTTP/1.1" 200 3077 "https://coinsforcollege.org/privacy-policy/" "PlayStore-Google" 16 **0/16561**
66.249.73.132 - - [11/Sep/2025:05:40:52 -0700] "GET /products/17604168 HTTP/1.1" 200 6216 "-" "Mozilla/5.0 (Linux; Android 6.0.1; Nexus 5X Build/MMB29P) AppleWebKit/537.36 (KHTML, like Gecko) Chrome/139.0.7258.154 Mobile Safari/537.36 (compatible; Googlebot/2.1; +http://www.google.com/bot.html)" 63 **0/63075**
66.249.73.131 - - [11/Sep/2025:05:40:52 -0700] "GET /products/21814880 HTTP/1.1" 200 6216 "-" "Mozilla/5.0 (Linux; Android 6.0.1; Nexus 5X Build/MMB29P) AppleWebKit/537.36 (KHTML, like Gecko) Chrome/139.0.7258.154 Mobile Safari/537.36 (compatible; Googlebot/2.1; +http://www.google.com/bot.html)" 74 **0/74208**
74.125.217.34 - - [11/Sep/2025:05:40:52 -0700] "GET /privacy-policy/_next/static/chunks/3947-71e3c07fbcfcf90c.js HTTP/1.1" 200 5593 "https://coinsforcollege.org/privacy-policy/" "PlayStore-Google" 10 **0/10550**
20.171.207.229 - - [11/Sep/2025:05:40:52 -0700] "GET /admin-post.php?path=//proc/self/root/proc/thread-self/root/proc/thread-self/root/proc/thread-self/root/proc/thread-self/root/proc/self/root/proc/thread-self/cwd/public/app-assets/vendors/chartist-js/scss HTTP/2.0" 200 2982 "-" "Mozilla/5.0 AppleWebKit/537.36 (KHTML, like Gecko; compatible; GPTBot/1.2; +https://openai.com/gptbot)" 43 **0/43461**
66.249.73.128 - - [11/Sep/2025:05:40:52 -0700] "GET /products/25669224 HTTP/1.1" 200 6216 "-" "Mozilla/5.0 (Linux; Android 6.0.1; Nexus 5X Build/MMB29P) AppleWebKit/537.36 (KHTML, like Gecko) Chrome/139.0.7258.154 Mobile Safari/537.36 (compatible; Googlebot/2.1; +http://www.google.com/bot.html)" 48 **0/48083**
74.125.217.34 - - [11/Sep/2025:05:40:52 -0700] "GET /privacy-policy/_next/static/chunks/framework-a2363dd3c3dbe572.js HTTP/1.1" 200 43116 "https://coinsforcollege.org/privacy-policy/" "PlayStore-Google" 17 **0/17361**
57.141.2.80 - - [11/Sep/2025:05:40:52 -0700] "GET /shopdetail/9060471467 HTTP/2.0" 200 157330 "-" "meta-externalagent/1.1 (+https://developers.facebook.com/docs/sharing/webmasters/crawler)" 41 **0/41697**
66.249.73.131 - - [11/Sep/2025:05:40:53 -0700] "GET /products/25038580 HTTP/1.1" 200 6216 "-" "Mozilla/5.0 (Linux; Android 6.0.1; Nexus 5X Build/MMB29P) AppleWebKit/537.36 (KHTML, like Gecko) Chrome/139.0.7258.154 Mobile Safari/537.36 (compatible; Googlebot/2.1; +http://www.google.com/bot.html)" 54 **0/54808**
66.249.73.130 - - [11/Sep/2025:05:40:53 -0700] "GET /products/27510891 HTTP/1.1" 200 6216 "-" "Mozilla/5.0 (Linux; Android 6.0.1; Nexus 5X Build/MMB29P) AppleWebKit/537.36 (KHTML, like Gecko) Chrome/139.0.7258.154 Mobile Safari/537.36 (compatible; Googlebot/2.1; +http://www.google.com/bot.html)" 48 **0/48995**
74.125.217.35 - - [11/Sep/2025:05:40:53 -0700] "GET /privacy-policy/_next/static/chunks/8871-1f97758f4a17d698.js HTTP/1.1" 200 3040 "https://coinsforcollege.org/privacy-policy/" "PlayStore-Google" 7 **0/7789**
66.249.73.128 - - [11/Sep/2025:05:40:53 -0700] "GET /products/15731624 HTTP/1.1" 200 6216 "-" "Mozilla/5.0 (Linux; Android 6.0.1; Nexus 5X Build/MMB29P) AppleWebKit/537.36 (KHTML, like Gecko) Chrome/139.0.7258.154 Mobile Safari/537.36 (compatible; Googlebot/2.1; +http://www.google.com/bot.html)" 41 **0/41003**
20.171.207.229 - - [11/Sep/2025:05:40:54 -0700] "GET /admin-post.php?path=//proc/self/root/proc/thread-self/root/proc/thread-self/root/proc/thread-self/root/proc/thread-self/root/proc/self/root/proc/self/cwd/public/app-assets/vendors/chartist-js/scss HTTP/2.0" 200 2980 "-" "Mozilla/5.0 AppleWebKit/537.36 (KHTML, like Gecko; compatible; GPTBot/1.2; +https://openai.com/gptbot)" 59 **0/59151**
66.249.73.128 - - [11/Sep/2025:05:40:54 -0700] "GET /products/28443446 HTTP/1.1" 200 6216 "-" "Mozilla/5.0 (Linux; Android 6.0.1; Nexus 5X Build/MMB29P) AppleWebKit/537.36 (KHTML, like Gecko) Chrome/139.0.7258.154 Mobile Safari/537.36 (compatible; Googlebot/2.1; +http://www.google.com/bot.html)" 53 **0/53753**
74.125.217.34 - - [11/Sep/2025:05:40:54 -0700] "GET /privacy-policy/_next/static/chunks/pages/_app-17f0a82d64005bf0.js HTTP/1.1" 200 100004 "https://coinsforcollege.org/privacy-policy/" "PlayStore-Google" 56 **0/56242**
74.125.217.33 - - [11/Sep/2025:05:40:54 -0700] "GET /privacy-policy/_next/static/chunks/webpack-95496beb1a8af07c.js HTTP/1.1" 200 2185 "https://coinsforcollege.org/privacy-policy/" "PlayStore-Google" 9 **0/9529**
74.125.217.33 - - [11/Sep/2025:05:40:54 -0700] "GET /privacy-policy/_next/static/chunks/pages/privacy-policy-64935bf0d605c9ff.js HTTP/1.1" 200 3076 "https://coinsforcollege.org/privacy-policy/" "PlayStore-Google" 11 **0/11059**
74.125.217.33 - - [11/Sep/2025:05:40:54 -0700] "GET /privacy-policy/_next/static/css/05ceef2c1e7b6c3e.css HTTP/1.1" 200 3317 "https://coinsforcollege.org/privacy-policy/" "PlayStore-Google" 10 **0/10353**
74.125.217.34 - - [11/Sep/2025:05:40:55 -0700] "GET /privacy-policy/_next/static/chunks/main-ee988814899220f6.js HTTP/1.1" 200 27364 "https://coinsforcollege.org/privacy-policy/" "PlayStore-Google" 30 **0/30510**
66.249.73.131 - - [11/Sep/2025:05:40:55 -0700] "GET /products/24467891 HTTP/1.1" 200 6216 "-" "Mozilla/5.0 (Linux; Android 6.0.1; Nexus 5X Build/MMB29P) AppleWebKit/537.36 (KHTML, like Gecko) Chrome/139.0.7258.154 Mobile Safari/537.36 (compatible; Googlebot/2.1; +http://www.google.com/bot.html)" 90 **0/90718**
66.249.73.128 - - [11/Sep/2025:05:40:55 -0700] "GET /products/17455446 HTTP/1.1" 200 6216 "-" "Mozilla/5.0 (Linux; Android 6.0.1; Nexus 5X Build/MMB29P) AppleWebKit/537.36 (KHTML, like Gecko) Chrome/139.0.7258.154 Mobile Safari/537.36 (compatible; Googlebot/2.1; +http://www.google.com/bot.html)" 46 **0/46350**
20.171.207.229 - - [11/Sep/2025:05:40:55 -0700] "GET /admin-post.php?path=//proc/self/root/proc/thread-self/root/proc/thread-self/root/proc/thread-self/root/proc/thread-self/root/proc/self/root/proc/thread-self/cwd/public/src/js/scripts HTTP/2.0" 200 4514 "-" "Mozilla/5.0 AppleWebKit/537.36 (KHTML, like Gecko; compatible; GPTBot/1.2; +https://openai.com/gptbot)" 82 **0/82733**
74.125.217.33 - - [11/Sep/2025:05:40:56 -0700] "GET /_next/static/media/footer-arrow.34e19a36.svg HTTP/1.1" 200 308 "https://coinsforcollege.org/privacy-policy/" "PlayStore-Google" 8 **0/8516**
66.249.73.129 - - [11/Sep/2025:05:40:56 -0700] "GET /products/26292791 HTTP/1.1" 200 6216 "-" "Mozilla/5.0 (Linux; Android 6.0.1; Nexus 5X Build/MMB29P) AppleWebKit/537.36 (KHTML, like Gecko) Chrome/139.0.7258.154 Mobile Safari/537.36 (compatible; Googlebot/2.1; +http://www.google.com/bot.html)" 52 **0/52016**
20.171.207.229 - - [11/Sep/2025:05:40:57 -0700] "GET /admin-post.php?path=//proc/self/root/proc/thread-self/root/proc/thread-self/root/proc/thread-self/root/proc/thread-self/root/proc/self/root/proc/self/cwd/public/app-assets/vendors/hover-effects HTTP/2.0" 200 2810 "-" "Mozilla/5.0 AppleWebKit/537.36 (KHTML, like Gecko; compatible; GPTBot/1.2; +https://openai.com/gptbot)" 59 **0/59269**
66.249.73.130 - - [11/Sep/2025:05:40:57 -0700] "GET /products/7986691 HTTP/1.1" 200 6216 "-" "Mozilla/5.0 (Linux; Android 6.0.1; Nexus 5X Build/MMB29P) AppleWebKit/537.36 (KHTML, like Gecko) Chrome/139.0.7258.154 Mobile Safari/537.36 (compatible; Googlebot/2.1; +http://www.google.com/bot.html)" 48 **0/48899**
66.249.73.128 - - [11/Sep/2025:05:40:58 -0700] "GET /products/23984157 HTTP/1.1" 200 6216 "-" "Mozilla/5.0 (Linux; Android 6.0.1; Nexus 5X Build/MMB29P) AppleWebKit/537.36 (KHTML, like Gecko) Chrome/139.0.7258.154 Mobile Safari/537.36 (compatible; Googlebot/2.1; +http://www.google.com/bot.html)" 45 **0/45265**
20.171.207.229 - - [11/Sep/2025:05:40:58 -0700] "GET /admin-post.php?path=//proc/self/root/proc/thread-self/root/proc/thread-self/root/proc/thread-self/root/proc/thread-self/root/proc/self/root/proc/thread-self/cwd/public/app-assets/vendors/chartjs HTTP/2.0" 200 2865 "-" "Mozilla/5.0 AppleWebKit/537.36 (KHTML, like Gecko; compatible; GPTBot/1.2; +https://openai.com/gptbot)" 55 **0/55623**
20.171.207.207 - - [11/Sep/2025:05:40:58 -0700] "GET //product//hoodie-with-zipper/%22?path=/home/o5t6x7pgljbm/public_html/sias-uganda.com HTTP/2.0" 200 4927 "-" "Mozilla/5.0 AppleWebKit/537.36 (KHTML, like Gecko; compatible; GPTBot/1.2; +https://openai.com/gptbot)" 44 **0/44680**
66.249.73.129 - - [11/Sep/2025:05:40:59 -0700] "GET /products/30553057 HTTP/1.1" 200 6216 "-" "Mozilla/5.0 (Linux; Android 6.0.1; Nexus 5X Build/MMB29P) AppleWebKit/537.36 (KHTML, like Gecko) Chrome/139.0.7258.154 Mobile Safari/537.36 (compatible; Googlebot/2.1; +http://www.google.com/bot.html)" 39 **0/39992**
20.171.207.229 - - [11/Sep/2025:05:41:00 -0700] "GET /admin-post.php?path=//proc/self/root/proc/thread-self/root/proc/thread-self/root/proc/thread-self/root/proc/thread-self/root/proc/self/root/proc/self/cwd/public/app-assets/vendors/fullcalendar/timegrid HTTP/2.0" 200 3059 "-" "Mozilla/5.0 AppleWebKit/537.36 (KHTML, like Gecko; compatible; GPTBot/1.2; +https://openai.com/gptbot)" 57 **0/57781**
20.171.207.207 - - [11/Sep/2025:05:41:00 -0700] "GET /_phpMyAdmin/index.php?path=/home/o5t6x7pgljbm/public_html/tuitwallet.com HTTP/2.0" 200 3257 "-" "Mozilla/5.0 AppleWebKit/537.36 (KHTML, like Gecko; compatible; GPTBot/1.2; +https://openai.com/gptbot)" 61 **0/61397**
66.249.73.131 - - [11/Sep/2025:05:41:00 -0700] "GET /products/21372202 HTTP/1.1" 200 6216 "-" "Mozilla/5.0 (Linux; Android 6.0.1; Nexus 5X Build/MMB29P) AppleWebKit/537.36 (KHTML, like Gecko) Chrome/139.0.7258.154 Mobile Safari/537.36 (compatible; Googlebot/2.1; +http://www.google.com/bot.html)" 90 **0/90672**
66.249.73.129 - - [11/Sep/2025:05:41:00 -0700] "GET /products/22018502 HTTP/1.1" 200 6216 "-" "Mozilla/5.0 (Linux; Android 6.0.1; Nexus 5X Build/MMB29P) AppleWebKit/537.36 (KHTML, like Gecko) Chrome/139.0.7258.154 Mobile Safari/537.36 (compatible; Googlebot/2.1; +http://www.google.com/bot.html)" 66 **0/66344**
20.171.207.207 - - [11/Sep/2025:05:41:01 -0700] "GET /phpmyAdmin/index.php?path=/home/o5t6x7pgljbm/public_html/rewardsforeducation.com&viewfile=/home/o5t6x7pgljbm/public_html/rewardsforeducation.com/deleteme.wp9e41f215596d41b0897f817625b66b14.php HTTP/2.0" 200 6247 "-" "Mozilla/5.0 AppleWebKit/537.36 (KHTML, like Gecko; compatible; GPTBot/1.2; +https://openai.com/gptbot)" 58 **0/58982**
66.249.73.130 - - [11/Sep/2025:05:41:01 -0700] "GET /products/28162291 HTTP/1.1" 200 6216 "-" "Mozilla/5.0 (Linux; Android 6.0.1; Nexus 5X Build/MMB29P) AppleWebKit/537.36 (KHTML, like Gecko) Chrome/139.0.7258.154 Mobile Safari/537.36 (compatible; Googlebot/2.1; +http://www.google.com/bot.html)" 62 **0/62811**
66.249.73.129 - - [11/Sep/2025:05:41:01 -0700] "GET /products/23001813 HTTP/1.1" 200 6216 "-" "Mozilla/5.0 (Linux; Android 6.0.1; Nexus 5X Build/MMB29P) AppleWebKit/537.36 (KHTML, like Gecko) Chrome/139.0.7258.154 Mobile Safari/537.36 (compatible; Googlebot/2.1; +http://www.google.com/bot.html)" 72 **0/72565**
20.171.207.207 - - [11/Sep/2025:05:41:02 -0700] "GET /phpMyAdmin6.0/index.php?path=/home/o5t6x7pgljbm/public_html/rewardsforeducation.com&viewfile=/home/o5t6x7pgljbm/public_html/rewardsforeducation.com/deleteme.wp2d52de41b2504b68a584a9e1938a505e.php HTTP/2.0" 200 6245 "-" "Mozilla/5.0 AppleWebKit/537.36 (KHTML, like Gecko; compatible; GPTBot/1.2; +https://openai.com/gptbot)" 68 **0/68564**
20.171.207.229 - - [11/Sep/2025:05:41:02 -0700] "GET /admin-post.php?path=//proc/self/root/proc/thread-self/root/proc/thread-self/root/proc/thread-self/root/proc/thread-self/root/proc/self/root/proc/thread-self/cwd/public/app-assets/images/badges HTTP/2.0" 200 2924 "-" "Mozilla/5.0 AppleWebKit/537.36 (KHTML, like Gecko; compatible; GPTBot/1.2; +https://openai.com/gptbot)" 67 **0/67194**
66.249.73.132 - - [11/Sep/2025:05:41:02 -0700] "GET /products/19612757 HTTP/1.1" 200 6216 "-" "Mozilla/5.0 (Linux; Android 6.0.1; Nexus 5X Build/MMB29P) AppleWebKit/537.36 (KHTML, like Gecko) Chrome/139.0.7258.154 Mobile Safari/537.36 (compatible; Googlebot/2.1; +http://www.google.com/bot.html)" 52 **0/52500**
20.171.207.207 - - [11/Sep/2025:05:41:03 -0700] "GET /phpmyAdmin/index.php?path=/home/o5t6x7pgljbm/public_html/rewardsforeducation.com&viewfile=/home/o5t6x7pgljbm/public_html/rewardsforeducation.com/deleteme.wp30ae10f2aa294880835e98614f8284c5.php HTTP/2.0" 200 6247 "-" "Mozilla/5.0 AppleWebKit/537.36 (KHTML, like Gecko; compatible; GPTBot/1.2; +https://openai.com/gptbot)" 64 **0/64992**
66.249.73.131 - - [11/Sep/2025:05:41:04 -0700] "GET /products/29818657 HTTP/1.1" 200 6216 "-" "Mozilla/5.0 (Linux; Android 6.0.1; Nexus 5X Build/MMB29P) AppleWebKit/537.36 (KHTML, like Gecko) Chrome/139.0.7258.154 Mobile Safari/537.36 (compatible; Googlebot/2.1; +http://www.google.com/bot.html)" 47 **0/47554**
20.171.207.229 - - [11/Sep/2025:05:41:04 -0700] "GET /admin-post.php?path=//proc/self/root/proc/thread-self/root/proc/thread-self/root/proc/thread-self/root/proc/thread-self/root/proc/self/root/proc/thread-self/cwd/public/src/template-builder/pages/starter-kit HTTP/2.0" 200 2893 "-" "Mozilla/5.0 AppleWebKit/537.36 (KHTML, like Gecko; compatible; GPTBot/1.2; +https://openai.com/gptbot)" 49 **0/49477**
20.171.207.207 - - [11/Sep/2025:05:41:04 -0700] "GET /phpmyAdmin/index.php?path=/home/o5t6x7pgljbm/public_html/rewardsforeducation.com&viewfile=/home/o5t6x7pgljbm/public_html/rewardsforeducation.com/deleteme.wpb0e91306410243c8a0523e36158c01c6.php HTTP/2.0" 200 6247 "-" "Mozilla/5.0 AppleWebKit/537.36 (KHTML, like Gecko; compatible; GPTBot/1.2; +https://openai.com/gptbot)" 59 **0/59497**
66.249.73.129 - - [11/Sep/2025:05:41:05 -0700] "GET /products/27172191 HTTP/1.1" 200 6216 "-" "Mozilla/5.0 (Linux; Android 6.0.1; Nexus 5X Build/MMB29P) AppleWebKit/537.36 (KHTML, like Gecko) Chrome/139.0.7258.154 Mobile Safari/537.36 (compatible; Googlebot/2.1; +http://www.google.com/bot.html)" 54 **0/54762**
20.171.207.229 - - [11/Sep/2025:05:41:05 -0700] "GET /admin-post.php?path=//proc/self/root/proc/thread-self/root/proc/thread-self/root/proc/thread-self/root/proc/thread-self/root/proc/self/root/proc/thread-self/cwd/public/src/template-builder/contents/partials HTTP/2.0" 200 2858 "-" "Mozilla/5.0 AppleWebKit/537.36 (KHTML, like Gecko; compatible; GPTBot/1.2; +https://openai.com/gptbot)" 55 **0/55017**
20.171.207.207 - - [11/Sep/2025:05:41:05 -0700] "GET /phpMyAdmin-3/index.php?path=/home/o5t6x7pgljbm/public_html/rewardsforeducation.com&viewfile=/home/o5t6x7pgljbm/public_html/rewardsforeducation.com/deleteme.wpb0e91306410243c8a0523e36158c01c6.php HTTP/2.0" 200 6247 "-" "Mozilla/5.0 AppleWebKit/537.36 (KHTML, like Gecko; compatible; GPTBot/1.2; +https://openai.com/gptbot)" 68 **0/68746**
66.249.73.132 - - [11/Sep/2025:05:41:06 -0700] "GET /products/25531457 HTTP/1.1" 200 6216 "-" "Mozilla/5.0 (Linux; Android 6.0.1; Nexus 5X Build/MMB29P) AppleWebKit/537.36 (KHTML, like Gecko) Chrome/139.0.7258.154 Mobile Safari/537.36 (compatible; Googlebot/2.1; +http://www.google.com/bot.html)" 64 **0/64783**
20.171.207.229 - - [11/Sep/2025:05:41:07 -0700] "GET /admin-post.php?path=//proc/self/root/proc/thread-self/root/proc/thread-self/root/proc/thread-self/root/proc/thread-self/root/proc/self/root/proc/self/cwd/public/app-assets/data/locales HTTP/2.0" 200 2871 "-" "Mozilla/5.0 AppleWebKit/537.36 (KHTML, like Gecko; compatible; GPTBot/1.2; +https://openai.com/gptbot)" 53 **0/53317**
20.171.207.207 - - [11/Sep/2025:05:41:07 -0700] "GET /phpMyAdmin-3/index.php?path=/home/o5t6x7pgljbm/public_html/rewardsforeducation.com&viewfile=/home/o5t6x7pgljbm/public_html/rewardsforeducation.com/deleteme.wp78de131e129249a68a1475f0f14112cc.php HTTP/2.0" 200 6246 "-" "Mozilla/5.0 AppleWebKit/537.36 (KHTML, like Gecko; compatible; GPTBot/1.2; +https://openai.com/gptbot)" 46 **0/46943**
66.249.73.131 - - [11/Sep/2025:05:41:07 -0700] "GET /products/25355479 HTTP/1.1" 200 6216 "-" "Mozilla/5.0 (Linux; Android 6.0.1; Nexus 5X Build/MMB29P) AppleWebKit/537.36 (KHTML, like Gecko) Chrome/139.0.7258.154 Mobile Safari/537.36 (compatible; Googlebot/2.1; +http://www.google.com/bot.html)" 70 **0/70876**
20.171.207.207 - - [11/Sep/2025:05:41:08 -0700] "GET /phpMyAdmin-3/index.php?path=/home/o5t6x7pgljbm/public_html/rewardsforeducation.com&viewfile=/home/o5t6x7pgljbm/public_html/rewardsforeducation.com/deleteme.wp00237d6e29b3437a8981b4b584c2eb46.php HTTP/2.0" 200 6249 "-" "Mozilla/5.0 AppleWebKit/537.36 (KHTML, like Gecko; compatible; GPTBot/1.2; +https://openai.com/gptbot)" 70 **0/70294**
20.171.207.229 - - [11/Sep/2025:05:41:08 -0700] "GET /admin-post.php?path=//proc/self/root/proc/thread-self/root/proc/thread-self/root/proc/thread-self/root/proc/thread-self/root/proc/self/root/proc/thread-self/cwd/public/app-assets/vendors/jstree/themes HTTP/2.0" 200 2774 "-" "Mozilla/5.0 AppleWebKit/537.36 (KHTML, like Gecko; compatible; GPTBot/1.2; +https://openai.com/gptbot)" 56 **0/56907**
66.249.73.132 - - [11/Sep/2025:05:41:08 -0700] "GET /products/20300613 HTTP/1.1" 200 6216 "-" "Mozilla/5.0 (Linux; Android 6.0.1; Nexus 5X Build/MMB29P) AppleWebKit/537.36 (KHTML, like Gecko) Chrome/139.0.7258.154 Mobile Safari/537.36 (compatible; Googlebot/2.1; +http://www.google.com/bot.html)" 51 **0/51443**
20.171.207.207 - - [11/Sep/2025:05:41:09 -0700] "GET /phpMyAdmin-3/index.php?path=/home/o5t6x7pgljbm/public_html/rewardsforeducation.com&viewfile=/home/o5t6x7pgljbm/public_html/rewardsforeducation.com/deleteme.wp9e41f215596d41b0897f817625b66b14.php HTTP/2.0" 200 6247 "-" "Mozilla/5.0 AppleWebKit/537.36 (KHTML, like Gecko; compatible; GPTBot/1.2; +https://openai.com/gptbot)" 77 **0/77466**
20.171.207.229 - - [11/Sep/2025:05:41:09 -0700] "GET /admin-post.php?path=//proc/self/root/proc/thread-self/root/proc/thread-self/root/proc/thread-self/root/proc/thread-self/root/proc/self/root/proc/self/cwd/public/app-assets/vendors/jquery-jvectormap HTTP/2.0" 200 2815 "-" "Mozilla/5.0 AppleWebKit/537.36 (KHTML, like Gecko; compatible; GPTBot/1.2; +https://openai.com/gptbot)" 39 **0/39588**
66.249.73.130 - - [11/Sep/2025:05:41:09 -0700] "GET /products/5279491 HTTP/1.1" 200 6216 "-" "Mozilla/5.0 (Linux; Android 6.0.1; Nexus 5X Build/MMB29P) AppleWebKit/537.36 (KHTML, like Gecko) Chrome/139.0.7258.154 Mobile Safari/537.36 (compatible; Googlebot/2.1; +http://www.google.com/bot.html)" 60 **0/60174**
66.249.73.129 - - [11/Sep/2025:05:41:10 -0700] "GET /products/31342468 HTTP/1.1" 200 6216 "-" "Mozilla/5.0 (Linux; Android 6.0.1; Nexus 5X Build/MMB29P) AppleWebKit/537.36 (KHTML, like Gecko) Chrome/139.0.7258.154 Mobile Safari/537.36 (compatible; Googlebot/2.1; +http://www.google.com/bot.html)" 41 **0/41551**
20.171.207.207 - - [11/Sep/2025:05:41:10 -0700] "GET /phpMyAdmin-4/index.php?path=/home/o5t6x7pgljbm/public_html/rewardsforeducation.com&viewfile=/home/o5t6x7pgljbm/public_html/rewardsforeducation.com/deleteme.wp9e41f215596d41b0897f817625b66b14.php HTTP/2.0" 200 6247 "-" "Mozilla/5.0 AppleWebKit/537.36 (KHTML, like Gecko; compatible; GPTBot/1.2; +https://openai.com/gptbot)" 52 **0/52947**
66.249.73.129 - - [11/Sep/2025:05:41:11 -0700] "GET /products/14974179 HTTP/1.1" 200 6216 "-" "Mozilla/5.0 (Linux; Android 6.0.1; Nexus 5X Build/MMB29P) AppleWebKit/537.36 (KHTML, like Gecko) Chrome/139.0.7258.154 Mobile Safari/537.36 (compatible; Googlebot/2.1; +http://www.google.com/bot.html)" 52 **0/52374**
20.171.207.207 - - [11/Sep/2025:05:41:11 -0700] "GET /phpMyAdmin6.0/index.php?path=/home/o5t6x7pgljbm/public_html/rewardsforeducation.com&viewfile=/home/o5t6x7pgljbm/public_html/rewardsforeducation.com/deleteme.wp30ae10f2aa294880835e98614f8284c5.php HTTP/2.0" 200 6247 "-" "Mozilla/5.0 AppleWebKit/537.36 (KHTML, like Gecko; compatible; GPTBot/1.2; +https://openai.com/gptbot)" 58 **0/58274**
20.171.207.229 - - [11/Sep/2025:05:41:11 -0700] "GET /admin-post.php?path=//proc/self/root/proc/thread-self/root/proc/thread-self/root/proc/thread-self/root/proc/thread-self/root/proc/self/root/proc/thread-self/cwd/public/src/template-builder/templates/sections/menu HTTP/2.0" 200 2939 "-" "Mozilla/5.0 AppleWebKit/537.36 (KHTML, like Gecko; compatible; GPTBot/1.2; +https://openai.com/gptbot)" 80 **0/80912**
66.249.73.130 - - [11/Sep/2025:05:41:12 -0700] "GET /products/21548968 HTTP/1.1" 200 6216 "-" "Mozilla/5.0 (Linux; Android 6.0.1; Nexus 5X Build/MMB29P) AppleWebKit/537.36 (KHTML, like Gecko) Chrome/139.0.7258.154 Mobile Safari/537.36 (compatible; Googlebot/2.1; +http://www.google.com/bot.html)" 57 **0/57865**
66.249.73.129 - - [11/Sep/2025:05:41:12 -0700] "GET /products/16515391 HTTP/1.1" 200 6216 "-" "Mozilla/5.0 (Linux; Android 6.0.1; Nexus 5X Build/MMB29P) AppleWebKit/537.36 (KHTML, like Gecko) Chrome/139.0.7258.154 Mobile Safari/537.36 (compatible; Googlebot/2.1; +http://www.google.com/bot.html)" 67 **0/67310**
20.171.207.207 - - [11/Sep/2025:05:41:13 -0700] "GET /phpMyAdmin6.0/index.php?path=/home/o5t6x7pgljbm/public_html/rewardsforeducation.com&viewfile=/home/o5t6x7pgljbm/public_html/rewardsforeducation.com/deleteme.wp9e41f215596d41b0897f817625b66b14.php HTTP/2.0" 200 6247 "-" "Mozilla/5.0 AppleWebKit/537.36 (KHTML, like Gecko; compatible; GPTBot/1.2; +https://openai.com/gptbot)" 55 **0/55591**
20.171.207.229 - - [11/Sep/2025:05:41:13 -0700] "GET /admin-post.php?path=//proc/self/root/proc/thread-self/root/proc/thread-self/root/proc/thread-self/root/proc/thread-self/root/proc/self/root/proc/thread-self/cwd/public/src/template-builder/templates/sections/header HTTP/2.0" 200 2926 "-" "Mozilla/5.0 AppleWebKit/537.36 (KHTML, like Gecko; compatible; GPTBot/1.2; +https://openai.com/gptbot)" 77 **0/77796**
66.249.73.130 - - [11/Sep/2025:05:41:14 -0700] "GET /products/18883902 HTTP/1.1" 200 6216 "-" "Mozilla/5.0 (Linux; Android 6.0.1; Nexus 5X Build/MMB29P) AppleWebKit/537.36 (KHTML, like Gecko) Chrome/139.0.7258.154 Mobile Safari/537.36 (compatible; Googlebot/2.1; +http://www.google.com/bot.html)" 58 **0/58565**
20.171.207.207 - - [11/Sep/2025:05:41:14 -0700] "GET /phpMyAdmin6.0/index.php?path=/home/o5t6x7pgljbm/public_html/rewardsforeducation.com&viewfile=/home/o5t6x7pgljbm/public_html/rewardsforeducation.com/deleteme.wp5644e186b3014e31acc0373d32f7df44.php HTTP/2.0" 200 6247 "-" "Mozilla/5.0 AppleWebKit/537.36 (KHTML, like Gecko; compatible; GPTBot/1.2; +https://openai.com/gptbot)" 57 **0/57560**
66.249.73.130 - - [11/Sep/2025:05:41:15 -0700] "GET /products/20784502 HTTP/1.1" 200 6216 "-" "Mozilla/5.0 (Linux; Android 6.0.1; Nexus 5X Build/MMB29P) AppleWebKit/537.36 (KHTML, like Gecko) Chrome/139.0.7258.154 Mobile Safari/537.36 (compatible; Googlebot/2.1; +http://www.google.com/bot.html)" 47 **0/47823**
20.171.207.229 - - [11/Sep/2025:05:41:15 -0700] "GET /admin-post.php?path=//proc/self/root/proc/thread-self/root/proc/thread-self/root/proc/thread-self/root/proc/thread-self/root/proc/self/root/proc/thread-self/cwd/public/app-assets/vendors/jquery.nestable HTTP/2.0" 200 2840 "-" "Mozilla/5.0 AppleWebKit/537.36 (KHTML, like Gecko; compatible; GPTBot/1.2; +https://openai.com/gptbot)" 57 **0/57773**
20.171.207.207 - - [11/Sep/2025:05:41:15 -0700] "GET /phpMyAdmin6.0/index.php?path=/home/o5t6x7pgljbm/public_html/rewardsforeducation.com&viewfile=/home/o5t6x7pgljbm/public_html/rewardsforeducation.com/deleteme.wp5264a9492bdf40398a655e84d87b8dc9.php HTTP/2.0" 200 6247 "-" "Mozilla/5.0 AppleWebKit/537.36 (KHTML, like Gecko; compatible; GPTBot/1.2; +https://openai.com/gptbot)" 60 **0/60850**
66.249.73.129 - - [11/Sep/2025:05:41:16 -0700] "GET /products/23181657 HTTP/1.1" 200 6216 "-" "Mozilla/5.0 (Linux; Android 6.0.1; Nexus 5X Build/MMB29P) AppleWebKit/537.36 (KHTML, like Gecko) Chrome/139.0.7258.154 Mobile Safari/537.36 (compatible; Googlebot/2.1; +http://www.google.com/bot.html)" 69 **0/69772**
20.171.207.207 - - [11/Sep/2025:05:41:16 -0700] "GET //product//hoodie-with-zipper/%22?path=/home/o5t6x7pgljbm/public_html/sias-uganda.com&viewfile=/home/o5t6x7pgljbm/public_html/sias-uganda.com/wp-blog-header.php HTTP/2.0" 200 2643 "-" "Mozilla/5.0 AppleWebKit/537.36 (KHTML, like Gecko; compatible; GPTBot/1.2; +https://openai.com/gptbot)" 55 **0/55679**
20.171.207.229 - - [11/Sep/2025:05:41:16 -0700] "GET /admin-post.php?path=//proc/self/root/proc/thread-self/root/proc/thread-self/root/proc/thread-self/root/proc/thread-self/root/proc/self/root/proc/thread-self/cwd/public/app-assets/fonts/material-design-icons HTTP/2.0" 200 2963 "-" "Mozilla/5.0 AppleWebKit/537.36 (KHTML, like Gecko; compatible; GPTBot/1.2; +https://openai.com/gptbot)" 50 **0/50517**
66.249.73.129 - - [11/Sep/2025:05:41:17 -0700] "GET /products/25808880 HTTP/1.1" 200 6216 "-" "Mozilla/5.0 (Linux; Android 6.0.1; Nexus 5X Build/MMB29P) AppleWebKit/537.36 (KHTML, like Gecko) Chrome/139.0.7258.154 Mobile Safari/537.36 (compatible; Googlebot/2.1; +http://www.google.com/bot.html)" 56 **0/56701**
20.171.207.207 - - [11/Sep/2025:05:41:17 -0700] "GET //product//hoodie-with-zipper/%22?path=/home/o5t6x7pgljbm/public_html/sias-uganda.com&viewfile=/home/o5t6x7pgljbm/public_html/sias-uganda.com/wp-login.php HTTP/2.0" 200 15267 "-" "Mozilla/5.0 AppleWebKit/537.36 (KHTML, like Gecko; compatible; GPTBot/1.2; +https://openai.com/gptbot)" 105 **0/105687**
20.171.207.229 - - [11/Sep/2025:05:41:18 -0700] "GET /admin-post.php?path=//proc/self/root/proc/thread-self/root/proc/thread-self/root/proc/thread-self/root/proc/thread-self/root/proc/self/root/proc/thread-self/cwd/public/src/template-builder/templates/sections/footer HTTP/2.0" 200 2902 "-" "Mozilla/5.0 AppleWebKit/537.36 (KHTML, like Gecko; compatible; GPTBot/1.2; +https://openai.com/gptbot)" 77 **0/77372**
66.249.73.130 - - [11/Sep/2025:05:41:18 -0700] "GET /products/26715335 HTTP/1.1" 200 6216 "-" "Mozilla/5.0 (Linux; Android 6.0.1; Nexus 5X Build/MMB29P) AppleWebKit/537.36 (KHTML, like Gecko) Chrome/139.0.7258.154 Mobile Safari/537.36 (compatible; Googlebot/2.1; +http://www.google.com/bot.html)" 74 **0/74174**
20.171.207.207 - - [11/Sep/2025:05:41:19 -0700] "GET /_phpMyAdmin/index.php?path=/home/o5t6x7pgljbm/public_html/tuitwallet.com&viewfile=/home/o5t6x7pgljbm/public_html/tuitwallet.com/.tuitwallet.com.php HTTP/2.0" 200 2455 "-" "Mozilla/5.0 AppleWebKit/537.36 (KHTML, like Gecko; compatible; GPTBot/1.2; +https://openai.com/gptbot)" 49 **0/49628**
20.171.207.229 - - [11/Sep/2025:05:41:19 -0700] "GET /admin-post.php?path=//proc/self/root/proc/thread-self/root/proc/thread-self/root/proc/thread-self/root/proc/thread-self/root/proc/self/root/proc/self/cwd/public/app-assets/vendors/quill/fonts HTTP/2.0" 200 2873 "-" "Mozilla/5.0 AppleWebKit/537.36 (KHTML, like Gecko; compatible; GPTBot/1.2; +https://openai.com/gptbot)" 52 **0/52420**
66.249.73.130 - - [11/Sep/2025:05:41:19 -0700] "GET /products/24541991 HTTP/1.1" 200 6216 "-" "Mozilla/5.0 (Linux; Android 6.0.1; Nexus 5X Build/MMB29P) AppleWebKit/537.36 (KHTML, like Gecko) Chrome/139.0.7258.154 Mobile Safari/537.36 (compatible; Googlebot/2.1; +http://www.google.com/bot.html)" 78 **0/78665**
20.171.207.207 - - [11/Sep/2025:05:41:20 -0700] "GET //product//hoodie-with-zipper/%22?path=/home/o5t6x7pgljbm/public_html/sias-uganda.com&viewfile=/home/o5t6x7pgljbm/public_html/sias-uganda.com/readme.html HTTP/2.0" 200 5333 "-" "Mozilla/5.0 AppleWebKit/537.36 (KHTML, like Gecko; compatible; GPTBot/1.2; +https://openai.com/gptbot)" 42 **0/42297**
66.249.73.129 - - [11/Sep/2025:05:41:20 -0700] "GET /products/22082313 HTTP/1.1" 200 6216 "-" "Mozilla/5.0 (Linux; Android 6.0.1; Nexus 5X Build/MMB29P) AppleWebKit/537.36 (KHTML, like Gecko) Chrome/139.0.7258.154 Mobile Safari/537.36 (compatible; Googlebot/2.1; +http://www.google.com/bot.html)" 45 **0/45755**
54.39.203.179 - - [11/Sep/2025:05:41:20 -0700] "GET /shopdetail/9153557154 HTTP/2.0" 200 6216 "-" "Mozilla/5.0 (compatible; AhrefsBot/7.0; +http://ahrefs.com/robot/)" 58 **0/58384**
20.171.207.229 - - [11/Sep/2025:05:41:21 -0700] "GET /admin-post.php?path=//proc/self/root/proc/thread-self/root/proc/thread-self/root/proc/thread-self/root/proc/thread-self/root/proc/self/root/proc/self/cwd/public/app-assets/vendors/chartist-js/scss/settings HTTP/2.0" 200 2839 "-" "Mozilla/5.0 AppleWebKit/537.36 (KHTML, like Gecko; compatible; GPTBot/1.2; +https://openai.com/gptbot)" 64 **0/64318**
20.171.207.207 - - [11/Sep/2025:05:41:21 -0700] "GET /_phpMyAdmin/index.php?path=/home/o5t6x7pgljbm/public_html/tuitwallet.com&viewfile=/home/o5t6x7pgljbm/public_html/tuitwallet.com/logo192.png HTTP/2.0" 200 10126 "-" "Mozilla/5.0 AppleWebKit/537.36 (KHTML, like Gecko; compatible; GPTBot/1.2; +https://openai.com/gptbot)" 50 **0/50781**
66.249.73.130 - - [11/Sep/2025:05:41:21 -0700] "GET /products/29308991 HTTP/1.1" 200 6216 "-" "Mozilla/5.0 (Linux; Android 6.0.1; Nexus 5X Build/MMB29P) AppleWebKit/537.36 (KHTML, like Gecko) Chrome/139.0.7258.154 Mobile Safari/537.36 (compatible; Googlebot/2.1; +http://www.google.com/bot.html)" 42 **0/42251**
66.249.73.129 - - [11/Sep/2025:05:41:21 -0700] "GET /products/29161402 HTTP/1.1" 200 6216 "-" "Mozilla/5.0 (Linux; Android 6.0.1; Nexus 5X Build/MMB29P) AppleWebKit/537.36 (KHTML, like Gecko) Chrome/139.0.7258.154 Mobile Safari/537.36 (compatible; Googlebot/2.1; +http://www.google.com/bot.html)" 62 **0/62417**
20.171.207.207 - - [11/Sep/2025:05:41:22 -0700] "GET /_phpMyAdmin/index.php?path=/home/o5t6x7pgljbm/public_html/tuitwallet.com&viewfile=/home/o5t6x7pgljbm/public_html/tuitwallet.com/logo512.png HTTP/2.0" 200 10126 "-" "Mozilla/5.0 AppleWebKit/537.36 (KHTML, like Gecko; compatible; GPTBot/1.2; +https://openai.com/gptbot)" 71 **0/71047**
20.171.207.229 - - [11/Sep/2025:05:41:22 -0700] "GET /admin-post.php?path=//proc/self/root/proc/thread-self/root/proc/thread-self/root/proc/thread-self/root/proc/thread-self/root/proc/self/root/proc/self/cwd/public/app-assets/vendors/fullcalendar/lib HTTP/2.0" 200 2875 "-" "Mozilla/5.0 AppleWebKit/537.36 (KHTML, like Gecko; compatible; GPTBot/1.2; +https://openai.com/gptbot)" 97 **0/97363**
20.171.207.207 - - [11/Sep/2025:05:41:23 -0700] "GET //product//hoodie-with-zipper/%22?path=/home/o5t6x7pgljbm/public_html/sias-uganda.com&viewfile=/home/o5t6x7pgljbm/public_html/sias-uganda.com/deleteme.wpa67b628d24fa4491a7767e9cecfce359.php HTTP/2.0" 200 6239 "-" "Mozilla/5.0 AppleWebKit/537.36 (KHTML, like Gecko; compatible; GPTBot/1.2; +https://openai.com/gptbot)" 50 **0/50207**
20.171.207.229 - - [11/Sep/2025:05:41:24 -0700] "GET /admin-post.php?path=//proc/self/root/proc/thread-self/root/proc/thread-self/root/proc/thread-self/root/proc/thread-self/root/proc/self/root/proc/self/cwd/public/goal_images HTTP/2.0" 200 3059 "-" "Mozilla/5.0 AppleWebKit/537.36 (KHTML, like Gecko; compatible; GPTBot/1.2; +https://openai.com/gptbot)" 65 **0/65933**
20.171.207.207 - - [11/Sep/2025:05:41:24 -0700] "GET //product//hoodie-with-zipper/%22?path=/home/o5t6x7pgljbm/public_html/sias-uganda.com&viewfile=/home/o5t6x7pgljbm/public_html/sias-uganda.com/deleteme.wp6a6c9476e54047e7aede6c02503e7bf1.php HTTP/2.0" 200 6241 "-" "Mozilla/5.0 AppleWebKit/537.36 (KHTML, like Gecko; compatible; GPTBot/1.2; +https://openai.com/gptbot)" 54 **0/54845**
20.171.207.229 - - [11/Sep/2025:05:41:25 -0700] "GET /admin-post.php?path=//proc/self/root/proc/thread-self/root/proc/thread-self/root/proc/thread-self/root/proc/thread-self/root/proc/self/root/proc/thread-self/cwd/public/app-assets/vendors/jstree/themes/default HTTP/2.0" 200 2954 "-" "Mozilla/5.0 AppleWebKit/537.36 (KHTML, like Gecko; compatible; GPTBot/1.2; +https://openai.com/gptbot)" 84 **0/84386**
20.171.207.207 - - [11/Sep/2025:05:41:26 -0700] "GET //product//hoodie-with-zipper/%22?path=/home/o5t6x7pgljbm/public_html/sias-uganda.com&viewfile=/home/o5t6x7pgljbm/public_html/sias-uganda.com/deleteme.wp618e8e4da22d4471a28af6fab4050656.php HTTP/2.0" 200 6240 "-" "Mozilla/5.0 AppleWebKit/537.36 (KHTML, like Gecko; compatible; GPTBot/1.2; +https://openai.com/gptbot)" 66 **0/66583**
66.249.73.130 - - [11/Sep/2025:05:41:26 -0700] "GET /products/1006124 HTTP/1.1" 200 6216 "-" "Mozilla/5.0 (Linux; Android 6.0.1; Nexus 5X Build/MMB29P) AppleWebKit/537.36 (KHTML, like Gecko) Chrome/139.0.7258.154 Mobile Safari/537.36 (compatible; Googlebot/2.1; +http://www.google.com/bot.html)" 65 **0/65443**
20.171.207.207 - - [11/Sep/2025:05:41:27 -0700] "GET //product//hoodie-with-zipper/%22?path=/home/o5t6x7pgljbm/public_html/sias-uganda.com&viewfile=/home/o5t6x7pgljbm/public_html/sias-uganda.com/deleteme.wp8a4704460a9b40d28aae3bcf3e2aeac4.php HTTP/2.0" 200 6240 "-" "Mozilla/5.0 AppleWebKit/537.36 (KHTML, like Gecko; compatible; GPTBot/1.2; +https://openai.com/gptbot)" 85 **0/85204**
20.171.207.229 - - [11/Sep/2025:05:41:27 -0700] "GET /admin-post.php?path=//proc/self/root/proc/thread-self/root/proc/thread-self/root/proc/thread-self/root/proc/thread-self/root/proc/self/root/proc/thread-self/cwd/public/app-assets/vendors/jstree/themes/default-dark HTTP/2.0" 200 2949 "-" "Mozilla/5.0 AppleWebKit/537.36 (KHTML, like Gecko; compatible; GPTBot/1.2; +https://openai.com/gptbot)" 68 **0/68194**
20.171.207.207 - - [11/Sep/2025:05:41:28 -0700] "GET //product//hoodie-with-zipper/%22?path=/home/o5t6x7pgljbm/public_html/sias-uganda.com&viewfile=/home/o5t6x7pgljbm/public_html/sias-uganda.com/deleteme.wp9a2bac5f9c084a78b3b27ef26def62fb.php HTTP/2.0" 200 6242 "-" "Mozilla/5.0 AppleWebKit/537.36 (KHTML, like Gecko; compatible; GPTBot/1.2; +https://openai.com/gptbot)" 53 **0/53994**
20.171.207.229 - - [11/Sep/2025:05:41:28 -0700] "GET /admin-post.php?path=//proc/self/root/proc/thread-self/root/proc/thread-self/root/proc/thread-self/root/proc/thread-self/root/proc/self/root/proc/self/cwd/public/app-assets/vendors/fullcalendar/interaction HTTP/2.0" 200 3006 "-" "Mozilla/5.0 AppleWebKit/537.36 (KHTML, like Gecko; compatible; GPTBot/1.2; +https://openai.com/gptbot)" 45 **0/45910**
20.171.207.207 - - [11/Sep/2025:05:41:29 -0700] "GET //product//hoodie-with-zipper/%22?path=/home/o5t6x7pgljbm/public_html/sias-uganda.com&viewfile=/home/o5t6x7pgljbm/public_html/sias-uganda.com/deleteme.wpbc8cf0021d48478c9d2c57c787be968b.php HTTP/2.0" 200 6242 "-" "Mozilla/5.0 AppleWebKit/537.36 (KHTML, like Gecko; compatible; GPTBot/1.2; +https://openai.com/gptbot)" 42 **0/42141**
20.171.207.229 - - [11/Sep/2025:05:41:30 -0700] "GET /admin-post.php?path=//proc/self/root/proc/thread-self/root/proc/thread-self/root/proc/thread-self/root/proc/thread-self/root/proc/self/root/proc/thread-self/cwd/public/app-assets/vendors/data-tables/extensions HTTP/2.0" 200 2998 "-" "Mozilla/5.0 AppleWebKit/537.36 (KHTML, like Gecko; compatible; GPTBot/1.2; +https://openai.com/gptbot)" 97 **0/97020**
20.171.207.207 - - [11/Sep/2025:05:41:30 -0700] "GET //product//hoodie-with-zipper/%22?path=/home/o5t6x7pgljbm/public_html/sias-uganda.com&viewfile=/home/o5t6x7pgljbm/public_html/sias-uganda.com/deleteme.wp28085464f6fb437ba3b37c74ea852b75.php HTTP/2.0" 200 6244 "-" "Mozilla/5.0 AppleWebKit/537.36 (KHTML, like Gecko; compatible; GPTBot/1.2; +https://openai.com/gptbot)" 100 **0/100630**
20.171.207.229 - - [11/Sep/2025:05:41:31 -0700] "GET /admin-post.php?path=//proc/self/root/proc/thread-self/root/proc/thread-self/root/proc/thread-self/root/proc/thread-self/root/proc/self/root/proc/thread-self/cwd/public/task_claim_files HTTP/2.0" 200 3287 "-" "Mozilla/5.0 AppleWebKit/537.36 (KHTML, like Gecko; compatible; GPTBot/1.2; +https://openai.com/gptbot)" 77 **0/77752**
66.249.73.131 - - [11/Sep/2025:05:41:31 -0700] "GET /products/21654991 HTTP/1.1" 200 6216 "-" "Mozilla/5.0 (Linux; Android 6.0.1; Nexus 5X Build/MMB29P) AppleWebKit/537.36 (KHTML, like Gecko) Chrome/139.0.7258.154 Mobile Safari/537.36 (compatible; Googlebot/2.1; +http://www.google.com/bot.html)" 44 **0/44735**
20.171.207.207 - - [11/Sep/2025:05:41:31 -0700] "GET //product//hoodie-with-zipper/%22?path=/home/o5t6x7pgljbm/public_html/sias-uganda.com&viewfile=/home/o5t6x7pgljbm/public_html/sias-uganda.com/deleteme.wp4774a04b342f4e719ead2baccb438148.php HTTP/2.0" 200 6243 "-" "Mozilla/5.0 AppleWebKit/537.36 (KHTML, like Gecko; compatible; GPTBot/1.2; +https://openai.com/gptbot)" 71 **0/71963**
20.171.207.207 - - [11/Sep/2025:05:41:32 -0700] "GET //product//hoodie-with-zipper/%22?path=/home/o5t6x7pgljbm/public_html/sias-uganda.com&viewfile=/home/o5t6x7pgljbm/public_html/sias-uganda.com/deleteme.wp7f54679a39c04929a66bb09e3f5f7b36.php HTTP/2.0" 200 6244 "-" "Mozilla/5.0 AppleWebKit/537.36 (KHTML, like Gecko; compatible; GPTBot/1.2; +https://openai.com/gptbot)" 98 **0/98702**
20.171.207.229 - - [11/Sep/2025:05:41:34 -0700] "GET /admin-post.php?path=//proc/self/root/proc/thread-self/root/proc/thread-self/root/proc/thread-self/root/proc/thread-self/root/proc/self/root/proc/self/cwd/public/app-assets/vendors/quill/assets/snow HTTP/2.0" 200 2857 "-" "Mozilla/5.0 AppleWebKit/537.36 (KHTML, like Gecko; compatible; GPTBot/1.2; +https://openai.com/gptbot)" 52 **0/52321**
20.171.207.207 - - [11/Sep/2025:05:41:34 -0700] "GET //product//hoodie-with-zipper/%22?path=/home/o5t6x7pgljbm/public_html/sias-uganda.com&viewfile=/home/o5t6x7pgljbm/public_html/sias-uganda.com/deleteme.wp91d75bc55ca842c090a800e4e4a16cde.php HTTP/2.0" 200 6242 "-" "Mozilla/5.0 AppleWebKit/537.36 (KHTML, like Gecko; compatible; GPTBot/1.2; +https://openai.com/gptbot)" 63 **0/63220**
20.171.207.207 - - [11/Sep/2025:05:41:35 -0700] "GET //product//hoodie-with-zipper/%22?path=/home/o5t6x7pgljbm/public_html/sias-uganda.com&viewfile=/home/o5t6x7pgljbm/public_html/sias-uganda.com/deleteme.wpcaace82f714e4753b27e5c3239e8e9b5.php HTTP/2.0" 200 6241 "-" "Mozilla/5.0 AppleWebKit/537.36 (KHTML, like Gecko; compatible; GPTBot/1.2; +https://openai.com/gptbot)" 52 **0/52020**
20.171.207.229 - - [11/Sep/2025:05:41:35 -0700] "GET /admin-post.php?path=//proc/self/root/proc/thread-self/root/proc/thread-self/root/proc/thread-self/root/proc/thread-self/root/proc/self/root/proc/thread-self/cwd/public/product_images HTTP/2.0" 200 7437 "-" "Mozilla/5.0 AppleWebKit/537.36 (KHTML, like Gecko; compatible; GPTBot/1.2; +https://openai.com/gptbot)" 84 **0/84339**
66.249.73.130 - - [11/Sep/2025:05:41:36 -0700] "GET /products/27237879 HTTP/1.1" 200 6216 "-" "Mozilla/5.0 (Linux; Android 6.0.1; Nexus 5X Build/MMB29P) AppleWebKit/537.36 (KHTML, like Gecko) Chrome/139.0.7258.154 Mobile Safari/537.36 (compatible; Googlebot/2.1; +http://www.google.com/bot.html)" 70 **0/70469**
20.171.207.207 - - [11/Sep/2025:05:41:36 -0700] "GET //product//hoodie-with-zipper/%22?path=/home/o5t6x7pgljbm/public_html/sias-uganda.com&viewfile=/home/o5t6x7pgljbm/public_html/sias-uganda.com/deleteme.wpb3290be05da247aea2a34b34f3b61721.php HTTP/2.0" 200 6240 "-" "Mozilla/5.0 AppleWebKit/537.36 (KHTML, like Gecko; compatible; GPTBot/1.2; +https://openai.com/gptbot)" 61 **0/61839**
20.171.207.229 - - [11/Sep/2025:05:41:37 -0700] "GET /admin-post.php?path=//proc/self/root/proc/thread-self/root/proc/thread-self/root/proc/thread-self/root/proc/thread-self/root/proc/self/root/proc/thread-self/cwd/public/app-assets/vendors/jquery-jvectormap HTTP/2.0" 200 2816 "-" "Mozilla/5.0 AppleWebKit/537.36 (KHTML, like Gecko; compatible; GPTBot/1.2; +https://openai.com/gptbot)" 46 **0/46570**
20.171.207.207 - - [11/Sep/2025:05:41:37 -0700] "GET //product//hoodie-with-zipper/%22?path=/home/o5t6x7pgljbm/public_html/sias-uganda.com&viewfile=/home/o5t6x7pgljbm/public_html/sias-uganda.com/deleteme.wpb5b6cda0e6d34217b4f80b1a17df165e.php HTTP/2.0" 200 6242 "-" "Mozilla/5.0 AppleWebKit/537.36 (KHTML, like Gecko; compatible; GPTBot/1.2; +https://openai.com/gptbot)" 60 **0/60801**
20.171.207.207 - - [11/Sep/2025:05:41:38 -0700] "GET //product//hoodie-with-zipper/%22?path=/home/o5t6x7pgljbm/public_html/sias-uganda.com&viewfile=/home/o5t6x7pgljbm/public_html/sias-uganda.com/deleteme.wpd22ea5254bc34bd8b1b872979a019325.php HTTP/2.0" 200 6244 "-" "Mozilla/5.0 AppleWebKit/537.36 (KHTML, like Gecko; compatible; GPTBot/1.2; +https://openai.com/gptbot)" 78 **0/78139**
20.171.207.229 - - [11/Sep/2025:05:41:38 -0700] "GET /admin-post.php?path=//proc/self/root/proc/thread-self/root/proc/thread-self/root/proc/thread-self/root/proc/thread-self/root/proc/self/root/proc/thread-self/cwd/public/app-assets/vendors/quill HTTP/2.0" 200 3250 "-" "Mozilla/5.0 AppleWebKit/537.36 (KHTML, like Gecko; compatible; GPTBot/1.2; +https://openai.com/gptbot)" 60 **0/60878**
