216.73.216.124 - - [11/Sep/2025:05:26:31 -0700] "GET /products/13146857?path=%2Fhome%2Fo5t6x7pgljbm%2Fpublic_html%2Fvendor%2Ffakerphp%2Ffaker%2Fsrc%2FFaker&viewfile=%2Fhome%2Fo5t6x7pgljbm%2Fpublic_html%2Fvendor%2Ffakerphp%2Ffaker%2Fsrc%2FFaker%2FGenerator.php HTTP/2.0" 200 7306 "-" "Mozilla/5.0 AppleWebKit/537.36 (KHTML, like Gecko; compatible; ClaudeBot/1.0; +claudebot@anthropic.com)" 80 **0/80422**
66.249.73.129 - - [11/Sep/2025:05:26:31 -0700] "GET /products/29167024 HTTP/1.1" 200 6216 "-" "Mozilla/5.0 (Linux; Android 6.0.1; Nexus 5X Build/MMB29P) AppleWebKit/537.36 (KHTML, like Gecko) Chrome/139.0.7258.154 Mobile Safari/537.36 (compatible; Googlebot/2.1; +http://www.google.com/bot.html)" 60 **0/60509**
66.249.73.130 - - [11/Sep/2025:05:26:32 -0700] "GET /products/18668435 HTTP/1.1" 200 6216 "-" "Mozilla/5.0 (Linux; Android 6.0.1; Nexus 5X Build/MMB29P) AppleWebKit/537.36 (KHTML, like Gecko) Chrome/139.0.7258.154 Mobile Safari/537.36 (compatible; Googlebot/2.1; +http://www.google.com/bot.html)" 70 **0/70547**
216.73.216.124 - - [11/Sep/2025:05:26:32 -0700] "GET /products/13146857?path=%2Fhome%2Fo5t6x7pgljbm%2Fpublic_html%2Fvendor%2Ffakerphp%2Ffaker%2Fsrc%2FFaker&viewfile=%2Fhome%2Fo5t6x7pgljbm%2Fpublic_html%2Fvendor%2Ffakerphp%2Ffaker%2Fsrc%2FFaker%2FDefaultGenerator.php HTTP/2.0" 200 2858 "-" "Mozilla/5.0 AppleWebKit/537.36 (KHTML, like Gecko; compatible; ClaudeBot/1.0; +claudebot@anthropic.com)" 56 **0/56516**
66.249.73.130 - - [11/Sep/2025:05:26:32 -0700] "GET /products/25214968 HTTP/1.1" 200 6216 "-" "Mozilla/5.0 (Linux; Android 6.0.1; Nexus 5X Build/MMB29P) AppleWebKit/537.36 (KHTML, like Gecko) Chrome/139.0.7258.154 Mobile Safari/537.36 (compatible; Googlebot/2.1; +http://www.google.com/bot.html)" 50 **0/50484**
216.73.216.124 - - [11/Sep/2025:05:26:32 -0700] "GET /products/13146857?path=%2Fhome%2Fo5t6x7pgljbm%2Fpublic_html%2Fvendor%2Ffakerphp%2Ffaker%2Fsrc%2FFaker&viewfile=%2Fhome%2Fo5t6x7pgljbm%2Fpublic_html%2Fvendor%2Ffakerphp%2Ffaker%2Fsrc%2FFaker%2FValidGenerator.php HTTP/2.0" 200 3226 "-" "Mozilla/5.0 AppleWebKit/537.36 (KHTML, like Gecko; compatible; ClaudeBot/1.0; +claudebot@anthropic.com)" 47 **0/47308**
20.171.207.229 - - [11/Sep/2025:05:26:32 -0700] "GET /admin-post.php?path=//proc/self/root/proc/thread-self/root/proc/thread-self/root/proc/thread-self/root/proc/thread-self/root/proc/self/root/proc/thread-self/root/proc/self/cwd/vendor/filp/whoops HTTP/2.0" 200 3091 "-" "Mozilla/5.0 AppleWebKit/537.36 (KHTML, like Gecko; compatible; GPTBot/1.2; +https://openai.com/gptbot)" 56 **0/56268**
66.249.73.132 - - [11/Sep/2025:05:26:33 -0700] "GET /products/24900168 HTTP/1.1" 200 6216 "-" "Mozilla/5.0 (Linux; Android 6.0.1; Nexus 5X Build/MMB29P) AppleWebKit/537.36 (KHTML, like Gecko) Chrome/139.0.7258.154 Mobile Safari/537.36 (compatible; Googlebot/2.1; +http://www.google.com/bot.html)" 53 **0/53708**
216.73.216.124 - - [11/Sep/2025:05:26:33 -0700] "GET /index.php?path=%2Fhome%2Fo5t6x7pgljbm%2Fpublic_html%2Fwp-includes%2Fjs%2Fdist%2Fvendor&viewfile=%2Fhome%2Fo5t6x7pgljbm%2Fpublic_html%2Fwp-includes%2Fjs%2Fdist%2Fvendor%2Freact-jsx-runtime.js HTTP/2.0" 200 15670 "-" "Mozilla/5.0 AppleWebKit/537.36 (KHTML, like Gecko; compatible; ClaudeBot/1.0; +claudebot@anthropic.com)" 46 **0/46516**
66.249.74.34 - - [11/Sep/2025:05:26:33 -0700] "GET /shopdetail/69492298747?viewfile=/home/o5t6x7pgljbm/public_html/countyacademy.com/wp-content/plugins/elementor/data/manager.php&path=/home/o5t6x7pgljbm/public_html/countyacademy.com/wp-content/plugins/elementor/data HTTP/1.1" 200 4998 "-" "Mozilla/5.0 (Linux; Android 6.0.1; Nexus 5X Build/MMB29P) AppleWebKit/537.36 (KHTML, like Gecko) Chrome/139.0.7258.154 Mobile Safari/537.36 (compatible; GoogleOther)" 46 **0/46571**
216.73.216.124 - - [11/Sep/2025:05:26:33 -0700] "GET /products/25214035?path=%2Fhome%2Fo5t6x7pgljbm%2Fpublic_html%2Fwp-content%2Fplugins%2Fawhsakit%2Fsrc%2Fviews&viewfile=%2Fhome%2Fo5t6x7pgljbm%2Fpublic_html%2Fwp-content%2Fplugins%2Fawhsakit%2Fsrc%2Fviews%2Fmain.php HTTP/2.0" 200 2657 "-" "Mozilla/5.0 AppleWebKit/537.36 (KHTML, like Gecko; compatible; ClaudeBot/1.0; +claudebot@anthropic.com)" 84 **0/84620**
66.249.73.131 - - [11/Sep/2025:05:26:33 -0700] "GET /products/16973335 HTTP/1.1" 200 6216 "-" "Mozilla/5.0 (Linux; Android 6.0.1; Nexus 5X Build/MMB29P) AppleWebKit/537.36 (KHTML, like Gecko) Chrome/139.0.7258.154 Mobile Safari/537.36 (compatible; Googlebot/2.1; +http://www.google.com/bot.html)" 62 **0/62966**
216.73.216.124 - - [11/Sep/2025:05:26:33 -0700] "GET /products/13146857?path=%2Fhome%2Fo5t6x7pgljbm%2Fpublic_html%2Fvendor%2Fphpunit%2Fphp-invoker%2Fsrc%2Fexceptions&viewfile=%2Fhome%2Fo5t6x7pgljbm%2Fpublic_html%2Fvendor%2Fphpunit%2Fphp-invoker%2Fsrc%2Fexceptions%2FTimeoutException.php HTTP/2.0" 200 2742 "-" "Mozilla/5.0 AppleWebKit/537.36 (KHTML, like Gecko; compatible; ClaudeBot/1.0; +claudebot@anthropic.com)" 58 **0/58467**
20.171.207.207 - - [11/Sep/2025:05:26:34 -0700] "GET //product//hoodie-with-zipper/%22?path=/home/o5t6x7pgljbm/public_html/vendor/nette/utils&viewfile=/home/o5t6x7pgljbm/public_html/vendor/nette/utils/composer.json HTTP/2.0" 200 3234 "-" "Mozilla/5.0 AppleWebKit/537.36 (KHTML, like Gecko; compatible; GPTBot/1.2; +https://openai.com/gptbot)" 66 **0/66319**
66.249.73.131 - - [11/Sep/2025:05:26:34 -0700] "GET /products/26491580 HTTP/1.1" 200 6216 "-" "Mozilla/5.0 (Linux; Android 6.0.1; Nexus 5X Build/MMB29P) AppleWebKit/537.36 (KHTML, like Gecko) Chrome/139.0.7258.154 Mobile Safari/537.36 (compatible; Googlebot/2.1; +http://www.google.com/bot.html)" 63 **0/63016**
216.73.216.124 - - [11/Sep/2025:05:26:34 -0700] "GET /products/13146857?path=%2Fhome%2Fo5t6x7pgljbm%2Fpublic_html%2Fvendor%2Fphpunit%2Fphp-invoker%2Fsrc%2Fexceptions&viewfile=%2Fhome%2Fo5t6x7pgljbm%2Fpublic_html%2Fvendor%2Fphpunit%2Fphp-invoker%2Fsrc%2Fexceptions%2FException.php HTTP/2.0" 200 2727 "-" "Mozilla/5.0 AppleWebKit/537.36 (KHTML, like Gecko; compatible; ClaudeBot/1.0; +claudebot@anthropic.com)" 74 **0/74446**
20.171.207.229 - - [11/Sep/2025:05:26:34 -0700] "GET /admin-post.php?path=//proc/self/root/proc/thread-self/root/proc/thread-self/root/proc/thread-self/root/proc/thread-self/root/proc/self/root/proc/thread-self/root/proc/self/cwd/vendor/psr/http-client HTTP/2.0" 200 3062 "-" "Mozilla/5.0 AppleWebKit/537.36 (KHTML, like Gecko; compatible; GPTBot/1.2; +https://openai.com/gptbot)" 61 **0/61653**
216.73.216.124 - - [11/Sep/2025:05:26:34 -0700] "GET /index.php?path=%2Fhome%2Fo5t6x7pgljbm%2Fpublic_html%2Fwp-includes%2FSimplePie%2Fsrc%2FContent%2FType HTTP/2.0" 200 2706 "-" "Mozilla/5.0 AppleWebKit/537.36 (KHTML, like Gecko; compatible; ClaudeBot/1.0; +claudebot@anthropic.com)" 48 **0/48233**
66.249.73.130 - - [11/Sep/2025:05:26:34 -0700] "GET /products/20871979 HTTP/1.1" 200 6216 "-" "Mozilla/5.0 (Linux; Android 6.0.1; Nexus 5X Build/MMB29P) AppleWebKit/537.36 (KHTML, like Gecko) Chrome/139.0.7258.154 Mobile Safari/537.36 (compatible; Googlebot/2.1; +http://www.google.com/bot.html)" 61 **0/61576**
216.73.216.124 - - [11/Sep/2025:05:26:34 -0700] "GET /index.php?path=%2Fhome%2Fo5t6x7pgljbm%2Fpublic_html%2Fwp-includes%2Fjs%2Fdist%2Fvendor&viewfile=%2Fhome%2Fo5t6x7pgljbm%2Fpublic_html%2Fwp-includes%2Fjs%2Fdist%2Fvendor%2Flodash.js HTTP/2.0" 200 93150 "-" "Mozilla/5.0 AppleWebKit/537.36 (KHTML, like Gecko; compatible; ClaudeBot/1.0; +claudebot@anthropic.com)" 116 **0/116382**
66.249.73.132 - - [11/Sep/2025:05:26:35 -0700] "GET /products/28288135 HTTP/1.1" 200 6216 "-" "Mozilla/5.0 (Linux; Android 6.0.1; Nexus 5X Build/MMB29P) AppleWebKit/537.36 (KHTML, like Gecko) Chrome/139.0.7258.154 Mobile Safari/537.36 (compatible; Googlebot/2.1; +http://www.google.com/bot.html)" 65 **0/65541**
216.73.216.124 - - [11/Sep/2025:05:26:35 -0700] "GET /index.php?path=%2Fhome%2Fo5t6x7pgljbm%2Fpublic_html%2Fwp-includes%2FSimplePie%2Fsrc%2FXML%2FDeclaration HTTP/2.0" 200 2707 "-" "Mozilla/5.0 AppleWebKit/537.36 (KHTML, like Gecko; compatible; ClaudeBot/1.0; +claudebot@anthropic.com)" 58 **0/58074**
20.171.207.207 - - [11/Sep/2025:05:26:35 -0700] "GET //product//hoodie-with-zipper/%22?path=/home/o5t6x7pgljbm/public_html/vendor/nette/schema&viewfile=/home/o5t6x7pgljbm/public_html/vendor/nette/schema/composer.json HTTP/2.0" 200 2910 "-" "Mozilla/5.0 AppleWebKit/537.36 (KHTML, like Gecko; compatible; GPTBot/1.2; +https://openai.com/gptbot)" 63 **0/63366**
216.73.216.124 - - [11/Sep/2025:05:26:35 -0700] "GET /index.php?path=%2Fhome%2Fo5t6x7pgljbm%2Fpublic_html%2Fwp-includes%2FSimplePie%2Fsrc%2FCache&viewfile=%2Fhome%2Fo5t6x7pgljbm%2Fpublic_html%2Fwp-includes%2FSimplePie%2Fsrc%2FCache%2FPsr16.php HTTP/2.0" 200 4347 "-" "Mozilla/5.0 AppleWebKit/537.36 (KHTML, like Gecko; compatible; ClaudeBot/1.0; +claudebot@anthropic.com)" 87 **0/87921**
66.249.74.33 - - [11/Sep/2025:05:26:35 -0700] "GET /events/category/vaccine/2024-05/?viewfile=//sbin/dnssec-keyfromlabel&path=//sbin HTTP/1.1" 200 24297 "-" "Mozilla/5.0 (Linux; Android 6.0.1; Nexus 5X Build/MMB29P) AppleWebKit/537.36 (KHTML, like Gecko) Chrome/139.0.7258.154 Mobile Safari/537.36 (compatible; GoogleOther)" 51 **0/51603**
66.249.73.129 - - [11/Sep/2025:05:26:35 -0700] "GET /products/28208591 HTTP/1.1" 200 6216 "-" "Mozilla/5.0 (Linux; Android 6.0.1; Nexus 5X Build/MMB29P) AppleWebKit/537.36 (KHTML, like Gecko) Chrome/139.0.7258.154 Mobile Safari/537.36 (compatible; Googlebot/2.1; +http://www.google.com/bot.html)" 43 **0/43357**
216.73.216.124 - - [11/Sep/2025:05:26:35 -0700] "GET /index.php?path=%2Fhome%2Fo5t6x7pgljbm%2Fpublic_html%2Fwp-includes%2FSimplePie%2Fsrc%2FParse&viewfile=%2Fhome%2Fo5t6x7pgljbm%2Fpublic_html%2Fwp-includes%2FSimplePie%2Fsrc%2FParse%2FDate.php HTTP/2.0" 200 9072 "-" "Mozilla/5.0 AppleWebKit/537.36 (KHTML, like Gecko; compatible; ClaudeBot/1.0; +claudebot@anthropic.com)" 117 **0/117494**
216.73.216.124 - - [11/Sep/2025:05:26:35 -0700] "GET /index.php?path=%2Fhome%2Fo5t6x7pgljbm%2Fpublic_html%2Fwp-includes%2FSimplePie%2Fsrc%2FCache&viewfile=%2Fhome%2Fo5t6x7pgljbm%2Fpublic_html%2Fwp-includes%2FSimplePie%2Fsrc%2FCache%2FMemcached.php HTTP/2.0" 200 4595 "-" "Mozilla/5.0 AppleWebKit/537.36 (KHTML, like Gecko; compatible; ClaudeBot/1.0; +claudebot@anthropic.com)" 59 **0/59913**
20.171.207.229 - - [11/Sep/2025:05:26:35 -0700] "GET /admin-post.php?path=//proc/self/root/proc/thread-self/root/proc/thread-self/root/proc/thread-self/root/proc/thread-self/root/proc/self/root/proc/self/root/proc/self/root/proc/thread-self/cwd/old/vendor/ramsey/collection HTTP/2.0" 200 3127 "-" "Mozilla/5.0 AppleWebKit/537.36 (KHTML, like Gecko; compatible; GPTBot/1.2; +https://openai.com/gptbot)" 49 **0/49190**
216.73.216.124 - - [11/Sep/2025:05:26:35 -0700] "GET /index.php?path=%2Fhome%2Fo5t6x7pgljbm%2Fpublic_html%2Fwp-includes%2FSimplePie%2Fsrc%2FCache&viewfile=%2Fhome%2Fo5t6x7pgljbm%2Fpublic_html%2Fwp-includes%2FSimplePie%2Fsrc%2FCache%2FDB.php HTTP/2.0" 200 4152 "-" "Mozilla/5.0 AppleWebKit/537.36 (KHTML, like Gecko; compatible; ClaudeBot/1.0; +claudebot@anthropic.com)" 63 **0/63802**
216.73.216.124 - - [11/Sep/2025:05:26:36 -0700] "GET /index.php?path=%2Fhome%2Fo5t6x7pgljbm%2Fpublic_html%2Fwp-includes%2FSimplePie%2Fsrc%2FCache&viewfile=%2Fhome%2Fo5t6x7pgljbm%2Fpublic_html%2Fwp-includes%2FSimplePie%2Fsrc%2FCache%2FMemcache.php HTTP/2.0" 200 4543 "-" "Mozilla/5.0 AppleWebKit/537.36 (KHTML, like Gecko; compatible; ClaudeBot/1.0; +claudebot@anthropic.com)" 62 **0/62194**
216.73.216.124 - - [11/Sep/2025:05:26:36 -0700] "GET /index.php?path=%2Fhome%2Fo5t6x7pgljbm%2Fpublic_html%2Fwp-includes%2FSimplePie%2Fsrc%2FCache&viewfile=%2Fhome%2Fo5t6x7pgljbm%2Fpublic_html%2Fwp-includes%2FSimplePie%2Fsrc%2FCache%2FFile.php HTTP/2.0" 200 4233 "-" "Mozilla/5.0 AppleWebKit/537.36 (KHTML, like Gecko; compatible; ClaudeBot/1.0; +claudebot@anthropic.com)" 92 **0/92213**
66.249.73.131 - - [11/Sep/2025:05:26:36 -0700] "GET /products/20105902 HTTP/1.1" 200 6216 "-" "Mozilla/5.0 (Linux; Android 6.0.1; Nexus 5X Build/MMB29P) AppleWebKit/537.36 (KHTML, like Gecko) Chrome/139.0.7258.154 Mobile Safari/537.36 (compatible; Googlebot/2.1; +http://www.google.com/bot.html)" 85 **0/85666**
216.73.216.124 - - [11/Sep/2025:05:26:36 -0700] "GET /index.php?path=%2Fhome%2Fo5t6x7pgljbm%2Fpublic_html%2Fwp-includes%2FSimplePie%2Fsrc%2FCache&viewfile=%2Fhome%2Fo5t6x7pgljbm%2Fpublic_html%2Fwp-includes%2FSimplePie%2Fsrc%2FCache%2FRedis.php HTTP/2.0" 200 4625 "-" "Mozilla/5.0 AppleWebKit/537.36 (KHTML, like Gecko; compatible; ClaudeBot/1.0; +claudebot@anthropic.com)" 56 **0/56651**
216.73.216.124 - - [11/Sep/2025:05:26:36 -0700] "GET /index.php?path=%2Fhome%2Fo5t6x7pgljbm%2Fpublic_html%2Fwp-includes%2FSimplePie%2Fsrc%2FCache&viewfile=%2Fhome%2Fo5t6x7pgljbm%2Fpublic_html%2Fwp-includes%2FSimplePie%2Fsrc%2FCache%2FBase.php HTTP/2.0" 200 4017 "-" "Mozilla/5.0 AppleWebKit/537.36 (KHTML, like Gecko; compatible; ClaudeBot/1.0; +claudebot@anthropic.com)" 51 **0/51452**
66.249.73.130 - - [11/Sep/2025:05:26:36 -0700] "GET /products/22382713 HTTP/1.1" 200 6216 "-" "Mozilla/5.0 (Linux; Android 6.0.1; Nexus 5X Build/MMB29P) AppleWebKit/537.36 (KHTML, like Gecko) Chrome/139.0.7258.154 Mobile Safari/537.36 (compatible; Googlebot/2.1; +http://www.google.com/bot.html)" 50 **0/50533**
216.73.216.124 - - [11/Sep/2025:05:26:36 -0700] "GET /index.php?path=%2Fhome%2Fo5t6x7pgljbm%2Fpublic_html%2Fwp-includes%2FSimplePie%2Fsrc%2FDecode%2FHTML HTTP/2.0" 200 2706 "-" "Mozilla/5.0 AppleWebKit/537.36 (KHTML, like Gecko; compatible; ClaudeBot/1.0; +claudebot@anthropic.com)" 56 **0/56699**
216.73.216.124 - - [11/Sep/2025:05:26:37 -0700] "GET /index.php?path=%2Fhome%2Fo5t6x7pgljbm%2Fpublic_html%2Fwp-includes%2FSimplePie%2Fsrc%2FCache&viewfile=%2Fhome%2Fo5t6x7pgljbm%2Fpublic_html%2Fwp-includes%2FSimplePie%2Fsrc%2FCache%2FDataCache.php HTTP/2.0" 200 4257 "-" "Mozilla/5.0 AppleWebKit/537.36 (KHTML, like Gecko; compatible; ClaudeBot/1.0; +claudebot@anthropic.com)" 65 **0/65031**
216.73.216.124 - - [11/Sep/2025:05:26:37 -0700] "GET /index.php?path=%2Fhome%2Fo5t6x7pgljbm%2Fpublic_html%2Fwp-includes%2FSimplePie%2Fsrc%2FCache&viewfile=%2Fhome%2Fo5t6x7pgljbm%2Fpublic_html%2Fwp-includes%2FSimplePie%2Fsrc%2FCache%2FBaseDataCache.php HTTP/2.0" 200 4429 "-" "Mozilla/5.0 AppleWebKit/537.36 (KHTML, like Gecko; compatible; ClaudeBot/1.0; +claudebot@anthropic.com)" 48 **0/48505**
216.73.216.124 - - [11/Sep/2025:05:26:37 -0700] "GET /index.php?path=%2Fhome%2Fo5t6x7pgljbm%2Fpublic_html%2Fwp-includes%2FSimplePie%2Fsrc%2FCache&viewfile=%2Fhome%2Fo5t6x7pgljbm%2Fpublic_html%2Fwp-includes%2FSimplePie%2Fsrc%2FCache%2FMySQL.php HTTP/2.0" 200 6077 "-" "Mozilla/5.0 AppleWebKit/537.36 (KHTML, like Gecko; compatible; ClaudeBot/1.0; +claudebot@anthropic.com)" 48 **0/48337**
66.249.73.128 - - [11/Sep/2025:05:26:37 -0700] "GET /products/21130480 HTTP/1.1" 200 6216 "-" "Mozilla/5.0 (Linux; Android 6.0.1; Nexus 5X Build/MMB29P) AppleWebKit/537.36 (KHTML, like Gecko) Chrome/139.0.7258.154 Mobile Safari/537.36 (compatible; Googlebot/2.1; +http://www.google.com/bot.html)" 47 **0/47029**
20.171.207.207 - - [11/Sep/2025:05:26:37 -0700] "GET //product//hoodie-with-zipper/%22?path=/home/o5t6x7pgljbm/public_html/vendor/nette/schema&viewfile=/home/o5t6x7pgljbm/public_html/vendor/nette/schema/license.md HTTP/2.0" 200 3655 "-" "Mozilla/5.0 AppleWebKit/537.36 (KHTML, like Gecko; compatible; GPTBot/1.2; +https://openai.com/gptbot)" 57 **0/57184**
216.73.216.124 - - [11/Sep/2025:05:26:37 -0700] "GET /index.php?path=%2Fhome%2Fo5t6x7pgljbm%2Fpublic_html%2Fwp-includes%2FSimplePie%2Fsrc%2FHTTP&viewfile=%2Fhome%2Fo5t6x7pgljbm%2Fpublic_html%2Fwp-includes%2FSimplePie%2Fsrc%2FHTTP%2FParser.php HTTP/2.0" 200 6084 "-" "Mozilla/5.0 AppleWebKit/537.36 (KHTML, like Gecko; compatible; ClaudeBot/1.0; +claudebot@anthropic.com)" 59 **0/59458**
66.249.73.129 - - [11/Sep/2025:05:26:37 -0700] "GET /products/23026179 HTTP/1.1" 200 6216 "-" "Mozilla/5.0 (Linux; Android 6.0.1; Nexus 5X Build/MMB29P) AppleWebKit/537.36 (KHTML, like Gecko) Chrome/139.0.7258.154 Mobile Safari/537.36 (compatible; Googlebot/2.1; +http://www.google.com/bot.html)" 51 **0/51503**
66.249.73.130 - - [11/Sep/2025:05:26:38 -0700] "GET /products/20970602 HTTP/1.1" 200 6216 "-" "Mozilla/5.0 (Linux; Android 6.0.1; Nexus 5X Build/MMB29P) AppleWebKit/537.36 (KHTML, like Gecko) Chrome/139.0.7258.154 Mobile Safari/537.36 (compatible; Googlebot/2.1; +http://www.google.com/bot.html)" 58 **0/58112**
66.249.73.131 - - [11/Sep/2025:05:26:38 -0700] "GET /products/17993413 HTTP/1.1" 200 6216 "-" "Mozilla/5.0 (Linux; Android 6.0.1; Nexus 5X Build/MMB29P) AppleWebKit/537.36 (KHTML, like Gecko) Chrome/139.0.7258.154 Mobile Safari/537.36 (compatible; Googlebot/2.1; +http://www.google.com/bot.html)" 55 **0/55447**
20.171.207.207 - - [11/Sep/2025:05:26:38 -0700] "GET //product//hoodie-with-zipper/%22?path=/home/o5t6x7pgljbm/public_html/old/storage/logs HTTP/2.0" 200 2712 "-" "Mozilla/5.0 AppleWebKit/537.36 (KHTML, like Gecko; compatible; GPTBot/1.2; +https://openai.com/gptbot)" 48 **0/48877**
66.249.73.131 - - [11/Sep/2025:05:26:39 -0700] "GET /products/29530313 HTTP/1.1" 200 6216 "-" "Mozilla/5.0 (Linux; Android 6.0.1; Nexus 5X Build/MMB29P) AppleWebKit/537.36 (KHTML, like Gecko) Chrome/139.0.7258.154 Mobile Safari/537.36 (compatible; Googlebot/2.1; +http://www.google.com/bot.html)" 51 **0/51264**
20.171.207.207 - - [11/Sep/2025:05:26:39 -0700] "GET //product//hoodie-with-zipper/%22?path=/home/o5t6x7pgljbm/public_html/old/resources/js HTTP/2.0" 200 2698 "-" "Mozilla/5.0 AppleWebKit/537.36 (KHTML, like Gecko; compatible; GPTBot/1.2; +https://openai.com/gptbot)" 47 **0/47438**
66.249.73.130 - - [11/Sep/2025:05:26:39 -0700] "GET /products/27542579 HTTP/1.1" 200 6216 "-" "Mozilla/5.0 (Linux; Android 6.0.1; Nexus 5X Build/MMB29P) AppleWebKit/537.36 (KHTML, like Gecko) Chrome/139.0.7258.154 Mobile Safari/537.36 (compatible; Googlebot/2.1; +http://www.google.com/bot.html)" 58 **0/58351**
20.171.207.207 - - [11/Sep/2025:05:26:41 -0700] "GET /school-access?path=/home/o5t6x7pgljbm/public_html/rewardsforeducation.com/wp-includes/Requests HTTP/2.0" 200 2669 "-" "Mozilla/5.0 AppleWebKit/537.36 (KHTML, like Gecko; compatible; GPTBot/1.2; +https://openai.com/gptbot)" 51 **0/51891**
66.249.73.132 - - [11/Sep/2025:05:26:41 -0700] "GET /products/19108768 HTTP/1.1" 200 6216 "-" "Mozilla/5.0 (Linux; Android 6.0.1; Nexus 5X Build/MMB29P) AppleWebKit/537.36 (KHTML, like Gecko) Chrome/139.0.7258.154 Mobile Safari/537.36 (compatible; Googlebot/2.1; +http://www.google.com/bot.html)" 64 **0/64098**
66.249.73.131 - - [11/Sep/2025:05:26:41 -0700] "GET /products/20004602 HTTP/1.1" 200 6216 "-" "Mozilla/5.0 (Linux; Android 6.0.1; Nexus 5X Build/MMB29P) AppleWebKit/537.36 (KHTML, like Gecko) Chrome/139.0.7258.154 Mobile Safari/537.36 (compatible; Googlebot/2.1; +http://www.google.com/bot.html)" 58 **0/58102**
66.249.73.131 - - [11/Sep/2025:05:26:41 -0700] "GET /products/19841480 HTTP/1.1" 200 6216 "-" "Mozilla/5.0 (Linux; Android 6.0.1; Nexus 5X Build/MMB29P) AppleWebKit/537.36 (KHTML, like Gecko) Chrome/139.0.7258.154 Mobile Safari/537.36 (compatible; Googlebot/2.1; +http://www.google.com/bot.html)" 45 **0/45111**
20.171.207.229 - - [11/Sep/2025:05:26:41 -0700] "GET /admin-post.php?path=//proc/self/root/proc/thread-self/root/proc/thread-self/root/proc/thread-self/root/proc/thread-self/root/proc/self/root/proc/self/root/proc/self/cwd/old/vendor/doctrine/lexer HTTP/2.0" 200 3060 "-" "Mozilla/5.0 AppleWebKit/537.36 (KHTML, like Gecko; compatible; GPTBot/1.2; +https://openai.com/gptbot)" 43 **0/43288**
20.171.207.207 - - [11/Sep/2025:05:26:42 -0700] "GET /school-access?path=/home/o5t6x7pgljbm/public_html/rewardsforeducation.com/wp-includes&viewfile=/home/o5t6x7pgljbm/public_html/rewardsforeducation.com/wp-includes/class-wp-block-bindings-registry.php HTTP/2.0" 200 4553 "-" "Mozilla/5.0 AppleWebKit/537.36 (KHTML, like Gecko; compatible; GPTBot/1.2; +https://openai.com/gptbot)" 47 **0/47227**
66.249.73.131 - - [11/Sep/2025:05:26:42 -0700] "GET /products/29368057 HTTP/1.1" 200 6216 "-" "Mozilla/5.0 (Linux; Android 6.0.1; Nexus 5X Build/MMB29P) AppleWebKit/537.36 (KHTML, like Gecko) Chrome/139.0.7258.154 Mobile Safari/537.36 (compatible; Googlebot/2.1; +http://www.google.com/bot.html)" 56 **0/56646**
20.171.207.207 - - [11/Sep/2025:05:26:43 -0700] "GET /school-access?path=/home/o5t6x7pgljbm/public_html/rewardsforeducation.com/wp-includes&viewfile=/home/o5t6x7pgljbm/public_html/rewardsforeducation.com/wp-includes/class.wp-dependencies.php HTTP/2.0" 200 2658 "-" "Mozilla/5.0 AppleWebKit/537.36 (KHTML, like Gecko; compatible; GPTBot/1.2; +https://openai.com/gptbot)" 47 **0/47848**
66.249.73.128 - - [11/Sep/2025:05:26:43 -0700] "GET /products/22841957?path=/home/o5t6x7pgljbm/bin HTTP/1.1" 200 2270 "-" "Mozilla/5.0 (Linux; Android 6.0.1; Nexus 5X Build/MMB29P) AppleWebKit/537.36 (KHTML, like Gecko) Chrome/139.0.7258.154 Mobile Safari/537.36 (compatible; GoogleOther)" 48 **0/48640**
20.171.207.229 - - [11/Sep/2025:05:26:44 -0700] "GET /admin-post.php?path=//proc/self/root/proc/thread-self/root/proc/thread-self/root/proc/thread-self/root/proc/thread-self/root/proc/self/root/proc/self/root/proc/self/cwd/old/vendor/doctrine/inflector HTTP/2.0" 200 3054 "-" "Mozilla/5.0 AppleWebKit/537.36 (KHTML, like Gecko; compatible; GPTBot/1.2; +https://openai.com/gptbot)" 56 **0/56799**
66.249.73.129 - - [11/Sep/2025:05:26:44 -0700] "GET /products/22018468 HTTP/1.1" 200 6216 "-" "Mozilla/5.0 (Linux; Android 6.0.1; Nexus 5X Build/MMB29P) AppleWebKit/537.36 (KHTML, like Gecko) Chrome/139.0.7258.154 Mobile Safari/537.36 (compatible; Googlebot/2.1; +http://www.google.com/bot.html)" 50 **0/50251**
66.249.73.129 - - [11/Sep/2025:05:26:44 -0700] "GET /products/25633402 HTTP/1.1" 200 6216 "-" "Mozilla/5.0 (Linux; Android 6.0.1; Nexus 5X Build/MMB29P) AppleWebKit/537.36 (KHTML, like Gecko) Chrome/139.0.7258.154 Mobile Safari/537.36 (compatible; Googlebot/2.1; +http://www.google.com/bot.html)" 79 **0/79536**
20.171.207.207 - - [11/Sep/2025:05:26:44 -0700] "GET /school-access?path=/home/o5t6x7pgljbm/public_html/rewardsforeducation.com/wp-includes&viewfile=/home/o5t6x7pgljbm/public_html/rewardsforeducation.com/wp-includes/class-wp-dependencies.php HTTP/2.0" 200 6088 "-" "Mozilla/5.0 AppleWebKit/537.36 (KHTML, like Gecko; compatible; GPTBot/1.2; +https://openai.com/gptbot)" 51 **0/51803**
66.249.73.130 - - [11/Sep/2025:05:26:44 -0700] "GET /products/30452091 HTTP/1.1" 200 6216 "-" "Mozilla/5.0 (Linux; Android 6.0.1; Nexus 5X Build/MMB29P) AppleWebKit/537.36 (KHTML, like Gecko) Chrome/139.0.7258.154 Mobile Safari/537.36 (compatible; Googlebot/2.1; +http://www.google.com/bot.html)" 50 **0/50533**
66.249.73.131 - - [11/Sep/2025:05:26:45 -0700] "GET /products/18101202 HTTP/1.1" 200 6216 "-" "Mozilla/5.0 (Linux; Android 6.0.1; Nexus 5X Build/MMB29P) AppleWebKit/537.36 (KHTML, like Gecko) Chrome/139.0.7258.154 Mobile Safari/537.36 (compatible; Googlebot/2.1; +http://www.google.com/bot.html)" 50 **0/50291**
66.249.73.131 - - [11/Sep/2025:05:26:45 -0700] "GET /products/24730624 HTTP/1.1" 200 6216 "-" "Mozilla/5.0 (Linux; Android 6.0.1; Nexus 5X Build/MMB29P) AppleWebKit/537.36 (KHTML, like Gecko) Chrome/139.0.7258.154 Mobile Safari/537.36 (compatible; Googlebot/2.1; +http://www.google.com/bot.html)" 46 **0/46044**
20.171.207.229 - - [11/Sep/2025:05:26:45 -0700] "GET /admin-post.php?path=//proc/self/root/proc/thread-self/root/proc/thread-self/root/proc/thread-self/root/proc/thread-self/root/proc/self/root/proc/thread-self/root/proc/self/cwd/vendor/psr/event-dispatcher HTTP/2.0" 200 3091 "-" "Mozilla/5.0 AppleWebKit/537.36 (KHTML, like Gecko; compatible; GPTBot/1.2; +https://openai.com/gptbot)" 65 **0/65626**
20.171.207.207 - - [11/Sep/2025:05:26:45 -0700] "GET /school-access?path=/home/o5t6x7pgljbm/public_html/rewardsforeducation.com/wp-includes&viewfile=/home/o5t6x7pgljbm/public_html/rewardsforeducation.com/wp-includes/class-wp-matchesmapregex.php HTTP/2.0" 200 3124 "-" "Mozilla/5.0 AppleWebKit/537.36 (KHTML, like Gecko; compatible; GPTBot/1.2; +https://openai.com/gptbot)" 55 **0/55323**
66.249.73.128 - - [11/Sep/2025:05:26:46 -0700] "GET /products/24107924 HTTP/1.1" 200 6216 "-" "Mozilla/5.0 (Linux; Android 6.0.1; Nexus 5X Build/MMB29P) AppleWebKit/537.36 (KHTML, like Gecko) Chrome/139.0.7258.154 Mobile Safari/537.36 (compatible; Googlebot/2.1; +http://www.google.com/bot.html)" 49 **0/49881**
20.171.207.207 - - [11/Sep/2025:05:26:47 -0700] "GET /school-access?path=/home/o5t6x7pgljbm/public_html/rewardsforeducation.com/wp-includes&viewfile=/home/o5t6x7pgljbm/public_html/rewardsforeducation.com/wp-includes/class-walker-category.php HTTP/2.0" 200 4835 "-" "Mozilla/5.0 AppleWebKit/537.36 (KHTML, like Gecko; compatible; GPTBot/1.2; +https://openai.com/gptbot)" 53 **0/53897**
66.249.73.130 - - [11/Sep/2025:05:26:47 -0700] "GET /products/27111135 HTTP/1.1" 200 6216 "-" "Mozilla/5.0 (Linux; Android 6.0.1; Nexus 5X Build/MMB29P) AppleWebKit/537.36 (KHTML, like Gecko) Chrome/139.0.7258.154 Mobile Safari/537.36 (compatible; Googlebot/2.1; +http://www.google.com/bot.html)" 69 **0/69468**
20.171.207.229 - - [11/Sep/2025:05:26:47 -0700] "GET /admin-post.php?path=//proc/self/root/proc/thread-self/root/proc/thread-self/root/proc/thread-self/root/proc/thread-self/root/proc/self/root/proc/thread-self/root/proc/self/cwd/vendor/nette/schema/src HTTP/2.0" 200 2754 "-" "Mozilla/5.0 AppleWebKit/537.36 (KHTML, like Gecko; compatible; GPTBot/1.2; +https://openai.com/gptbot)" 41 **0/41086**
157.55.39.49 - - [11/Sep/2025:05:26:47 -0700] "GET /products/31257891 HTTP/2.0" 200 6216 "-" "Mozilla/5.0 AppleWebKit/537.36 (KHTML, like Gecko; compatible; bingbot/2.0; +http://www.bing.com/bingbot.htm) Chrome/116.0.1938.76 Safari/537.36" 48 **0/48285**
66.249.73.129 - - [11/Sep/2025:05:26:47 -0700] "GET /products/17164280 HTTP/1.1" 200 6216 "-" "Mozilla/5.0 (Linux; Android 6.0.1; Nexus 5X Build/MMB29P) AppleWebKit/537.36 (KHTML, like Gecko) Chrome/139.0.7258.154 Mobile Safari/537.36 (compatible; Googlebot/2.1; +http://www.google.com/bot.html)" 48 **0/48182**
66.249.73.130 - - [11/Sep/2025:05:26:47 -0700] "GET /products/20229146 HTTP/1.1" 200 6216 "-" "Mozilla/5.0 (Linux; Android 6.0.1; Nexus 5X Build/MMB29P) AppleWebKit/537.36 (KHTML, like Gecko) Chrome/139.0.7258.154 Mobile Safari/537.36 (compatible; Googlebot/2.1; +http://www.google.com/bot.html)" 40 **0/40172**
20.171.207.229 - - [11/Sep/2025:05:26:48 -0700] "GET /admin-post.php?path=//proc/self/root/proc/thread-self/root/proc/thread-self/root/proc/thread-self/root/proc/thread-self/root/proc/self/root/proc/thread-self/root/proc/self/cwd/vendor/psr/log HTTP/2.0" 200 3022 "-" "Mozilla/5.0 AppleWebKit/537.36 (KHTML, like Gecko; compatible; GPTBot/1.2; +https://openai.com/gptbot)" 55 **0/55546**
66.249.73.130 - - [11/Sep/2025:05:26:48 -0700] "GET /products/27394235 HTTP/1.1" 200 6216 "-" "Mozilla/5.0 (Linux; Android 6.0.1; Nexus 5X Build/MMB29P) AppleWebKit/537.36 (KHTML, like Gecko) Chrome/139.0.7258.154 Mobile Safari/537.36 (compatible; Googlebot/2.1; +http://www.google.com/bot.html)" 47 **0/47943**
20.171.207.207 - - [11/Sep/2025:05:26:49 -0700] "GET /school-access?path=/home/o5t6x7pgljbm/public_html/rewardsforeducation.com/wp-includes&viewfile=/home/o5t6x7pgljbm/public_html/rewardsforeducation.com/wp-includes/category.php HTTP/2.0" 200 5958 "-" "Mozilla/5.0 AppleWebKit/537.36 (KHTML, like Gecko; compatible; GPTBot/1.2; +https://openai.com/gptbot)" 51 **0/51175**
20.171.207.229 - - [11/Sep/2025:05:26:50 -0700] "GET /admin-post.php?path=//proc/self/root/proc/thread-self/root/proc/thread-self/root/proc/thread-self/root/proc/thread-self/root/proc/self/root/proc/thread-self/root/proc/self/cwd/vendor/psr/container HTTP/2.0" 200 3051 "-" "Mozilla/5.0 AppleWebKit/537.36 (KHTML, like Gecko; compatible; GPTBot/1.2; +https://openai.com/gptbot)" 58 **0/58043**
66.249.73.131 - - [11/Sep/2025:05:26:50 -0700] "GET /products/24309668 HTTP/1.1" 200 6216 "-" "Mozilla/5.0 (Linux; Android 6.0.1; Nexus 5X Build/MMB29P) AppleWebKit/537.36 (KHTML, like Gecko) Chrome/139.0.7258.154 Mobile Safari/537.36 (compatible; Googlebot/2.1; +http://www.google.com/bot.html)" 59 **0/59537**
66.249.73.130 - - [11/Sep/2025:05:26:50 -0700] "GET /products/2561013 HTTP/1.1" 200 6216 "-" "Mozilla/5.0 (Linux; Android 6.0.1; Nexus 5X Build/MMB29P) AppleWebKit/537.36 (KHTML, like Gecko) Chrome/139.0.7258.154 Mobile Safari/537.36 (compatible; Googlebot/2.1; +http://www.google.com/bot.html)" 42 **0/42147**
66.249.73.131 - - [11/Sep/2025:05:26:50 -0700] "GET /products/17473346 HTTP/1.1" 200 6216 "-" "Mozilla/5.0 (Linux; Android 6.0.1; Nexus 5X Build/MMB29P) AppleWebKit/537.36 (KHTML, like Gecko) Chrome/139.0.7258.154 Mobile Safari/537.36 (compatible; Googlebot/2.1; +http://www.google.com/bot.html)" 49 **0/49495**
66.249.73.130 - - [11/Sep/2025:05:26:52 -0700] "GET /products/24038235 HTTP/1.1" 200 6216 "-" "Mozilla/5.0 (Linux; Android 6.0.1; Nexus 5X Build/MMB29P) AppleWebKit/537.36 (KHTML, like Gecko) Chrome/139.0.7258.154 Mobile Safari/537.36 (compatible; Googlebot/2.1; +http://www.google.com/bot.html)" 54 **0/54434**
66.249.73.130 - - [11/Sep/2025:05:26:52 -0700] "GET /products/18526824 HTTP/1.1" 200 6216 "-" "Mozilla/5.0 (Linux; Android 6.0.1; Nexus 5X Build/MMB29P) AppleWebKit/537.36 (KHTML, like Gecko) Chrome/139.0.7258.154 Mobile Safari/537.36 (compatible; Googlebot/2.1; +http://www.google.com/bot.html)" 49 **0/49599**
66.249.73.132 - - [11/Sep/2025:05:26:52 -0700] "GET /products/19420179 HTTP/1.1" 200 6216 "-" "Mozilla/5.0 (Linux; Android 6.0.1; Nexus 5X Build/MMB29P) AppleWebKit/537.36 (KHTML, like Gecko) Chrome/139.0.7258.154 Mobile Safari/537.36 (compatible; Googlebot/2.1; +http://www.google.com/bot.html)" 49 **0/49922**
66.249.73.129 - - [11/Sep/2025:05:26:53 -0700] "GET /products/24404946 HTTP/1.1" 200 6216 "-" "Mozilla/5.0 (Linux; Android 6.0.1; Nexus 5X Build/MMB29P) AppleWebKit/537.36 (KHTML, like Gecko) Chrome/139.0.7258.154 Mobile Safari/537.36 (compatible; Googlebot/2.1; +http://www.google.com/bot.html)" 57 **0/57409**
66.249.73.131 - - [11/Sep/2025:05:26:53 -0700] "GET /products/18486324 HTTP/1.1" 200 6216 "-" "Mozilla/5.0 (Linux; Android 6.0.1; Nexus 5X Build/MMB29P) AppleWebKit/537.36 (KHTML, like Gecko) Chrome/139.0.7258.154 Mobile Safari/537.36 (compatible; Googlebot/2.1; +http://www.google.com/bot.html)" 63 **0/63505**
20.171.207.207 - - [11/Sep/2025:05:26:53 -0700] "GET /school-access?path=/home/o5t6x7pgljbm/public_html/rewardsforeducation.com/wp-includes&viewfile=/home/o5t6x7pgljbm/public_html/rewardsforeducation.com/wp-includes/admin-bar.php HTTP/2.0" 200 10783 "-" "Mozilla/5.0 AppleWebKit/537.36 (KHTML, like Gecko; compatible; GPTBot/1.2; +https://openai.com/gptbot)" 45 **0/45662**
66.249.73.132 - - [11/Sep/2025:05:26:53 -0700] "GET /products/21306646 HTTP/1.1" 200 6216 "-" "Mozilla/5.0 (Linux; Android 6.0.1; Nexus 5X Build/MMB29P) AppleWebKit/537.36 (KHTML, like Gecko) Chrome/139.0.7258.154 Mobile Safari/537.36 (compatible; Googlebot/2.1; +http://www.google.com/bot.html)" 40 **0/40605**
66.249.73.132 - - [11/Sep/2025:05:26:54 -0700] "GET /products/24810502 HTTP/1.1" 200 6216 "-" "Mozilla/5.0 (Linux; Android 6.0.1; Nexus 5X Build/MMB29P) AppleWebKit/537.36 (KHTML, like Gecko) Chrome/139.0.7258.154 Mobile Safari/537.36 (compatible; Googlebot/2.1; +http://www.google.com/bot.html)" 42 **0/42950**
66.249.73.128 - - [11/Sep/2025:05:26:54 -0700] "GET /products/16845646 HTTP/1.1" 200 6216 "-" "Mozilla/5.0 (Linux; Android 6.0.1; Nexus 5X Build/MMB29P) AppleWebKit/537.36 (KHTML, like Gecko) Chrome/139.0.7258.154 Mobile Safari/537.36 (compatible; Googlebot/2.1; +http://www.google.com/bot.html)" 47 **0/47476**
66.249.73.132 - - [11/Sep/2025:05:26:54 -0700] "GET /products/16783724 HTTP/1.1" 200 6216 "-" "Mozilla/5.0 (Linux; Android 6.0.1; Nexus 5X Build/MMB29P) AppleWebKit/537.36 (KHTML, like Gecko) Chrome/139.0.7258.154 Mobile Safari/537.36 (compatible; Googlebot/2.1; +http://www.google.com/bot.html)" 62 **0/62866**
20.171.207.229 - - [11/Sep/2025:05:26:55 -0700] "GET /admin-post.php?path=//proc/self/root/proc/thread-self/root/proc/thread-self/root/proc/thread-self/root/proc/thread-self/root/proc/self/root/proc/thread-self/root/proc/self/cwd/vendor/filp/whoops/src HTTP/2.0" 200 2745 "-" "Mozilla/5.0 AppleWebKit/537.36 (KHTML, like Gecko; compatible; GPTBot/1.2; +https://openai.com/gptbot)" 46 **0/46705**
66.249.73.130 - - [11/Sep/2025:05:26:55 -0700] "GET /products/26397657 HTTP/1.1" 200 6216 "-" "Mozilla/5.0 (Linux; Android 6.0.1; Nexus 5X Build/MMB29P) AppleWebKit/537.36 (KHTML, like Gecko) Chrome/139.0.7258.154 Mobile Safari/537.36 (compatible; Googlebot/2.1; +http://www.google.com/bot.html)" 45 **0/45592**
66.249.73.129 - - [11/Sep/2025:05:26:57 -0700] "GET /products/5196424 HTTP/1.1" 200 6216 "-" "Mozilla/5.0 (Linux; Android 6.0.1; Nexus 5X Build/MMB29P) AppleWebKit/537.36 (KHTML, like Gecko) Chrome/139.0.7258.154 Mobile Safari/537.36 (compatible; Googlebot/2.1; +http://www.google.com/bot.html)" 56 **0/56087**
66.249.73.128 - - [11/Sep/2025:05:26:57 -0700] "GET /products/4788991 HTTP/1.1" 200 6216 "-" "Mozilla/5.0 (Linux; Android 6.0.1; Nexus 5X Build/MMB29P) AppleWebKit/537.36 (KHTML, like Gecko) Chrome/139.0.7258.154 Mobile Safari/537.36 (compatible; Googlebot/2.1; +http://www.google.com/bot.html)" 47 **0/47913**
20.171.207.229 - - [11/Sep/2025:05:26:58 -0700] "GET /admin-post.php?path=//proc/self/root/proc/thread-self/root/proc/thread-self/root/proc/thread-self/root/proc/thread-self/root/proc/self/root/proc/thread-self/root/proc/self/cwd/vendor/psr/http-factory HTTP/2.0" 200 3093 "-" "Mozilla/5.0 AppleWebKit/537.36 (KHTML, like Gecko; compatible; GPTBot/1.2; +https://openai.com/gptbot)" 63 **0/63333**
66.249.73.128 - - [11/Sep/2025:05:26:58 -0700] "GET /products/5570457 HTTP/1.1" 200 6216 "-" "Mozilla/5.0 (Linux; Android 6.0.1; Nexus 5X Build/MMB29P) AppleWebKit/537.36 (KHTML, like Gecko) Chrome/139.0.7258.154 Mobile Safari/537.36 (compatible; Googlebot/2.1; +http://www.google.com/bot.html)" 60 **0/60844**
66.249.73.132 - - [11/Sep/2025:05:26:59 -0700] "GET /products/24185357 HTTP/1.1" 200 6216 "-" "Mozilla/5.0 (Linux; Android 6.0.1; Nexus 5X Build/MMB29P) AppleWebKit/537.36 (KHTML, like Gecko) Chrome/139.0.7258.154 Mobile Safari/537.36 (compatible; Googlebot/2.1; +http://www.google.com/bot.html)" 44 **0/44647**
66.249.73.132 - - [11/Sep/2025:05:27:00 -0700] "GET /products/22172602 HTTP/1.1" 200 6216 "-" "Mozilla/5.0 (Linux; Android 6.0.1; Nexus 5X Build/MMB29P) AppleWebKit/537.36 (KHTML, like Gecko) Chrome/139.0.7258.154 Mobile Safari/537.36 (compatible; Googlebot/2.1; +http://www.google.com/bot.html)" 76 **0/76461**
66.249.73.130 - - [11/Sep/2025:05:27:01 -0700] "GET /products/25391346 HTTP/1.1" 200 6216 "-" "Mozilla/5.0 (Linux; Android 6.0.1; Nexus 5X Build/MMB29P) AppleWebKit/537.36 (KHTML, like Gecko) Chrome/139.0.7258.154 Mobile Safari/537.36 (compatible; Googlebot/2.1; +http://www.google.com/bot.html)" 57 **0/57305**
20.171.207.229 - - [11/Sep/2025:05:27:01 -0700] "GET /admin-post.php?path=//proc/self/root/proc/thread-self/root/proc/thread-self/root/proc/thread-self/root/proc/thread-self/root/proc/self/root/proc/self/root/proc/self/cwd/old/vendor/phar-io/version HTTP/2.0" 200 3069 "-" "Mozilla/5.0 AppleWebKit/537.36 (KHTML, like Gecko; compatible; GPTBot/1.2; +https://openai.com/gptbot)" 64 **0/64988**
66.249.73.131 - - [11/Sep/2025:05:27:01 -0700] "GET /products/29765202 HTTP/1.1" 200 6216 "-" "Mozilla/5.0 (Linux; Android 6.0.1; Nexus 5X Build/MMB29P) AppleWebKit/537.36 (KHTML, like Gecko) Chrome/139.0.7258.154 Mobile Safari/537.36 (compatible; Googlebot/2.1; +http://www.google.com/bot.html)" 57 **0/57987**
66.249.73.130 - - [11/Sep/2025:05:27:01 -0700] "GET /products/26652480 HTTP/1.1" 200 6216 "-" "Mozilla/5.0 (Linux; Android 6.0.1; Nexus 5X Build/MMB29P) AppleWebKit/537.36 (KHTML, like Gecko) Chrome/139.0.7258.154 Mobile Safari/537.36 (compatible; Googlebot/2.1; +http://www.google.com/bot.html)" 68 **0/68713**
66.249.73.132 - - [11/Sep/2025:05:27:01 -0700] "GET /products/30461413 HTTP/1.1" 200 6216 "-" "Mozilla/5.0 (Linux; Android 6.0.1; Nexus 5X Build/MMB29P) AppleWebKit/537.36 (KHTML, like Gecko) Chrome/139.0.7258.154 Mobile Safari/537.36 (compatible; Googlebot/2.1; +http://www.google.com/bot.html)" 75 **0/75550**
66.249.73.128 - - [11/Sep/2025:05:27:01 -0700] "GET /products/18103268 HTTP/1.1" 200 6216 "-" "Mozilla/5.0 (Linux; Android 6.0.1; Nexus 5X Build/MMB29P) AppleWebKit/537.36 (KHTML, like Gecko) Chrome/139.0.7258.154 Mobile Safari/537.36 (compatible; Googlebot/2.1; +http://www.google.com/bot.html)" 72 **0/72591**
66.249.73.131 - - [11/Sep/2025:05:27:02 -0700] "GET /products/2561335 HTTP/1.1" 200 6216 "-" "Mozilla/5.0 (Linux; Android 6.0.1; Nexus 5X Build/MMB29P) AppleWebKit/537.36 (KHTML, like Gecko) Chrome/139.0.7258.154 Mobile Safari/537.36 (compatible; Googlebot/2.1; +http://www.google.com/bot.html)" 54 **0/54595**
20.171.207.229 - - [11/Sep/2025:05:27:03 -0700] "GET /admin-post.php?path=//proc/self/root/proc/thread-self/root/proc/thread-self/root/proc/thread-self/root/proc/thread-self/root/proc/self/root/proc/self/root/proc/thread-self/cwd/old/resources HTTP/2.0" 200 3011 "-" "Mozilla/5.0 AppleWebKit/537.36 (KHTML, like Gecko; compatible; GPTBot/1.2; +https://openai.com/gptbot)" 57 **0/57803**
66.249.73.131 - - [11/Sep/2025:05:27:04 -0700] "GET /products/18157368 HTTP/1.1" 200 6216 "-" "Mozilla/5.0 (Linux; Android 6.0.1; Nexus 5X Build/MMB29P) AppleWebKit/537.36 (KHTML, like Gecko) Chrome/139.0.7258.154 Mobile Safari/537.36 (compatible; Googlebot/2.1; +http://www.google.com/bot.html)" 61 **0/61385**
20.171.207.229 - - [11/Sep/2025:05:27:04 -0700] "GET /admin-post.php?path=//proc/self/root/proc/thread-self/root/proc/thread-self/root/proc/thread-self/root/proc/thread-self/root/proc/self/root/proc/thread-self/root/proc/self/cwd/vendor/psr/http-client/src HTTP/2.0" 200 2912 "-" "Mozilla/5.0 AppleWebKit/537.36 (KHTML, like Gecko; compatible; GPTBot/1.2; +https://openai.com/gptbot)" 58 **0/58373**
66.249.73.128 - - [11/Sep/2025:05:27:05 -0700] "GET /products/16759835 HTTP/1.1" 200 6216 "-" "Mozilla/5.0 (Linux; Android 6.0.1; Nexus 5X Build/MMB29P) AppleWebKit/537.36 (KHTML, like Gecko) Chrome/139.0.7258.154 Mobile Safari/537.36 (compatible; Googlebot/2.1; +http://www.google.com/bot.html)" 48 **0/48999**
45.95.214.129 - - [11/Sep/2025:05:27:05 -0700] "GET /assets/images/accesson.php HTTP/1.1" 403 157330 "-" "Mozilla/5.0 (Windows NT 10.0; Win64; x64; rv:81.0) Gecko/20100101 Firefox/81.0" 38 **0/38319**
20.171.207.229 - - [11/Sep/2025:05:27:06 -0700] "GET /admin-post.php?path=//proc/self/root/proc/thread-self/root/proc/thread-self/root/proc/thread-self/root/proc/thread-self/root/proc/self/root/proc/self/root/proc/self/cwd/old/vendor/doctrine/lexer/src HTTP/2.0" 200 2874 "-" "Mozilla/5.0 AppleWebKit/537.36 (KHTML, like Gecko; compatible; GPTBot/1.2; +https://openai.com/gptbot)" 62 **0/62782**
66.249.73.131 - - [11/Sep/2025:05:27:06 -0700] "GET /products/28184402 HTTP/1.1" 200 6216 "-" "Mozilla/5.0 (Linux; Android 6.0.1; Nexus 5X Build/MMB29P) AppleWebKit/537.36 (KHTML, like Gecko) Chrome/139.0.7258.154 Mobile Safari/537.36 (compatible; Googlebot/2.1; +http://www.google.com/bot.html)" 49 **0/49155**
66.249.73.131 - - [11/Sep/2025:05:27:07 -0700] "GET /products/16762513?viewfile=/home/o5t6x7pgljbm/public_html/phpunit.xml&path=/home/o5t6x7pgljbm/public_html HTTP/1.1" 200 2890 "-" "Mozilla/5.0 (Linux; Android 6.0.1; Nexus 5X Build/MMB29P) AppleWebKit/537.36 (KHTML, like Gecko) Chrome/139.0.7258.154 Mobile Safari/537.36 (compatible; GoogleOther)" 46 **0/46039**
20.171.207.229 - - [11/Sep/2025:05:27:07 -0700] "GET /admin-post.php?path=//proc/self/root/proc/thread-self/root/proc/thread-self/root/proc/thread-self/root/proc/thread-self/root/proc/self/root/proc/self/root/proc/self/cwd/old/vendor/doctrine/inflector/docs HTTP/2.0" 200 2766 "-" "Mozilla/5.0 AppleWebKit/537.36 (KHTML, like Gecko; compatible; GPTBot/1.2; +https://openai.com/gptbot)" 47 **0/47316**
66.249.73.132 - - [11/Sep/2025:05:27:07 -0700] "GET /products/26279002 HTTP/1.1" 200 6216 "-" "Mozilla/5.0 (Linux; Android 6.0.1; Nexus 5X Build/MMB29P) AppleWebKit/537.36 (KHTML, like Gecko) Chrome/139.0.7258.154 Mobile Safari/537.36 (compatible; Googlebot/2.1; +http://www.google.com/bot.html)" 59 **0/59575**
66.249.73.130 - - [11/Sep/2025:05:27:07 -0700] "GET /products/27542857 HTTP/1.1" 200 6216 "-" "Mozilla/5.0 (Linux; Android 6.0.1; Nexus 5X Build/MMB29P) AppleWebKit/537.36 (KHTML, like Gecko) Chrome/139.0.7258.154 Mobile Safari/537.36 (compatible; Googlebot/2.1; +http://www.google.com/bot.html)" 66 **0/66869**
66.249.73.131 - - [11/Sep/2025:05:27:07 -0700] "GET /products/25924857 HTTP/1.1" 200 6216 "-" "Mozilla/5.0 (Linux; Android 6.0.1; Nexus 5X Build/MMB29P) AppleWebKit/537.36 (KHTML, like Gecko) Chrome/139.0.7258.154 Mobile Safari/537.36 (compatible; Googlebot/2.1; +http://www.google.com/bot.html)" 60 **0/60015**
216.73.216.124 - - [11/Sep/2025:05:27:08 -0700] "GET /products/25214035?path=%2Fhome%2Fo5t6x7pgljbm%2Fpublic_html%2Fvendor%2Fguzzlehttp%2Fguzzle%2Fsrc%2FException&viewfile=%2Fhome%2Fo5t6x7pgljbm%2Fpublic_html%2Fvendor%2Fguzzlehttp%2Fguzzle%2Fsrc%2FException%2FServerException.php HTTP/2.0" 200 2608 "-" "Mozilla/5.0 AppleWebKit/537.36 (KHTML, like Gecko; compatible; ClaudeBot/1.0; +claudebot@anthropic.com)" 60 **0/60468**
216.73.216.124 - - [11/Sep/2025:05:27:08 -0700] "GET /products/13146857?path=%2Fhome%2Fo5t6x7pgljbm%2Fpublic_html%2Fvendor%2Ffakerphp%2Ffaker%2Fsrc%2FFaker%2FProvider HTTP/2.0" 200 4536 "-" "Mozilla/5.0 AppleWebKit/537.36 (KHTML, like Gecko; compatible; ClaudeBot/1.0; +claudebot@anthropic.com)" 81 **0/81781**
20.171.207.229 - - [11/Sep/2025:05:27:08 -0700] "GET /admin-post.php?path=//proc/self/root/proc/thread-self/root/proc/thread-self/root/proc/thread-self/root/proc/thread-self/root/proc/self/root/proc/self/root/proc/self/cwd/old/vendor/doctrine/inflector/lib HTTP/2.0" 200 2769 "-" "Mozilla/5.0 AppleWebKit/537.36 (KHTML, like Gecko; compatible; GPTBot/1.2; +https://openai.com/gptbot)" 97 **0/97389**
216.73.216.124 - - [11/Sep/2025:05:27:08 -0700] "GET /products/13146857?path=%2Fhome%2Fo5t6x7pgljbm%2Fpublic_html%2Fvendor%2Fspatie%2Flaravel-ignition%2Fsrc%2FSupport&viewfile=%2Fhome%2Fo5t6x7pgljbm%2Fpublic_html%2Fvendor%2Fspatie%2Flaravel-ignition%2Fsrc%2FSupport%2FSentReports.php HTTP/2.0" 200 2877 "-" "Mozilla/5.0 AppleWebKit/537.36 (KHTML, like Gecko; compatible; ClaudeBot/1.0; +claudebot@anthropic.com)" 154 **0/154630**
216.73.216.124 - - [11/Sep/2025:05:27:08 -0700] "GET /products/13146857?path=%2Fhome%2Fo5t6x7pgljbm%2Fpublic_html%2Fvendor%2Ffakerphp%2Ffaker%2Fsrc%2FFaker%2FContainer HTTP/2.0" 200 2833 "-" "Mozilla/5.0 AppleWebKit/537.36 (KHTML, like Gecko; compatible; ClaudeBot/1.0; +claudebot@anthropic.com)" 64 **0/64156**
66.249.73.128 - - [11/Sep/2025:05:27:09 -0700] "GET /products/28372657 HTTP/1.1" 200 6216 "-" "Mozilla/5.0 (Linux; Android 6.0.1; Nexus 5X Build/MMB29P) AppleWebKit/537.36 (KHTML, like Gecko) Chrome/139.0.7258.154 Mobile Safari/537.36 (compatible; Googlebot/2.1; +http://www.google.com/bot.html)" 89 **0/89112**
216.73.216.124 - - [11/Sep/2025:05:27:09 -0700] "GET /products/25214035?path=%2Fhome%2Fo5t6x7pgljbm%2Fpublic_html%2Fwp-content%2Fplugins%2Fawhsakit%2Fopt%2Fkeren&viewfile=%2Fhome%2Fo5t6x7pgljbm%2Fpublic_html%2Fwp-content%2Fplugins%2Fawhsakit%2Fopt%2Fkeren%2Fcmd1.PHTML HTTP/2.0" 200 2630 "-" "Mozilla/5.0 AppleWebKit/537.36 (KHTML, like Gecko; compatible; ClaudeBot/1.0; +claudebot@anthropic.com)" 151 **0/151786**
216.73.216.124 - - [11/Sep/2025:05:27:09 -0700] "GET /products/25214035?path=%2Fhome%2Fo5t6x7pgljbm%2Fpublic_html%2Fvendor%2Fguzzlehttp%2Fguzzle%2Fsrc%2FHandler&viewfile=%2Fhome%2Fo5t6x7pgljbm%2Fpublic_html%2Fvendor%2Fguzzlehttp%2Fguzzle%2Fsrc%2FHandler%2FCurlMultiHandler.php HTTP/2.0" 200 5037 "-" "Mozilla/5.0 AppleWebKit/537.36 (KHTML, like Gecko; compatible; ClaudeBot/1.0; +claudebot@anthropic.com)" 50 **0/50035**
216.73.216.124 - - [11/Sep/2025:05:27:09 -0700] "GET /products/25214035?path=%2Fhome%2Fo5t6x7pgljbm%2Fpublic_html%2Fvendor%2Fguzzlehttp%2Fguzzle%2Fsrc%2FHandler&viewfile=%2Fhome%2Fo5t6x7pgljbm%2Fpublic_html%2Fvendor%2Fguzzlehttp%2Fguzzle%2Fsrc%2FHandler%2FCurlFactoryInterface.php HTTP/2.0" 200 2810 "-" "Mozilla/5.0 AppleWebKit/537.36 (KHTML, like Gecko; compatible; ClaudeBot/1.0; +claudebot@anthropic.com)" 64 **0/64980**
216.73.216.124 - - [11/Sep/2025:05:27:09 -0700] "GET /products/25214035?path=%2Fhome%2Fo5t6x7pgljbm%2Fpublic_html%2Fvendor%2Fguzzlehttp%2Fguzzle%2Fsrc%2FException&viewfile=%2Fhome%2Fo5t6x7pgljbm%2Fpublic_html%2Fvendor%2Fguzzlehttp%2Fguzzle%2Fsrc%2FException%2FClientException.php HTTP/2.0" 403 6216 "-" "Mozilla/5.0 AppleWebKit/537.36 (KHTML, like Gecko; compatible; ClaudeBot/1.0; +claudebot@anthropic.com)" 68 **0/68574**
216.73.216.124 - - [11/Sep/2025:05:27:09 -0700] "GET /products/25214035?path=%2Fhome%2Fo5t6x7pgljbm%2Fpublic_html%2Fvendor%2Fguzzlehttp%2Fguzzle%2Fsrc%2FHandler&viewfile=%2Fhome%2Fo5t6x7pgljbm%2Fpublic_html%2Fvendor%2Fguzzlehttp%2Fguzzle%2Fsrc%2FHandler%2FHeaderProcessor.php HTTP/2.0" 403 6216 "-" "Mozilla/5.0 AppleWebKit/537.36 (KHTML, like Gecko; compatible; ClaudeBot/1.0; +claudebot@anthropic.com)" 62 **0/62560**
216.73.216.124 - - [11/Sep/2025:05:27:09 -0700] "GET /products/13146857?path=%2Fhome%2Fo5t6x7pgljbm%2Fpublic_html%2Fvendor%2Fspatie%2Flaravel-ignition%2Fsrc%2FRenderers&viewfile=%2Fhome%2Fo5t6x7pgljbm%2Fpublic_html%2Fvendor%2Fspatie%2Flaravel-ignition%2Fsrc%2FRenderers%2FErrorPageRenderer.php HTTP/2.0" 403 6216 "-" "Mozilla/5.0 AppleWebKit/537.36 (KHTML, like Gecko; compatible; ClaudeBot/1.0; +claudebot@anthropic.com)" 61 **0/61928**
216.73.216.124 - - [11/Sep/2025:05:27:09 -0700] "GET /products/13146857?path=%2Fhome%2Fo5t6x7pgljbm%2Fpublic_html%2Fvendor%2Fspatie%2Flaravel-ignition%2Fsrc%2FViews&viewfile=%2Fhome%2Fo5t6x7pgljbm%2Fpublic_html%2Fvendor%2Fspatie%2Flaravel-ignition%2Fsrc%2FViews%2FViewExceptionMapper.php HTTP/2.0" 403 6216 "-" "Mozilla/5.0 AppleWebKit/537.36 (KHTML, like Gecko; compatible; ClaudeBot/1.0; +claudebot@anthropic.com)" 53 **0/53161**
216.73.216.124 - - [11/Sep/2025:05:27:10 -0700] "GET /products/25214035?path=%2Fhome%2Fo5t6x7pgljbm%2Fpublic_html%2Fwp-content%2Fplugins%2Felementor-pro%2Fmodules%2Fnested-carousel%2Fwidgets HTTP/2.0" 403 6216 "-" "Mozilla/5.0 AppleWebKit/537.36 (KHTML, like Gecko; compatible; ClaudeBot/1.0; +claudebot@anthropic.com)" 52 **0/52141**
216.73.216.124 - - [11/Sep/2025:05:27:10 -0700] "GET /products/13146857?path=%2Fhome%2Fo5t6x7pgljbm%2Fpublic_html%2Fvendor%2Fspatie%2Flaravel-ignition%2Fsrc%2FFacades&viewfile=%2Fhome%2Fo5t6x7pgljbm%2Fpublic_html%2Fvendor%2Fspatie%2Flaravel-ignition%2Fsrc%2FFacades%2FFlare.php HTTP/2.0" 403 6216 "-" "Mozilla/5.0 AppleWebKit/537.36 (KHTML, like Gecko; compatible; ClaudeBot/1.0; +claudebot@anthropic.com)" 46 **0/46144**
20.171.207.207 - - [11/Sep/2025:05:27:10 -0700] "GET /school-access?path=/home/o5t6x7pgljbm/public_html/rewardsforeducation.com/wp-includes&viewfile=/home/o5t6x7pgljbm/public_html/rewardsforeducation.com/wp-includes/ms-site.php HTTP/2.0" 200 12179 "-" "Mozilla/5.0 AppleWebKit/537.36 (KHTML, like Gecko; compatible; GPTBot/1.2; +https://openai.com/gptbot)" 83 **0/83886**
51.161.37.183 - - [11/Sep/2025:05:27:10 -0700] "GET /shopdetail/40157106093 HTTP/2.0" 200 6216 "-" "Mozilla/5.0 (compatible; AhrefsBot/7.0; +http://ahrefs.com/robot/)" 79 **0/79755**
20.171.207.229 - - [11/Sep/2025:05:27:10 -0700] "GET /admin-post.php?path=//proc/self/root/proc/thread-self/root/proc/thread-self/root/proc/thread-self/root/proc/thread-self/root/proc/self/root/proc/thread-self/root/proc/self/cwd/vendor/psr/container/src HTTP/2.0" 200 2879 "-" "Mozilla/5.0 AppleWebKit/537.36 (KHTML, like Gecko; compatible; GPTBot/1.2; +https://openai.com/gptbot)" 89 **0/89057**
216.73.216.124 - - [11/Sep/2025:05:27:10 -0700] "GET /products/13146857?path=%2Fhome%2Fo5t6x7pgljbm%2Fpublic_html%2Fvendor%2Ffakerphp%2Ffaker%2Fsrc%2FFaker%2FExtension HTTP/2.0" 403 6216 "-" "Mozilla/5.0 AppleWebKit/537.36 (KHTML, like Gecko; compatible; ClaudeBot/1.0; +claudebot@anthropic.com)" 217 **0/217400**
66.249.73.131 - - [11/Sep/2025:05:27:10 -0700] "GET /products/18169546 HTTP/1.1" 200 6216 "-" "Mozilla/5.0 (Linux; Android 6.0.1; Nexus 5X Build/MMB29P) AppleWebKit/537.36 (KHTML, like Gecko) Chrome/139.0.7258.154 Mobile Safari/537.36 (compatible; Googlebot/2.1; +http://www.google.com/bot.html)" 224 **0/224681**
216.73.216.124 - - [11/Sep/2025:05:27:10 -0700] "GET /index.php?path=%2Fhome%2Fo5t6x7pgljbm%2Fpublic_html%2Fwp-includes%2Fjs%2Fdist%2Fvendor&viewfile=%2Fhome%2Fo5t6x7pgljbm%2Fpublic_html%2Fwp-includes%2Fjs%2Fdist%2Fvendor%2Fmoment.min.js HTTP/2.0" 403 6216 "-" "Mozilla/5.0 AppleWebKit/537.36 (KHTML, like Gecko; compatible; ClaudeBot/1.0; +claudebot@anthropic.com)" 238 **0/238030**
216.73.216.124 - - [11/Sep/2025:05:27:10 -0700] "GET /products/13146857?path=%2Fhome%2Fo5t6x7pgljbm%2Fpublic_html%2Fvendor%2Fspatie%2Flaravel-ignition%2Fsrc%2FViews&viewfile=%2Fhome%2Fo5t6x7pgljbm%2Fpublic_html%2Fvendor%2Fspatie%2Flaravel-ignition%2Fsrc%2FViews%2FBladeSourceMapCompiler.php HTTP/2.0" 403 6216 "-" "Mozilla/5.0 AppleWebKit/537.36 (KHTML, like Gecko; compatible; ClaudeBot/1.0; +claudebot@anthropic.com)" 138 **0/138736**
216.73.216.124 - - [11/Sep/2025:05:27:10 -0700] "GET /index.php?path=%2Fhome%2Fo5t6x7pgljbm%2Fpublic_html%2Fwp-includes%2Fjs%2Fdist%2Fvendor&viewfile=%2Fhome%2Fo5t6x7pgljbm%2Fpublic_html%2Fwp-includes%2Fjs%2Fdist%2Fvendor%2Fwp-polyfill.min.js HTTP/2.0" 403 6216 "-" "Mozilla/5.0 AppleWebKit/537.36 (KHTML, like Gecko; compatible; ClaudeBot/1.0; +claudebot@anthropic.com)" 118 **0/118438**
66.249.73.131 - - [11/Sep/2025:05:27:10 -0700] "GET /products/22126291 HTTP/1.1" 200 6216 "-" "Mozilla/5.0 (Linux; Android 6.0.1; Nexus 5X Build/MMB29P) AppleWebKit/537.36 (KHTML, like Gecko) Chrome/139.0.7258.154 Mobile Safari/537.36 (compatible; Googlebot/2.1; +http://www.google.com/bot.html)" 112 **0/112700**
