20.171.207.207 - - [11/Sep/2025:06:04:04 -0700] "GET /privacy-policy/privacy-policy.html?path=//lib/dracut/dracut.conf.d&viewfile=//lib/dracut/dracut.conf.d/01-microcode.conf HTTP/2.0" 200 2449 "-" "Mozilla/5.0 AppleWebKit/537.36 (KHTML, like Gecko; compatible; GPTBot/1.2; +https://openai.com/gptbot)" 72 **0/72155**
66.249.73.130 - - [11/Sep/2025:06:04:06 -0700] "GET /products/1112868 HTTP/1.1" 200 6216 "-" "Mozilla/5.0 (Linux; Android 6.0.1; Nexus 5X Build/MMB29P) AppleWebKit/537.36 (KHTML, like Gecko) Chrome/139.0.7258.154 Mobile Safari/537.36 (compatible; Googlebot/2.1; +http://www.google.com/bot.html)" 58 **0/58526**
20.171.207.207 - - [11/Sep/2025:06:04:07 -0700] "GET /privacy-policy/privacy-policy.html?path=//opt/alt/modsec-sdbm-util/bin HTTP/2.0" 200 2667 "-" "Mozilla/5.0 AppleWebKit/537.36 (KHTML, like Gecko; compatible; GPTBot/1.2; +https://openai.com/gptbot)" 64 **0/64614**
216.73.216.124 - - [11/Sep/2025:06:04:08 -0700] "GET /index.php?path=%2Fhome%2Fo5t6x7pgljbm%2Fpublic_html%2Fadmin_new2%2Fpublic%2Fvendor%2Flaratrust&viewfile=%2Fhome%2Fo5t6x7pgljbm%2Fpublic_html%2Fadmin_new2%2Fpublic%2Fvendor%2Flaratrust%2Fmix-manifest.json HTTP/2.0" 200 2573 "-" "Mozilla/5.0 AppleWebKit/537.36 (KHTML, like Gecko; compatible; ClaudeBot/1.0; +claudebot@anthropic.com)" 61 **0/61479**
216.73.216.124 - - [11/Sep/2025:06:04:08 -0700] "GET /index.php?path=%2Fhome%2Fo5t6x7pgljbm%2Fpublic_html%2Fold%2Fvendor%2Fdragonmantank%2Fcron-expression&viewfile=%2Fhome%2Fo5t6x7pgljbm%2Fpublic_html%2Fold%2Fvendor%2Fdragonmantank%2Fcron-expression%2FCHANGELOG.md HTTP/2.0" 200 4844 "-" "Mozilla/5.0 AppleWebKit/537.36 (KHTML, like Gecko; compatible; ClaudeBot/1.0; +claudebot@anthropic.com)" 60 **0/60829**
216.73.216.124 - - [11/Sep/2025:06:04:08 -0700] "GET /index.php?path=%2Fhome%2Fo5t6x7pgljbm%2Fpublic_html%2Fold%2Fvendor%2Fdragonmantank%2Fcron-expression&viewfile=%2Fhome%2Fo5t6x7pgljbm%2Fpublic_html%2Fold%2Fvendor%2Fdragonmantank%2Fcron-expression%2FLICENSE HTTP/2.0" 200 3186 "-" "Mozilla/5.0 AppleWebKit/537.36 (KHTML, like Gecko; compatible; ClaudeBot/1.0; +claudebot@anthropic.com)" 65 **0/65265**
216.73.216.124 - - [11/Sep/2025:06:04:08 -0700] "GET /index.php?path=%2Fhome%2Fo5t6x7pgljbm%2Fpublic_html%2Fold%2Fvendor%2Fmyclabs%2Fdeep-copy&viewfile=%2Fhome%2Fo5t6x7pgljbm%2Fpublic_html%2Fold%2Fvendor%2Fmyclabs%2Fdeep-copy%2FLICENSE HTTP/2.0" 200 3128 "-" "Mozilla/5.0 AppleWebKit/537.36 (KHTML, like Gecko; compatible; ClaudeBot/1.0; +claudebot@anthropic.com)" 49 **0/49653**
216.73.216.124 - - [11/Sep/2025:06:04:08 -0700] "GET /index.php?path=%2Fhome%2Fo5t6x7pgljbm%2Fpublic_html%2Fold%2Fvendor%2Fdragonmantank%2Fcron-expression&viewfile=%2Fhome%2Fo5t6x7pgljbm%2Fpublic_html%2Fold%2Fvendor%2Fdragonmantank%2Fcron-expression%2Fcomposer.json HTTP/2.0" 200 2965 "-" "Mozilla/5.0 AppleWebKit/537.36 (KHTML, like Gecko; compatible; ClaudeBot/1.0; +claudebot@anthropic.com)" 47 **0/47817**
216.73.216.124 - - [11/Sep/2025:06:04:08 -0700] "GET /index.php?path=%2Fhome%2Fo5t6x7pgljbm%2Fpublic_html%2Fold%2Fvendor%2Fmyclabs%2Fdeep-copy&viewfile=%2Fhome%2Fo5t6x7pgljbm%2Fpublic_html%2Fold%2Fvendor%2Fmyclabs%2Fdeep-copy%2Fcomposer.json HTTP/2.0" 200 2857 "-" "Mozilla/5.0 AppleWebKit/537.36 (KHTML, like Gecko; compatible; ClaudeBot/1.0; +claudebot@anthropic.com)" 46 **0/46647**
216.73.216.124 - - [11/Sep/2025:06:04:08 -0700] "GET /index.php?path=%2Fhome%2Fo5t6x7pgljbm%2Fpublic_html%2Fadmin_new2%2Fpublic%2Flang%2Fen&viewfile=%2Fhome%2Fo5t6x7pgljbm%2Fpublic_html%2Fadmin_new2%2Fpublic%2Flang%2Fen%2Fdatatable.json HTTP/2.0" 200 2838 "-" "Mozilla/5.0 AppleWebKit/537.36 (KHTML, like Gecko; compatible; ClaudeBot/1.0; +claudebot@anthropic.com)" 54 **0/54288**
216.73.216.124 - - [11/Sep/2025:06:04:08 -0700] "GET /index.php?path=%2Fhome%2Fo5t6x7pgljbm%2Fpublic_html%2Fwp-content%2Fthemes%2Ftwentytwentyfive%2Fpatterns&viewfile=%2Fhome%2Fo5t6x7pgljbm%2Fpublic_html%2Fwp-content%2Fthemes%2Ftwentytwentyfive%2Fpatterns%2Ftestimonials-6-col.php HTTP/2.0" 200 3521 "-" "Mozilla/5.0 AppleWebKit/537.36 (KHTML, like Gecko; compatible; ClaudeBot/1.0; +claudebot@anthropic.com)" 49 **0/49839**
216.73.216.124 - - [11/Sep/2025:06:04:08 -0700] "GET /index.php?path=%2Fhome%2Fo5t6x7pgljbm%2Fpublic_html%2Fadmin_new2%2Fpublic%2Fvendor%2Flaratrust%2Fimg HTTP/2.0" 200 2669 "-" "Mozilla/5.0 AppleWebKit/537.36 (KHTML, like Gecko; compatible; ClaudeBot/1.0; +claudebot@anthropic.com)" 54 **0/54827**
216.73.216.124 - - [11/Sep/2025:06:04:08 -0700] "GET /index.php?path=%2Fhome%2Fo5t6x7pgljbm%2Fpublic_html%2Fwp-content%2Fthemes%2Ftwentytwentyfive%2Fpatterns&viewfile=%2Fhome%2Fo5t6x7pgljbm%2Fpublic_html%2Fwp-content%2Fthemes%2Ftwentytwentyfive%2Fpatterns%2Ftestimonials-2-col.php HTTP/2.0" 200 3540 "-" "Mozilla/5.0 AppleWebKit/537.36 (KHTML, like Gecko; compatible; ClaudeBot/1.0; +claudebot@anthropic.com)" 44 **0/44827**
216.73.216.124 - - [11/Sep/2025:06:04:09 -0700] "GET /index.php?path=%2Fhome%2Fo5t6x7pgljbm%2Fpublic_html%2Fvendor%2Fmcamara%2Flaravel-localization%2F.github%2FISSUE_TEMPLATE&viewfile=%2Fhome%2Fo5t6x7pgljbm%2Fpublic_html%2Fvendor%2Fmcamara%2Flaravel-localization%2F.github%2FISSUE_TEMPLATE%2F.htaccess HTTP/2.0" 200 2545 "-" "Mozilla/5.0 AppleWebKit/537.36 (KHTML, like Gecko; compatible; ClaudeBot/1.0; +claudebot@anthropic.com)" 54 **0/54315**
216.73.216.124 - - [11/Sep/2025:06:04:09 -0700] "GET /index.php?path=%2Fhome%2Fo5t6x7pgljbm%2Fpublic_html%2Fwp-content%2Fthemes%2Ftwentytwentyfive%2Fpatterns&viewfile=%2Fhome%2Fo5t6x7pgljbm%2Fpublic_html%2Fwp-content%2Fthemes%2Ftwentytwentyfive%2Fpatterns%2Ftestimonials-large.php HTTP/2.0" 200 3665 "-" "Mozilla/5.0 AppleWebKit/537.36 (KHTML, like Gecko; compatible; ClaudeBot/1.0; +claudebot@anthropic.com)" 49 **0/49846**
216.73.216.124 - - [11/Sep/2025:06:04:09 -0700] "GET /products/25214035?path=%2Fhome%2Fo5t6x7pgljbm%2Fpublic_html%2Fwp-content%2Fplugins%2Fthe-events-calendar%2Fbuild%2Fjs%2Fviews HTTP/2.0" 200 3430 "-" "Mozilla/5.0 AppleWebKit/537.36 (KHTML, like Gecko; compatible; ClaudeBot/1.0; +claudebot@anthropic.com)" 60 **0/60555**
216.73.216.124 - - [11/Sep/2025:06:04:09 -0700] "GET /index.php?path=%2Fhome%2Fo5t6x7pgljbm%2Fpublic_html%2Fwp-content%2Fthemes%2Ftwentytwentyfive%2Fpatterns&viewfile=%2Fhome%2Fo5t6x7pgljbm%2Fpublic_html%2Fwp-content%2Fthemes%2Ftwentytwentyfive%2Fpatterns%2Fpage-coming-soon.php HTTP/2.0" 200 3664 "-" "Mozilla/5.0 AppleWebKit/537.36 (KHTML, like Gecko; compatible; ClaudeBot/1.0; +claudebot@anthropic.com)" 52 **0/52710**
216.73.216.124 - - [11/Sep/2025:06:04:09 -0700] "GET /products/25214035?path=%2Fhome%2Fo5t6x7pgljbm%2Fpublic_html%2Fwp-content%2Fplugins%2Fthe-events-calendar%2Fbuild%2Fjs%2Fcalendar-embeds HTTP/2.0" 200 2759 "-" "Mozilla/5.0 AppleWebKit/537.36 (KHTML, like Gecko; compatible; ClaudeBot/1.0; +claudebot@anthropic.com)" 58 **0/58369**
216.73.216.124 - - [11/Sep/2025:06:04:09 -0700] "GET /index.php?path=%2Fhome%2Fo5t6x7pgljbm%2Fpublic_html%2Fwp-content%2Fthemes%2Ftwentytwentyfive%2Fpatterns&viewfile=%2Fhome%2Fo5t6x7pgljbm%2Fpublic_html%2Fwp-content%2Fthemes%2Ftwentytwentyfive%2Fpatterns%2Fservices-team-photos.php HTTP/2.0" 200 3313 "-" "Mozilla/5.0 AppleWebKit/537.36 (KHTML, like Gecko; compatible; ClaudeBot/1.0; +claudebot@anthropic.com)" 52 **0/52129**
142.44.233.91 - - [11/Sep/2025:06:04:09 -0700] "GET /shopdetail/64854283454 HTTP/2.0" 200 6216 "-" "Mozilla/5.0 (compatible; AhrefsBot/7.0; +http://ahrefs.com/robot/)" 46 **0/46663**
216.73.216.124 - - [11/Sep/2025:06:04:09 -0700] "GET /index.php?path=%2Fhome%2Fo5t6x7pgljbm%2Fpublic_html%2Fadmin%2Fstorage%2Fframework%2Fviews&viewfile=%2Fhome%2Fo5t6x7pgljbm%2Fpublic_html%2Fadmin%2Fstorage%2Fframework%2Fviews%2F.gitignore HTTP/2.0" 200 2500 "-" "Mozilla/5.0 AppleWebKit/537.36 (KHTML, like Gecko; compatible; ClaudeBot/1.0; +claudebot@anthropic.com)" 57 **0/57465**
216.73.216.124 - - [11/Sep/2025:06:04:09 -0700] "GET /index.php?path=%2Fhome%2Fo5t6x7pgljbm%2Fpublic_html%2Fwp-content%2Fthemes%2Ftwentytwentyfive%2Fpatterns&viewfile=%2Fhome%2Fo5t6x7pgljbm%2Fpublic_html%2Fwp-content%2Fthemes%2Ftwentytwentyfive%2Fpatterns%2Fpage-business-home.php HTTP/2.0" 200 2783 "-" "Mozilla/5.0 AppleWebKit/537.36 (KHTML, like Gecko; compatible; ClaudeBot/1.0; +claudebot@anthropic.com)" 47 **0/47281**
66.249.73.129 - - [11/Sep/2025:06:04:11 -0700] "GET /products/3373002 HTTP/1.1" 200 6216 "-" "Mozilla/5.0 (Linux; Android 6.0.1; Nexus 5X Build/MMB29P) AppleWebKit/537.36 (KHTML, like Gecko) Chrome/139.0.7258.154 Mobile Safari/537.36 (compatible; Googlebot/2.1; +http://www.google.com/bot.html)" 81 **0/81402**
66.249.73.129 - - [11/Sep/2025:06:04:13 -0700] "GET /products/8162202?path=/home/o5t6x7pgljbm/bin HTTP/1.1" 200 2270 "-" "Mozilla/5.0 (Linux; Android 6.0.1; Nexus 5X Build/MMB29P) AppleWebKit/537.36 (KHTML, like Gecko) Chrome/139.0.7258.154 Mobile Safari/537.36 (compatible; GoogleOther)" 68 **0/68700**
66.249.73.129 - - [11/Sep/2025:06:04:17 -0700] "GET /products/2295980 HTTP/1.1" 200 6216 "-" "Mozilla/5.0 (Linux; Android 6.0.1; Nexus 5X Build/MMB29P) AppleWebKit/537.36 (KHTML, like Gecko) Chrome/139.0.7258.154 Mobile Safari/537.36 (compatible; Googlebot/2.1; +http://www.google.com/bot.html)" 70 **0/70891**
66.249.73.129 - - [11/Sep/2025:06:04:22 -0700] "GET /products/18811757 HTTP/1.1" 200 6216 "-" "Mozilla/5.0 (Linux; Android 6.0.1; Nexus 5X Build/MMB29P) AppleWebKit/537.36 (KHTML, like Gecko) Chrome/139.0.7258.154 Mobile Safari/537.36 (compatible; Googlebot/2.1; +http://www.google.com/bot.html)" 52 **0/52648**
20.171.207.207 - - [11/Sep/2025:06:04:25 -0700] "GET /privacy-policy/privacy-policy.html?path=//opt/alt/modsec-sdbm-util/bin&viewfile=//opt/alt/modsec-sdbm-util/bin/modsec-sdbm-util HTTP/2.0" 200 2440 "-" "Mozilla/5.0 AppleWebKit/537.36 (KHTML, like Gecko; compatible; GPTBot/1.2; +https://openai.com/gptbot)" 44 **0/44021**
66.249.73.129 - - [11/Sep/2025:06:04:25 -0700] "GET /products/1224879 HTTP/1.1" 200 6216 "-" "Mozilla/5.0 (Linux; Android 6.0.1; Nexus 5X Build/MMB29P) AppleWebKit/537.36 (KHTML, like Gecko) Chrome/139.0.7258.154 Mobile Safari/537.36 (compatible; Googlebot/2.1; +http://www.google.com/bot.html)" 54 **0/54288**
20.171.207.207 - - [11/Sep/2025:06:04:26 -0700] "GET /privacy-policy/privacy-policy.html?path=//lib/tuned/balanced HTTP/2.0" 200 2600 "-" "Mozilla/5.0 AppleWebKit/537.36 (KHTML, like Gecko; compatible; GPTBot/1.2; +https://openai.com/gptbot)" 64 **0/64067**
20.171.207.207 - - [11/Sep/2025:06:04:29 -0700] "GET /privacy-policy/privacy-policy.html?path=//lib/dracut/modules.d HTTP/2.0" 200 4307 "-" "Mozilla/5.0 AppleWebKit/537.36 (KHTML, like Gecko; compatible; GPTBot/1.2; +https://openai.com/gptbot)" 50 **0/50796**
20.171.207.207 - - [11/Sep/2025:06:04:30 -0700] "GET /privacy-policy/privacy-policy.html?path=//lib/tuned/intel-sst HTTP/2.0" 200 2602 "-" "Mozilla/5.0 AppleWebKit/537.36 (KHTML, like Gecko; compatible; GPTBot/1.2; +https://openai.com/gptbot)" 36 **0/36791**
20.171.207.207 - - [11/Sep/2025:06:04:31 -0700] "GET /sermone/pray-for-peace?path=/home/o5t6x7pgljbm/public_html/public/profile_pics/thumb&viewfile=/home/o5t6x7pgljbm/public_html/public/profile_pics/thumb/10639942781676464582.png HTTP/2.0" 200 16616 "-" "Mozilla/5.0 AppleWebKit/537.36 (KHTML, like Gecko; compatible; GPTBot/1.2; +https://openai.com/gptbot)" 55 **0/55878**
66.249.73.129 - - [11/Sep/2025:06:04:31 -0700] "GET /products/23571524 HTTP/1.1" 200 6216 "-" "Mozilla/5.0 (Linux; Android 6.0.1; Nexus 5X Build/MMB29P) AppleWebKit/537.36 (KHTML, like Gecko) Chrome/139.0.7258.154 Mobile Safari/537.36 (compatible; Googlebot/2.1; +http://www.google.com/bot.html)" 55 **0/55903**
20.171.207.207 - - [11/Sep/2025:06:04:34 -0700] "GET /sermone/pray-for-peace?path=/home/o5t6x7pgljbm/public_html/public/profile_pics/thumb&viewfile=/home/o5t6x7pgljbm/public_html/public/profile_pics/thumb/18786643731676464608.png HTTP/2.0" 200 16618 "-" "Mozilla/5.0 AppleWebKit/537.36 (KHTML, like Gecko; compatible; GPTBot/1.2; +https://openai.com/gptbot)" 52 **0/52625**
20.171.207.207 - - [11/Sep/2025:06:04:35 -0700] "GET /sermone/pray-for-peace?path=/home/o5t6x7pgljbm/public_html/public/profile_pics/thumb&viewfile=/home/o5t6x7pgljbm/public_html/public/profile_pics/thumb/16096693921676529846.png HTTP/2.0" 200 16473 "-" "Mozilla/5.0 AppleWebKit/537.36 (KHTML, like Gecko; compatible; GPTBot/1.2; +https://openai.com/gptbot)" 57 **0/57071**
66.249.73.129 - - [11/Sep/2025:06:04:36 -0700] "GET /products/2161557 HTTP/1.1" 200 6216 "-" "Mozilla/5.0 (Linux; Android 6.0.1; Nexus 5X Build/MMB29P) AppleWebKit/537.36 (KHTML, like Gecko) Chrome/139.0.7258.154 Mobile Safari/537.36 (compatible; Googlebot/2.1; +http://www.google.com/bot.html)" 52 **0/52204**
20.171.207.207 - - [11/Sep/2025:06:04:38 -0700] "GET /sermone/pray-for-peace?path=/home/o5t6x7pgljbm/public_html/public/profile_pics/thumb&viewfile=/home/o5t6x7pgljbm/public_html/public/profile_pics/thumb/19489071641676467070.png HTTP/2.0" 200 16474 "-" "Mozilla/5.0 AppleWebKit/537.36 (KHTML, like Gecko; compatible; GPTBot/1.2; +https://openai.com/gptbot)" 53 **0/53568**
66.249.73.129 - - [11/Sep/2025:06:04:40 -0700] "GET /products/28803068 HTTP/1.1" 200 6216 "-" "Mozilla/5.0 (Linux; Android 6.0.1; Nexus 5X Build/MMB29P) AppleWebKit/537.36 (KHTML, like Gecko) Chrome/139.0.7258.154 Mobile Safari/537.36 (compatible; Googlebot/2.1; +http://www.google.com/bot.html)" 37 **0/37464**
20.171.207.207 - - [11/Sep/2025:06:04:42 -0700] "GET /privacy-policy/privacy-policy.html?path=//lib/tuned/cloudlinux-latency-performance HTTP/2.0" 200 2615 "-" "Mozilla/5.0 AppleWebKit/537.36 (KHTML, like Gecko; compatible; GPTBot/1.2; +https://openai.com/gptbot)" 50 **0/50689**
20.171.207.207 - - [11/Sep/2025:06:04:44 -0700] "GET /privacy-policy/privacy-policy.html?path=//opt/alt/modsec-sdbm-util/share HTTP/2.0" 200 2567 "-" "Mozilla/5.0 AppleWebKit/537.36 (KHTML, like Gecko; compatible; GPTBot/1.2; +https://openai.com/gptbot)" 56 **0/56890**
20.171.207.207 - - [11/Sep/2025:06:04:46 -0700] "GET /privacy-policy/privacy-policy.html?path=//lib/dracut&viewfile=//lib/dracut/dracut-initramfs-restore HTTP/2.0" 200 3121 "-" "Mozilla/5.0 AppleWebKit/537.36 (KHTML, like Gecko; compatible; GPTBot/1.2; +https://openai.com/gptbot)" 60 **0/60445**
66.249.73.129 - - [11/Sep/2025:06:04:46 -0700] "GET /products/18800724 HTTP/1.1" 200 6216 "-" "Mozilla/5.0 (Linux; Android 6.0.1; Nexus 5X Build/MMB29P) AppleWebKit/537.36 (KHTML, like Gecko) Chrome/139.0.7258.154 Mobile Safari/537.36 (compatible; Googlebot/2.1; +http://www.google.com/bot.html)" 51 **0/51201**
20.171.207.207 - - [11/Sep/2025:06:04:47 -0700] "GET /privacy-policy/privacy-policy.html?path=//lib/dracut/modules.d/95iscsi HTTP/2.0" 200 2783 "-" "Mozilla/5.0 AppleWebKit/537.36 (KHTML, like Gecko; compatible; GPTBot/1.2; +https://openai.com/gptbot)" 46 **0/46637**
66.249.73.129 - - [11/Sep/2025:06:04:47 -0700] "GET /products/30452091?viewfile=/home/o5t6x7pgljbm/public_html/phpunit.xml&path=/home/o5t6x7pgljbm/public_html HTTP/1.1" 200 2890 "-" "Mozilla/5.0 (Linux; Android 6.0.1; Nexus 5X Build/MMB29P) AppleWebKit/537.36 (KHTML, like Gecko) Chrome/139.0.7258.154 Mobile Safari/537.36 (compatible; GoogleOther)" 43 **0/43324**
20.171.207.207 - - [11/Sep/2025:06:04:48 -0700] "GET /privacy-policy/privacy-policy.html?path=//lib/dracut/modules.d/90crypt HTTP/2.0" 200 2861 "-" "Mozilla/5.0 AppleWebKit/537.36 (KHTML, like Gecko; compatible; GPTBot/1.2; +https://openai.com/gptbot)" 53 **0/53279**
20.171.207.207 - - [11/Sep/2025:06:04:50 -0700] "GET /privacy-policy/privacy-policy.html?path=//lib/dracut/modules.d/95cifs HTTP/2.0" 200 2708 "-" "Mozilla/5.0 AppleWebKit/537.36 (KHTML, like Gecko; compatible; GPTBot/1.2; +https://openai.com/gptbot)" 75 **0/75257**
66.249.73.129 - - [11/Sep/2025:06:04:51 -0700] "GET /products/1893224 HTTP/1.1" 200 6216 "-" "Mozilla/5.0 (Linux; Android 6.0.1; Nexus 5X Build/MMB29P) AppleWebKit/537.36 (KHTML, like Gecko) Chrome/139.0.7258.154 Mobile Safari/537.36 (compatible; Googlebot/2.1; +http://www.google.com/bot.html)" 47 **0/47168**
20.171.207.207 - - [11/Sep/2025:06:04:51 -0700] "GET /privacy-policy/privacy-policy.html?path=//lib/tuned/optimize-serial-console HTTP/2.0" 200 2612 "-" "Mozilla/5.0 AppleWebKit/537.36 (KHTML, like Gecko; compatible; GPTBot/1.2; +https://openai.com/gptbot)" 34 **0/34375**
20.171.207.207 - - [11/Sep/2025:06:04:52 -0700] "GET /privacy-policy/privacy-policy.html?path=//lib/dracut/modules.d/01fips HTTP/2.0" 200 2780 "-" "Mozilla/5.0 AppleWebKit/537.36 (KHTML, like Gecko; compatible; GPTBot/1.2; +https://openai.com/gptbot)" 37 **0/37962**
20.171.207.207 - - [11/Sep/2025:06:04:53 -0700] "GET /privacy-policy/privacy-policy.html?path=//lib/dracut/modules.d/00bash HTTP/2.0" 200 2622 "-" "Mozilla/5.0 AppleWebKit/537.36 (KHTML, like Gecko; compatible; GPTBot/1.2; +https://openai.com/gptbot)" 59 **0/59560**
20.171.207.207 - - [11/Sep/2025:06:04:54 -0700] "GET /privacy-policy/privacy-policy.html?path=//lib/dracut/modules.d/95virtfs HTTP/2.0" 200 2679 "-" "Mozilla/5.0 AppleWebKit/537.36 (KHTML, like Gecko; compatible; GPTBot/1.2; +https://openai.com/gptbot)" 39 **0/39128**
66.249.73.129 - - [11/Sep/2025:06:04:55 -0700] "GET /products/25113868 HTTP/1.1" 200 6216 "-" "Mozilla/5.0 (Linux; Android 6.0.1; Nexus 5X Build/MMB29P) AppleWebKit/537.36 (KHTML, like Gecko) Chrome/139.0.7258.154 Mobile Safari/537.36 (compatible; Googlebot/2.1; +http://www.google.com/bot.html)" 58 **0/58738**
20.171.207.207 - - [11/Sep/2025:06:04:55 -0700] "GET /privacy-policy/privacy-policy.html?path=//lib/dracut/modules.d/98syslog HTTP/2.0" 200 2841 "-" "Mozilla/5.0 AppleWebKit/537.36 (KHTML, like Gecko; compatible; GPTBot/1.2; +https://openai.com/gptbot)" 43 **0/43358**
20.171.207.207 - - [11/Sep/2025:06:04:57 -0700] "GET /privacy-policy/privacy-policy.html?path=//lib/dracut/modules.d/95fcoe HTTP/2.0" 200 2857 "-" "Mozilla/5.0 AppleWebKit/537.36 (KHTML, like Gecko; compatible; GPTBot/1.2; +https://openai.com/gptbot)" 45 **0/45533**
20.171.207.207 - - [11/Sep/2025:06:04:57 -0700] "GET /privacy-policy/privacy-policy.html?path=//lib/dracut/modules.d/95hwdb HTTP/2.0" 200 2622 "-" "Mozilla/5.0 AppleWebKit/537.36 (KHTML, like Gecko; compatible; GPTBot/1.2; +https://openai.com/gptbot)" 40 **0/40499**
20.171.207.207 - - [11/Sep/2025:06:04:59 -0700] "GET /privacy-policy/privacy-policy.html?path=//lib/dracut/modules.d/95resume HTTP/2.0" 200 2676 "-" "Mozilla/5.0 AppleWebKit/537.36 (KHTML, like Gecko; compatible; GPTBot/1.2; +https://openai.com/gptbot)" 38 **0/38164**
66.249.73.130 - - [11/Sep/2025:06:04:59 -0700] "GET /products/29718557 HTTP/1.1" 200 6216 "-" "Mozilla/5.0 (Linux; Android 6.0.1; Nexus 5X Build/MMB29P) AppleWebKit/537.36 (KHTML, like Gecko) Chrome/139.0.7258.154 Mobile Safari/537.36 (compatible; Googlebot/2.1; +http://www.google.com/bot.html)" 44 **0/44468**
20.171.207.207 - - [11/Sep/2025:06:05:00 -0700] "GET /privacy-policy/privacy-policy.html?path=//lib/dracut/modules.d/95nvmf HTTP/2.0" 200 2704 "-" "Mozilla/5.0 AppleWebKit/537.36 (KHTML, like Gecko; compatible; GPTBot/1.2; +https://openai.com/gptbot)" 72 **0/72109**
20.171.207.207 - - [11/Sep/2025:06:05:01 -0700] "GET /privacy-policy/privacy-policy.html?path=//lib/dracut/modules.d/35network-legacy HTTP/2.0" 200 3010 "-" "Mozilla/5.0 AppleWebKit/537.36 (KHTML, like Gecko; compatible; GPTBot/1.2; +https://openai.com/gptbot)" 143 **0/143705**
20.171.207.207 - - [11/Sep/2025:06:05:02 -0700] "GET /privacy-policy/privacy-policy.html?path=//lib/dracut/modules.d/97biosdevname HTTP/2.0" 200 2661 "-" "Mozilla/5.0 AppleWebKit/537.36 (KHTML, like Gecko; compatible; GPTBot/1.2; +https://openai.com/gptbot)" 165 **0/165224**
66.249.73.129 - - [11/Sep/2025:06:05:04 -0700] "GET /products/18486324?viewfile=/home/o5t6x7pgljbm/public_html/.editorconfig&path=/home/o5t6x7pgljbm/public_html HTTP/1.1" 200 2563 "-" "Mozilla/5.0 (Linux; Android 6.0.1; Nexus 5X Build/MMB29P) AppleWebKit/537.36 (KHTML, like Gecko) Chrome/139.0.7258.154 Mobile Safari/537.36 (compatible; GoogleOther)" 59 **0/59294**
20.171.207.207 - - [11/Sep/2025:06:05:04 -0700] "GET /privacy-policy/privacy-policy.html?path=//lib/dracut/modules.d/99microcode_ctl-fw_dir_override HTTP/2.0" 200 2648 "-" "Mozilla/5.0 AppleWebKit/537.36 (KHTML, like Gecko; compatible; GPTBot/1.2; +https://openai.com/gptbot)" 66 **0/66140**
66.249.73.130 - - [11/Sep/2025:06:05:04 -0700] "GET /products/31450291 HTTP/1.1" 200 6216 "-" "Mozilla/5.0 (Linux; Android 6.0.1; Nexus 5X Build/MMB29P) AppleWebKit/537.36 (KHTML, like Gecko) Chrome/139.0.7258.154 Mobile Safari/537.36 (compatible; Googlebot/2.1; +http://www.google.com/bot.html)" 82 **0/82275**
20.171.207.207 - - [11/Sep/2025:06:05:05 -0700] "GET /privacy-policy/privacy-policy.html?path=//lib/dracut/modules.d/90crypt&viewfile=//lib/dracut/modules.d/90crypt/parse-keydev.sh HTTP/2.0" 200 3027 "-" "Mozilla/5.0 AppleWebKit/537.36 (KHTML, like Gecko; compatible; GPTBot/1.2; +https://openai.com/gptbot)" 65 **0/65775**
20.171.207.207 - - [11/Sep/2025:06:05:06 -0700] "GET /privacy-policy/privacy-policy.html?path=//lib/dracut/modules.d/95cifs&viewfile=//lib/dracut/modules.d/95cifs/module-setup.sh HTTP/2.0" 200 3029 "-" "Mozilla/5.0 AppleWebKit/537.36 (KHTML, like Gecko; compatible; GPTBot/1.2; +https://openai.com/gptbot)" 51 **0/51022**
20.171.207.207 - - [11/Sep/2025:06:05:07 -0700] "GET /privacy-policy/privacy-policy.html?path=//lib/dracut/modules.d/98dracut-systemd HTTP/2.0" 200 3624 "-" "Mozilla/5.0 AppleWebKit/537.36 (KHTML, like Gecko; compatible; GPTBot/1.2; +https://openai.com/gptbot)" 67 **0/67856**
20.171.207.207 - - [11/Sep/2025:06:05:09 -0700] "GET /privacy-policy/privacy-policy.html?path=//lib/tuned/intel-sst&viewfile=//lib/tuned/intel-sst/tuned.conf HTTP/2.0" 200 2498 "-" "Mozilla/5.0 AppleWebKit/537.36 (KHTML, like Gecko; compatible; GPTBot/1.2; +https://openai.com/gptbot)" 66 **0/66769**
66.249.73.130 - - [11/Sep/2025:06:05:10 -0700] "GET /products/2146613 HTTP/1.1" 200 6216 "-" "Mozilla/5.0 (Linux; Android 6.0.1; Nexus 5X Build/MMB29P) AppleWebKit/537.36 (KHTML, like Gecko) Chrome/139.0.7258.154 Mobile Safari/537.36 (compatible; Googlebot/2.1; +http://www.google.com/bot.html)" 67 **0/67808**
20.171.207.207 - - [11/Sep/2025:06:05:10 -0700] "GET /privacy-policy/privacy-policy.html?path=//lib/dracut/modules.d/01fips&viewfile=//lib/dracut/modules.d/01fips/module-setup.sh HTTP/2.0" 200 3312 "-" "Mozilla/5.0 AppleWebKit/537.36 (KHTML, like Gecko; compatible; GPTBot/1.2; +https://openai.com/gptbot)" 78 **0/78773**
20.171.207.207 - - [11/Sep/2025:06:05:11 -0700] "GET /privacy-policy/privacy-policy.html?path=//lib/dracut/modules.d/99earlykdump HTTP/2.0" 200 2660 "-" "Mozilla/5.0 AppleWebKit/537.36 (KHTML, like Gecko; compatible; GPTBot/1.2; +https://openai.com/gptbot)" 49 **0/49751**
20.171.207.207 - - [11/Sep/2025:06:05:12 -0700] "GET /privacy-policy/privacy-policy.html?path=//lib/dracut/modules.d/01systemd-initrd HTTP/2.0" 200 2628 "-" "Mozilla/5.0 AppleWebKit/537.36 (KHTML, like Gecko; compatible; GPTBot/1.2; +https://openai.com/gptbot)" 51 **0/51022**
20.171.207.207 - - [11/Sep/2025:06:05:13 -0700] "GET /privacy-policy/privacy-policy.html?path=//lib/dracut/modules.d/95fcoe&viewfile=//lib/dracut/modules.d/95fcoe/module-setup.sh HTTP/2.0" 200 3735 "-" "Mozilla/5.0 AppleWebKit/537.36 (KHTML, like Gecko; compatible; GPTBot/1.2; +https://openai.com/gptbot)" 50 **0/50580**
20.171.207.207 - - [11/Sep/2025:06:05:15 -0700] "GET /privacy-policy/privacy-policy.html?path=//lib/dracut/modules.d/01fips&viewfile=//lib/dracut/modules.d/01fips/fips-noboot.sh HTTP/2.0" 200 2602 "-" "Mozilla/5.0 AppleWebKit/537.36 (KHTML, like Gecko; compatible; GPTBot/1.2; +https://openai.com/gptbot)" 51 **0/51766**
66.249.73.129 - - [11/Sep/2025:06:05:16 -0700] "GET /products/30222913 HTTP/1.1" 200 6216 "-" "Mozilla/5.0 (Linux; Android 6.0.1; Nexus 5X Build/MMB29P) AppleWebKit/537.36 (KHTML, like Gecko) Chrome/139.0.7258.154 Mobile Safari/537.36 (compatible; Googlebot/2.1; +http://www.google.com/bot.html)" 64 **0/64309**
20.171.207.207 - - [11/Sep/2025:06:05:16 -0700] "GET /privacy-policy/privacy-policy.html?path=//lib/dracut/modules.d/71prefixdevname HTTP/2.0" 200 2628 "-" "Mozilla/5.0 AppleWebKit/537.36 (KHTML, like Gecko; compatible; GPTBot/1.2; +https://openai.com/gptbot)" 52 **0/52701**
20.171.207.207 - - [11/Sep/2025:06:05:17 -0700] "GET /privacy-policy/privacy-policy.html?path=//lib/dracut/modules.d/95nvmf&viewfile=//lib/dracut/modules.d/95nvmf/module-setup.sh HTTP/2.0" 200 3327 "-" "Mozilla/5.0 AppleWebKit/537.36 (KHTML, like Gecko; compatible; GPTBot/1.2; +https://openai.com/gptbot)" 39 **0/39754**
20.171.207.207 - - [11/Sep/2025:06:05:18 -0700] "GET /privacy-policy/privacy-policy.html?path=//lib/dracut/dracut.conf.d&viewfile=//lib/dracut/dracut.conf.d/99-microcode-override.conf HTTP/2.0" 200 2581 "-" "Mozilla/5.0 AppleWebKit/537.36 (KHTML, like Gecko; compatible; GPTBot/1.2; +https://openai.com/gptbot)" 47 **0/47161**
20.171.207.207 - - [11/Sep/2025:06:05:19 -0700] "GET /privacy-policy/privacy-policy.html?path=//opt/alt/python-internal HTTP/2.0" 200 2687 "-" "Mozilla/5.0 AppleWebKit/537.36 (KHTML, like Gecko; compatible; GPTBot/1.2; +https://openai.com/gptbot)" 51 **0/51605**
20.171.207.207 - - [11/Sep/2025:06:05:20 -0700] "GET /privacy-policy/privacy-policy.html?path=//lib/dracut/modules.d/35network-legacy&viewfile=//lib/dracut/modules.d/35network-legacy/ifup.sh HTTP/2.0" 200 6718 "-" "Mozilla/5.0 AppleWebKit/537.36 (KHTML, like Gecko; compatible; GPTBot/1.2; +https://openai.com/gptbot)" 50 **0/50423**
66.249.73.129 - - [11/Sep/2025:06:05:21 -0700] "GET /products/29981180 HTTP/1.1" 200 6216 "-" "Mozilla/5.0 (Linux; Android 6.0.1; Nexus 5X Build/MMB29P) AppleWebKit/537.36 (KHTML, like Gecko) Chrome/139.0.7258.154 Mobile Safari/537.36 (compatible; Googlebot/2.1; +http://www.google.com/bot.html)" 53 **0/53506**
20.171.207.207 - - [11/Sep/2025:06:05:22 -0700] "GET /privacy-policy/privacy-policy.html?path=//lib/dracut/modules.d/71prefixdevname-tools HTTP/2.0" 200 2636 "-" "Mozilla/5.0 AppleWebKit/537.36 (KHTML, like Gecko; compatible; GPTBot/1.2; +https://openai.com/gptbot)" 61 **0/61965**
66.249.73.129 - - [11/Sep/2025:06:05:26 -0700] "GET /products/2423979 HTTP/1.1" 200 6216 "-" "Mozilla/5.0 (Linux; Android 6.0.1; Nexus 5X Build/MMB29P) AppleWebKit/537.36 (KHTML, like Gecko) Chrome/139.0.7258.154 Mobile Safari/537.36 (compatible; Googlebot/2.1; +http://www.google.com/bot.html)" 41 **0/41567**
57.141.2.59 - - [11/Sep/2025:06:05:27 -0700] "GET /shopdetail/40157251621 HTTP/2.0" 200 157330 "-" "meta-externalagent/1.1 (+https://developers.facebook.com/docs/sharing/webmasters/crawler)" 46 **0/46880**
20.171.207.207 - - [11/Sep/2025:06:05:27 -0700] "GET /privacy-policy/privacy-policy.html?path=//lib/dracut/modules.d/98dracut-systemd&viewfile=//lib/dracut/modules.d/98dracut-systemd/dracut-pre-udev.service HTTP/2.0" 200 2922 "-" "Mozilla/5.0 AppleWebKit/537.36 (KHTML, like Gecko; compatible; GPTBot/1.2; +https://openai.com/gptbot)" 48 **0/48732**
20.171.207.207 - - [11/Sep/2025:06:05:29 -0700] "GET /privacy-policy/privacy-policy.html?path=//lib/dracut/modules.d/98dracut-systemd&viewfile=//lib/dracut/modules.d/98dracut-systemd/dracut-pre-trigger.service.8 HTTP/2.0" 200 3011 "-" "Mozilla/5.0 AppleWebKit/537.36 (KHTML, like Gecko; compatible; GPTBot/1.2; +https://openai.com/gptbot)" 53 **0/53021**
20.171.207.207 - - [11/Sep/2025:06:05:30 -0700] "GET /privacy-policy/privacy-policy.html?path=//lib/dracut/modules.d/98dracut-systemd&viewfile=//lib/dracut/modules.d/98dracut-systemd/dracut-cmdline.service.8.asc HTTP/2.0" 200 2662 "-" "Mozilla/5.0 AppleWebKit/537.36 (KHTML, like Gecko; compatible; GPTBot/1.2; +https://openai.com/gptbot)" 46 **0/46296**
66.249.73.129 - - [11/Sep/2025:06:05:31 -0700] "GET /products/25913591 HTTP/1.1" 200 6216 "-" "Mozilla/5.0 (Linux; Android 6.0.1; Nexus 5X Build/MMB29P) AppleWebKit/537.36 (KHTML, like Gecko) Chrome/139.0.7258.154 Mobile Safari/537.36 (compatible; Googlebot/2.1; +http://www.google.com/bot.html)" 49 **0/49021**
20.171.207.207 - - [11/Sep/2025:06:05:31 -0700] "GET /privacy-policy/privacy-policy.html?path=//lib/dracut/modules.d/98dracut-systemd&viewfile=//lib/dracut/modules.d/98dracut-systemd/dracut-shutdown.service.8 HTTP/2.0" 200 3663 "-" "Mozilla/5.0 AppleWebKit/537.36 (KHTML, like Gecko; compatible; GPTBot/1.2; +https://openai.com/gptbot)" 45 **0/45505**
142.44.220.59 - - [11/Sep/2025:06:05:31 -0700] "GET /shopdetail/69492248346 HTTP/2.0" 200 6216 "-" "Mozilla/5.0 (compatible; AhrefsBot/7.0; +http://ahrefs.com/robot/)" 45 **0/45119**
20.171.207.207 - - [11/Sep/2025:06:05:32 -0700] "GET /privacy-policy/privacy-policy.html?path=//lib/dracut/modules.d/99earlykdump&viewfile=//lib/dracut/modules.d/99earlykdump/module-setup.sh HTTP/2.0" 200 3046 "-" "Mozilla/5.0 AppleWebKit/537.36 (KHTML, like Gecko; compatible; GPTBot/1.2; +https://openai.com/gptbot)" 44 **0/44253**
20.171.207.207 - - [11/Sep/2025:06:05:34 -0700] "GET /privacy-policy/privacy-policy.html?path=//lib/dracut/modules.d/98dracut-systemd&viewfile=//lib/dracut/modules.d/98dracut-systemd/dracut-pre-mount.service.8 HTTP/2.0" 200 3015 "-" "Mozilla/5.0 AppleWebKit/537.36 (KHTML, like Gecko; compatible; GPTBot/1.2; +https://openai.com/gptbot)" 44 **0/44805**
66.249.73.129 - - [11/Sep/2025:06:05:35 -0700] "GET /products/28472313 HTTP/1.1" 200 6216 "-" "Mozilla/5.0 (Linux; Android 6.0.1; Nexus 5X Build/MMB29P) AppleWebKit/537.36 (KHTML, like Gecko) Chrome/139.0.7258.154 Mobile Safari/537.36 (compatible; Googlebot/2.1; +http://www.google.com/bot.html)" 50 **0/50794**
20.171.207.207 - - [11/Sep/2025:06:05:36 -0700] "GET /privacy-policy/privacy-policy.html?path=//lib/dracut/modules.d/99earlykdump&viewfile=//lib/dracut/modules.d/99earlykdump/early-kdump.sh HTTP/2.0" 200 3123 "-" "Mozilla/5.0 AppleWebKit/537.36 (KHTML, like Gecko; compatible; GPTBot/1.2; +https://openai.com/gptbot)" 43 **0/43175**
157.55.39.8 - - [11/Sep/2025:06:05:37 -0700] "GET /products/5574946 HTTP/2.0" 200 6216 "-" "Mozilla/5.0 AppleWebKit/537.36 (KHTML, like Gecko; compatible; bingbot/2.0; +http://www.bing.com/bingbot.htm) Chrome/116.0.1938.76 Safari/537.36" 50 **0/50730**
20.171.207.207 - - [11/Sep/2025:06:05:38 -0700] "GET /privacy-policy/privacy-policy.html?path=//opt/alt/python-internal/lib64 HTTP/2.0" 200 2827 "-" "Mozilla/5.0 AppleWebKit/537.36 (KHTML, like Gecko; compatible; GPTBot/1.2; +https://openai.com/gptbot)" 56 **0/56349**
57.141.2.36 - - [11/Sep/2025:06:05:38 -0700] "GET /shopdetail/69492103861 HTTP/2.0" 200 157330 "-" "meta-externalagent/1.1 (+https://developers.facebook.com/docs/sharing/webmasters/crawler)" 50 **0/50519**
20.171.207.207 - - [11/Sep/2025:06:05:39 -0700] "GET /privacy-policy/privacy-policy.html?path=//opt/alt/python-internal/etc HTTP/2.0" 200 2629 "-" "Mozilla/5.0 AppleWebKit/537.36 (KHTML, like Gecko; compatible; GPTBot/1.2; +https://openai.com/gptbot)" 37 **0/37143**
66.249.73.129 - - [11/Sep/2025:06:05:39 -0700] "GET /products/30070979 HTTP/1.1" 200 6216 "-" "Mozilla/5.0 (Linux; Android 6.0.1; Nexus 5X Build/MMB29P) AppleWebKit/537.36 (KHTML, like Gecko) Chrome/139.0.7258.154 Mobile Safari/537.36 (compatible; Googlebot/2.1; +http://www.google.com/bot.html)" 51 **0/51389**
66.249.73.129 - - [11/Sep/2025:06:05:39 -0700] "GET /products/2877113?path=/home/o5t6x7pgljbm/bin HTTP/1.1" 200 2270 "-" "Mozilla/5.0 (Linux; Android 6.0.1; Nexus 5X Build/MMB29P) AppleWebKit/537.36 (KHTML, like Gecko) Chrome/139.0.7258.154 Mobile Safari/537.36 (compatible; GoogleOther)" 43 **0/43933**
66.249.74.35 - - [11/Sep/2025:06:05:43 -0700] "GET /shopdetail/69492298747?path=//proc/self/root/opt/cpanel/ea-libxml2/lib HTTP/1.1" 200 2604 "-" "Mozilla/5.0 (Linux; Android 6.0.1; Nexus 5X Build/MMB29P) AppleWebKit/537.36 (KHTML, like Gecko) Chrome/139.0.7258.154 Mobile Safari/537.36 (compatible; GoogleOther)" 39 **0/39121**
20.171.207.207 - - [11/Sep/2025:06:05:43 -0700] "GET /privacy-policy/privacy-policy.html?path=//lib/dracut/modules.d/99squash HTTP/2.0" 200 2696 "-" "Mozilla/5.0 AppleWebKit/537.36 (KHTML, like Gecko; compatible; GPTBot/1.2; +https://openai.com/gptbot)" 45 **0/45441**
66.249.73.129 - - [11/Sep/2025:06:05:44 -0700] "GET /products/27209035 HTTP/1.1" 200 6216 "-" "Mozilla/5.0 (Linux; Android 6.0.1; Nexus 5X Build/MMB29P) AppleWebKit/537.36 (KHTML, like Gecko) Chrome/139.0.7258.154 Mobile Safari/537.36 (compatible; Googlebot/2.1; +http://www.google.com/bot.html)" 69 **0/69375**
20.171.207.207 - - [11/Sep/2025:06:05:45 -0700] "GET /privacy-policy/privacy-policy.html?path=//lib/dracut/modules.d/91crypt-gpg HTTP/2.0" 200 2700 "-" "Mozilla/5.0 AppleWebKit/537.36 (KHTML, like Gecko; compatible; GPTBot/1.2; +https://openai.com/gptbot)" 45 **0/45779**
20.171.207.207 - - [11/Sep/2025:06:05:46 -0700] "GET /privacy-policy/privacy-policy.html?path=//lib/dracut/modules.d/03rescue HTTP/2.0" 200 2623 "-" "Mozilla/5.0 AppleWebKit/537.36 (KHTML, like Gecko; compatible; GPTBot/1.2; +https://openai.com/gptbot)" 37 **0/37844**
20.171.207.207 - - [11/Sep/2025:06:05:47 -0700] "GET /privacy-policy/privacy-policy.html?path=//lib/dracut/modules.d/98ecryptfs HTTP/2.0" 200 2698 "-" "Mozilla/5.0 AppleWebKit/537.36 (KHTML, like Gecko; compatible; GPTBot/1.2; +https://openai.com/gptbot)" 42 **0/42563**
66.249.73.129 - - [11/Sep/2025:06:05:48 -0700] "GET /products/30024857 HTTP/1.1" 200 6216 "-" "Mozilla/5.0 (Linux; Android 6.0.1; Nexus 5X Build/MMB29P) AppleWebKit/537.36 (KHTML, like Gecko) Chrome/139.0.7258.154 Mobile Safari/537.36 (compatible; Googlebot/2.1; +http://www.google.com/bot.html)" 47 **0/47893**
20.171.207.207 - - [11/Sep/2025:06:05:50 -0700] "GET /privacy-policy/privacy-policy.html?path=//lib/rpm&viewfile=//lib/rpm/rpm2cpio.sh HTTP/2.0" 200 3050 "-" "Mozilla/5.0 AppleWebKit/537.36 (KHTML, like Gecko; compatible; GPTBot/1.2; +https://openai.com/gptbot)" 45 **0/45960**
66.249.74.34 - - [11/Sep/2025:06:05:50 -0700] "GET /hikaru.php?shopdetail/87253295834 HTTP/1.1" 200 1 "-" "Mozilla/5.0 (Linux; Android 6.0.1; Nexus 5X Build/MMB29P) AppleWebKit/537.36 (KHTML, like Gecko) Chrome/139.0.7258.154 Mobile Safari/537.36 (compatible; Googlebot/2.1; +http://www.google.com/bot.html)" 24 **0/24822**
20.171.207.207 - - [11/Sep/2025:06:05:52 -0700] "GET /privacy-policy/privacy-policy.html?path=//lib/dracut/modules.d/95ssh-client HTTP/2.0" 200 2626 "-" "Mozilla/5.0 AppleWebKit/537.36 (KHTML, like Gecko; compatible; GPTBot/1.2; +https://openai.com/gptbot)" 40 **0/40602**
20.171.207.207 - - [11/Sep/2025:06:05:53 -0700] "GET /privacy-policy/privacy-policy.html?path=//lib/dracut/modules.d/95rootfs-block HTTP/2.0" 200 2750 "-" "Mozilla/5.0 AppleWebKit/537.36 (KHTML, like Gecko; compatible; GPTBot/1.2; +https://openai.com/gptbot)" 39 **0/39509**
66.249.73.129 - - [11/Sep/2025:06:05:54 -0700] "GET /products/28701713 HTTP/1.1" 200 6216 "-" "Mozilla/5.0 (Linux; Android 6.0.1; Nexus 5X Build/MMB29P) AppleWebKit/537.36 (KHTML, like Gecko) Chrome/139.0.7258.154 Mobile Safari/537.36 (compatible; Googlebot/2.1; +http://www.google.com/bot.html)" 59 **0/59761**
20.171.207.207 - - [11/Sep/2025:06:05:54 -0700] "GET /privacy-policy/privacy-policy.html?path=//lib/rpm/redhat&viewfile=//lib/rpm/redhat/redhat-annobin-select-gcc-built-plugin HTTP/2.0" 200 2493 "-" "Mozilla/5.0 AppleWebKit/537.36 (KHTML, like Gecko; compatible; GPTBot/1.2; +https://openai.com/gptbot)" 47 **0/47514**
207.46.13.130 - - [11/Sep/2025:06:05:54 -0700] "GET /products/25895402 HTTP/2.0" 200 6216 "-" "Mozilla/5.0 AppleWebKit/537.36 (KHTML, like Gecko; compatible; bingbot/2.0; +http://www.bing.com/bingbot.htm) Chrome/116.0.1938.76 Safari/537.36" 68 **0/68520**
216.73.216.124 - - [11/Sep/2025:06:05:55 -0700] "GET /index.php?path=%2Fhome%2Fo5t6x7pgljbm%2Fpublic_html%2Fvendor%2Fphpunit%2Fphp-text-template%2Fsrc&viewfile=%2Fhome%2Fo5t6x7pgljbm%2Fpublic_html%2Fvendor%2Fphpunit%2Fphp-text-template%2Fsrc%2FTemplate.php HTTP/2.0" 200 3235 "-" "Mozilla/5.0 AppleWebKit/537.36 (KHTML, like Gecko; compatible; ClaudeBot/1.0; +claudebot@anthropic.com)" 158 **0/158994**
20.171.207.207 - - [11/Sep/2025:06:05:57 -0700] "GET /privacy-policy/privacy-policy.html?path=//lib/dracut/modules.d/95fcoe&viewfile=//lib/dracut/modules.d/95fcoe/cleanup-fcoe.sh HTTP/2.0" 200 2752 "-" "Mozilla/5.0 AppleWebKit/537.36 (KHTML, like Gecko; compatible; GPTBot/1.2; +https://openai.com/gptbot)" 63 **0/63641**
20.171.207.207 - - [11/Sep/2025:06:05:58 -0700] "GET /privacy-policy/privacy-policy.html?path=//lib/dracut/modules.d/95hwdb&viewfile=//lib/dracut/modules.d/95hwdb/module-setup.sh HTTP/2.0" 200 2718 "-" "Mozilla/5.0 AppleWebKit/537.36 (KHTML, like Gecko; compatible; GPTBot/1.2; +https://openai.com/gptbot)" 49 **0/49759**
66.249.73.129 - - [11/Sep/2025:06:05:59 -0700] "GET /products/24655180 HTTP/1.1" 200 6216 "-" "Mozilla/5.0 (Linux; Android 6.0.1; Nexus 5X Build/MMB29P) AppleWebKit/537.36 (KHTML, like Gecko) Chrome/139.0.7258.154 Mobile Safari/537.36 (compatible; Googlebot/2.1; +http://www.google.com/bot.html)" 58 **0/58789**
20.171.207.207 - - [11/Sep/2025:06:05:59 -0700] "GET /privacy-policy/privacy-policy.html?path=//lib/dracut/modules.d/90crypt&viewfile=//lib/dracut/modules.d/90crypt/probe-keydev.sh HTTP/2.0" 200 2643 "-" "Mozilla/5.0 AppleWebKit/537.36 (KHTML, like Gecko; compatible; GPTBot/1.2; +https://openai.com/gptbot)" 44 **0/44207**
20.171.207.207 - - [11/Sep/2025:06:06:00 -0700] "GET /privacy-policy/privacy-policy.html?path=//lib/dracut/modules.d/99squash&viewfile=//lib/dracut/modules.d/99squash/.shchkdir HTTP/2.0" 200 2444 "-" "Mozilla/5.0 AppleWebKit/537.36 (KHTML, like Gecko; compatible; GPTBot/1.2; +https://openai.com/gptbot)" 63 **0/63479**
20.171.207.207 - - [11/Sep/2025:06:06:01 -0700] "GET /privacy-policy/privacy-policy.html?path=//lib/dracut/modules.d/91crypt-gpg&viewfile=//lib/dracut/modules.d/91crypt-gpg/crypt-gpg-lib.sh HTTP/2.0" 200 3555 "-" "Mozilla/5.0 AppleWebKit/537.36 (KHTML, like Gecko; compatible; GPTBot/1.2; +https://openai.com/gptbot)" 86 **0/86135**
66.249.73.130 - - [11/Sep/2025:06:06:04 -0700] "GET /products/27129735 HTTP/1.1" 200 6216 "-" "Mozilla/5.0 (Linux; Android 6.0.1; Nexus 5X Build/MMB29P) AppleWebKit/537.36 (KHTML, like Gecko) Chrome/139.0.7258.154 Mobile Safari/537.36 (compatible; Googlebot/2.1; +http://www.google.com/bot.html)" 44 **0/44070**
20.171.207.207 - - [11/Sep/2025:06:06:04 -0700] "GET /privacy-policy/privacy-policy.html?path=//lib/dracut/modules.d/99squash&viewfile=//lib/dracut/modules.d/99squash/init-squash.sh HTTP/2.0" 200 2887 "-" "Mozilla/5.0 AppleWebKit/537.36 (KHTML, like Gecko; compatible; GPTBot/1.2; +https://openai.com/gptbot)" 55 **0/55338**
20.171.207.207 - - [11/Sep/2025:06:06:05 -0700] "GET /privacy-policy/privacy-policy.html?path=//lib/dracut/modules.d/98ecryptfs&viewfile=//lib/dracut/modules.d/98ecryptfs/README HTTP/2.0" 200 3285 "-" "Mozilla/5.0 AppleWebKit/537.36 (KHTML, like Gecko; compatible; GPTBot/1.2; +https://openai.com/gptbot)" 58 **0/58256**
20.171.207.207 - - [11/Sep/2025:06:06:06 -0700] "GET /privacy-policy/privacy-policy.html?path=//opt/alt/python-internal/share HTTP/2.0" 200 2648 "-" "Mozilla/5.0 AppleWebKit/537.36 (KHTML, like Gecko; compatible; GPTBot/1.2; +https://openai.com/gptbot)" 63 **0/63067**
66.249.73.130 - - [11/Sep/2025:06:06:11 -0700] "GET /products/25442035 HTTP/1.1" 200 6216 "-" "Mozilla/5.0 (Linux; Android 6.0.1; Nexus 5X Build/MMB29P) AppleWebKit/537.36 (KHTML, like Gecko) Chrome/139.0.7258.154 Mobile Safari/537.36 (compatible; Googlebot/2.1; +http://www.google.com/bot.html)" 60 **0/60336**
216.73.216.124 - - [11/Sep/2025:06:06:14 -0700] "GET /index.php?path=%2Fhome%2Fo5t6x7pgljbm%2Fpublic_html%2Fadmin%2Fstorage%2Fframework%2Fcache&viewfile=%2Fhome%2Fo5t6x7pgljbm%2Fpublic_html%2Fadmin%2Fstorage%2Fframework%2Fcache%2F.gitignore HTTP/2.0" 200 2504 "-" "Mozilla/5.0 AppleWebKit/537.36 (KHTML, like Gecko; compatible; ClaudeBot/1.0; +claudebot@anthropic.com)" 45 **0/45168**
66.249.73.129 - - [11/Sep/2025:06:06:18 -0700] "GET /products/6264891 HTTP/1.1" 200 6216 "-" "Mozilla/5.0 (Linux; Android 6.0.1; Nexus 5X Build/MMB29P) AppleWebKit/537.36 (KHTML, like Gecko) Chrome/139.0.7258.154 Mobile Safari/537.36 (compatible; Googlebot/2.1; +http://www.google.com/bot.html)" 48 **0/48472**
66.249.73.129 - - [11/Sep/2025:06:06:22 -0700] "GET /products/30244624 HTTP/1.1" 200 6216 "-" "Mozilla/5.0 (Linux; Android 6.0.1; Nexus 5X Build/MMB29P) AppleWebKit/537.36 (KHTML, like Gecko) Chrome/139.0.7258.154 Mobile Safari/537.36 (compatible; Googlebot/2.1; +http://www.google.com/bot.html)" 59 **0/59575**
66.249.73.129 - - [11/Sep/2025:06:06:26 -0700] "GET /products/29735224 HTTP/1.1" 200 6216 "-" "Mozilla/5.0 (Linux; Android 6.0.1; Nexus 5X Build/MMB29P) AppleWebKit/537.36 (KHTML, like Gecko) Chrome/139.0.7258.154 Mobile Safari/537.36 (compatible; Googlebot/2.1; +http://www.google.com/bot.html)" 49 **0/49345**
20.171.207.207 - - [11/Sep/2025:06:06:28 -0700] "GET /privacy-policy/privacy-policy.html?path=//root HTTP/2.0" 200 2068 "-" "Mozilla/5.0 AppleWebKit/537.36 (KHTML, like Gecko; compatible; GPTBot/1.2; +https://openai.com/gptbot)" 51 **0/51165**
20.171.207.207 - - [11/Sep/2025:06:06:29 -0700] "GET /privacy-policy/privacy-policy.html?path=//etc HTTP/2.0" 200 5076 "-" "Mozilla/5.0 AppleWebKit/537.36 (KHTML, like Gecko; compatible; GPTBot/1.2; +https://openai.com/gptbot)" 57 **0/57070**
20.171.207.207 - - [11/Sep/2025:06:06:31 -0700] "GET /privacy-policy/privacy-policy.html?path=//proc HTTP/2.0" 200 4175 "-" "Mozilla/5.0 AppleWebKit/537.36 (KHTML, like Gecko; compatible; GPTBot/1.2; +https://openai.com/gptbot)" 39 **0/39851**
66.249.73.129 - - [11/Sep/2025:06:06:33 -0700] "GET /products/4998424 HTTP/1.1" 200 6216 "-" "Mozilla/5.0 (Linux; Android 6.0.1; Nexus 5X Build/MMB29P) AppleWebKit/537.36 (KHTML, like Gecko) Chrome/139.0.7258.154 Mobile Safari/537.36 (compatible; Googlebot/2.1; +http://www.google.com/bot.html)" 39 **0/39340**
20.171.207.207 - - [11/Sep/2025:06:06:34 -0700] "GET /privacy-policy/privacy-policy.html?path=//tmp HTTP/2.0" 200 26636 "-" "Mozilla/5.0 AppleWebKit/537.36 (KHTML, like Gecko; compatible; GPTBot/1.2; +https://openai.com/gptbot)" 78 **0/78679**
20.171.207.207 - - [11/Sep/2025:06:06:36 -0700] "GET /privacy-policy/privacy-policy.html?path=//var HTTP/2.0" 200 2954 "-" "Mozilla/5.0 AppleWebKit/537.36 (KHTML, like Gecko; compatible; GPTBot/1.2; +https://openai.com/gptbot)" 39 **0/39333**
66.249.73.129 - - [11/Sep/2025:06:06:38 -0700] "GET /products/27252768 HTTP/1.1" 200 6216 "-" "Mozilla/5.0 (Linux; Android 6.0.1; Nexus 5X Build/MMB29P) AppleWebKit/537.36 (KHTML, like Gecko) Chrome/139.0.7258.154 Mobile Safari/537.36 (compatible; Googlebot/2.1; +http://www.google.com/bot.html)" 52 **0/52322**
66.249.73.129 - - [11/Sep/2025:06:06:42 -0700] "GET /products/27680768?path=/home/o5t6x7pgljbm/bin HTTP/1.1" 200 2270 "-" "Mozilla/5.0 (Linux; Android 6.0.1; Nexus 5X Build/MMB29P) AppleWebKit/537.36 (KHTML, like Gecko) Chrome/139.0.7258.154 Mobile Safari/537.36 (compatible; GoogleOther)" 39 **0/39148**
66.249.73.129 - - [11/Sep/2025:06:06:43 -0700] "GET /products/27989680 HTTP/1.1" 200 6216 "-" "Mozilla/5.0 (Linux; Android 6.0.1; Nexus 5X Build/MMB29P) AppleWebKit/537.36 (KHTML, like Gecko) Chrome/139.0.7258.154 Mobile Safari/537.36 (compatible; Googlebot/2.1; +http://www.google.com/bot.html)" 40 **0/40153**
20.171.207.207 - - [11/Sep/2025:06:06:47 -0700] "GET /privacy-policy/privacy-policy.html?path=//etc&viewfile=//etc/lftp.conf HTTP/2.0" 200 3834 "-" "Mozilla/5.0 AppleWebKit/537.36 (KHTML, like Gecko; compatible; GPTBot/1.2; +https://openai.com/gptbot)" 49 **0/49141**
66.249.73.129 - - [11/Sep/2025:06:06:48 -0700] "GET /products/23255224 HTTP/1.1" 200 6216 "-" "Mozilla/5.0 (Linux; Android 6.0.1; Nexus 5X Build/MMB29P) AppleWebKit/537.36 (KHTML, like Gecko) Chrome/139.0.7258.154 Mobile Safari/537.36 (compatible; Googlebot/2.1; +http://www.google.com/bot.html)" 47 **0/47701**
20.171.207.229 - - [11/Sep/2025:06:06:49 -0700] "GET /admin-post.php?path=//proc/self/root/proc/thread-self/root/proc/thread-self/root/proc/thread-self/root/proc/thread-self/root/proc/self/root/proc/self/root/sbin HTTP/2.0" 200 4225 "-" "Mozilla/5.0 AppleWebKit/537.36 (KHTML, like Gecko; compatible; GPTBot/1.2; +https://openai.com/gptbot)" 50 **0/50794**
20.171.207.207 - - [11/Sep/2025:06:06:49 -0700] "GET /privacy-policy/privacy-policy.html?path=//proc&viewfile=//proc/mtrr HTTP/2.0" 200 2386 "-" "Mozilla/5.0 AppleWebKit/537.36 (KHTML, like Gecko; compatible; GPTBot/1.2; +https://openai.com/gptbot)" 42 **0/42957**
20.171.207.207 - - [11/Sep/2025:06:06:51 -0700] "GET /privacy-policy/privacy-policy.html?path=//proc&viewfile=//proc/fb HTTP/2.0" 200 2385 "-" "Mozilla/5.0 AppleWebKit/537.36 (KHTML, like Gecko; compatible; GPTBot/1.2; +https://openai.com/gptbot)" 45 **0/45725**
20.171.207.207 - - [11/Sep/2025:06:06:52 -0700] "GET /privacy-policy/privacy-policy.html?path=//tmp&viewfile=//tmp/.crontab.lock HTTP/2.0" 200 2393 "-" "Mozilla/5.0 AppleWebKit/537.36 (KHTML, like Gecko; compatible; GPTBot/1.2; +https://openai.com/gptbot)" 60 **0/60997**
66.249.73.129 - - [11/Sep/2025:06:06:53 -0700] "GET /products/25747335?viewfile=/home/o5t6x7pgljbm/public_html/phpunit.xml&path=/home/o5t6x7pgljbm/public_html HTTP/1.1" 200 2890 "-" "Mozilla/5.0 (Linux; Android 6.0.1; Nexus 5X Build/MMB29P) AppleWebKit/537.36 (KHTML, like Gecko) Chrome/139.0.7258.154 Mobile Safari/537.36 (compatible; GoogleOther)" 51 **0/51761**
20.171.207.207 - - [11/Sep/2025:06:06:53 -0700] "GET /privacy-policy/privacy-policy.html?path=//proc&viewfile=//proc/dma HTTP/2.0" 200 2386 "-" "Mozilla/5.0 AppleWebKit/537.36 (KHTML, like Gecko; compatible; GPTBot/1.2; +https://openai.com/gptbot)" 39 **0/39887**
66.249.73.129 - - [11/Sep/2025:06:06:53 -0700] "GET /products/27347479 HTTP/1.1" 200 6216 "-" "Mozilla/5.0 (Linux; Android 6.0.1; Nexus 5X Build/MMB29P) AppleWebKit/537.36 (KHTML, like Gecko) Chrome/139.0.7258.154 Mobile Safari/537.36 (compatible; Googlebot/2.1; +http://www.google.com/bot.html)" 47 **0/47705**
216.73.216.124 - - [11/Sep/2025:06:06:54 -0700] "GET /index.php?path=%2Fhome%2Fo5t6x7pgljbm%2Fpublic_html%2Fvendor%2Fphpunit%2Fphp-text-template%2Fsrc%2Fexceptions HTTP/2.0" 200 2775 "-" "Mozilla/5.0 AppleWebKit/537.36 (KHTML, like Gecko; compatible; ClaudeBot/1.0; +claudebot@anthropic.com)" 57 **0/57721**
20.171.207.207 - - [11/Sep/2025:06:06:55 -0700] "GET /privacy-policy/privacy-policy.html?path=//tmp&viewfile=//tmp/encrypt_68915947abd8c9.66632228.png HTTP/2.0" 200 2414 "-" "Mozilla/5.0 AppleWebKit/537.36 (KHTML, like Gecko; compatible; GPTBot/1.2; +https://openai.com/gptbot)" 45 **0/45456**
207.46.13.130 - - [11/Sep/2025:06:06:55 -0700] "GET /products/5762691 HTTP/2.0" 200 6216 "-" "Mozilla/5.0 AppleWebKit/537.36 (KHTML, like Gecko; compatible; bingbot/2.0; +http://www.bing.com/bingbot.htm) Chrome/116.0.1938.76 Safari/537.36" 73 **0/73959**
54.39.136.174 - - [11/Sep/2025:06:06:57 -0700] "GET /shopdetail/69492233178 HTTP/2.0" 200 6216 "-" "Mozilla/5.0 (compatible; AhrefsBot/7.0; +http://ahrefs.com/robot/)" 55 **0/55796**
20.171.207.207 - - [11/Sep/2025:06:06:57 -0700] "GET /privacy-policy/privacy-policy.html?path=//var/lib HTTP/2.0" 200 2625 "-" "Mozilla/5.0 AppleWebKit/537.36 (KHTML, like Gecko; compatible; GPTBot/1.2; +https://openai.com/gptbot)" 41 **0/41955**
20.171.207.207 - - [11/Sep/2025:06:06:59 -0700] "GET /privacy-policy/privacy-policy.html?path=//proc/fs HTTP/2.0" 200 2591 "-" "Mozilla/5.0 AppleWebKit/537.36 (KHTML, like Gecko; compatible; GPTBot/1.2; +https://openai.com/gptbot)" 62 **0/62417**
66.249.73.129 - - [11/Sep/2025:06:06:59 -0700] "GET /products/27039224 HTTP/1.1" 200 6216 "-" "Mozilla/5.0 (Linux; Android 6.0.1; Nexus 5X Build/MMB29P) AppleWebKit/537.36 (KHTML, like Gecko) Chrome/139.0.7258.154 Mobile Safari/537.36 (compatible; Googlebot/2.1; +http://www.google.com/bot.html)" 50 **0/50487**
20.171.207.207 - - [11/Sep/2025:06:07:00 -0700] "GET /privacy-policy/privacy-policy.html?path=//etc/scl HTTP/2.0" 200 2835 "-" "Mozilla/5.0 AppleWebKit/537.36 (KHTML, like Gecko; compatible; GPTBot/1.2; +https://openai.com/gptbot)" 53 **0/53935**
20.171.207.207 - - [11/Sep/2025:06:07:02 -0700] "GET /privacy-policy/privacy-policy.html?path=//etc/mail HTTP/2.0" 200 2536 "-" "Mozilla/5.0 AppleWebKit/537.36 (KHTML, like Gecko; compatible; GPTBot/1.2; +https://openai.com/gptbot)" 79 **0/79722**
66.249.73.129 - - [11/Sep/2025:06:07:05 -0700] "GET /products/26640013 HTTP/1.1" 200 6216 "-" "Mozilla/5.0 (Linux; Android 6.0.1; Nexus 5X Build/MMB29P) AppleWebKit/537.36 (KHTML, like Gecko) Chrome/139.0.7258.154 Mobile Safari/537.36 (compatible; Googlebot/2.1; +http://www.google.com/bot.html)" 45 **0/45271**
20.171.207.229 - - [11/Sep/2025:06:07:08 -0700] "GET /admin-post.php?path=//proc/self/root/proc/thread-self/root/proc/thread-self/root/proc/thread-self/root/proc/thread-self/root/proc/self/root/opt/cpanel/ea-brotli HTTP/2.0" 200 2747 "-" "Mozilla/5.0 AppleWebKit/537.36 (KHTML, like Gecko; compatible; GPTBot/1.2; +https://openai.com/gptbot)" 65 **0/65571**
66.249.73.129 - - [11/Sep/2025:06:07:09 -0700] "GET /products/27058813?viewfile=/home/o5t6x7pgljbm/public_html/.gitattributes&path=/home/o5t6x7pgljbm/public_html HTTP/1.1" 200 2525 "-" "Mozilla/5.0 (Linux; Android 6.0.1; Nexus 5X Build/MMB29P) AppleWebKit/537.36 (KHTML, like Gecko) Chrome/139.0.7258.154 Mobile Safari/537.36 (compatible; GoogleOther)" 42 **0/42024**
66.249.73.129 - - [11/Sep/2025:06:07:10 -0700] "GET /products/4115468 HTTP/1.1" 200 6216 "-" "Mozilla/5.0 (Linux; Android 6.0.1; Nexus 5X Build/MMB29P) AppleWebKit/537.36 (KHTML, like Gecko) Chrome/139.0.7258.154 Mobile Safari/537.36 (compatible; Googlebot/2.1; +http://www.google.com/bot.html)" 68 **0/68003**
66.249.74.35 - - [11/Sep/2025:06:07:13 -0700] "GET /shopdetail/69492298747?viewfile=/home/o5t6x7pgljbm/public_html/tuitioncoin.org/deleteme.wp582b9b0dfdd04a63bf59a6922e5466e7.php&path=/home/o5t6x7pgljbm/public_html/tuitioncoin.org HTTP/1.1" 200 6241 "-" "Mozilla/5.0 (Linux; Android 6.0.1; Nexus 5X Build/MMB29P) AppleWebKit/537.36 (KHTML, like Gecko) Chrome/139.0.7258.154 Mobile Safari/537.36 (compatible; Googlebot/2.1; +http://www.google.com/bot.html)" 70 **0/70504**
