20.171.207.207 - - [11/Sep/2025:05:43:39 -0700] "GET /donations/south-african-pre-primary-school-build?path=/home/o5t6x7pgljbm/public_html/wp-includes&viewfile=/home/o5t6x7pgljbm/public_html/wp-includes/class-wp-block-list.php HTTP/2.0" 200 3515 "-" "Mozilla/5.0 AppleWebKit/537.36 (KHTML, like Gecko; compatible; GPTBot/1.2; +https://openai.com/gptbot)" 65 **0/65514**
20.171.207.207 - - [11/Sep/2025:05:43:40 -0700] "GET /privacy-policy/privacy-policy.html?path=/ HTTP/2.0" 200 3132 "-" "Mozilla/5.0 AppleWebKit/537.36 (KHTML, like Gecko; compatible; GPTBot/1.2; +https://openai.com/gptbot)" 49 **0/49399**
20.171.207.229 - - [11/Sep/2025:05:43:41 -0700] "GET /admin-post.php?path=//proc/self/root/proc/thread-self/root/proc/thread-self/root/proc/thread-self/root/proc/thread-self/root/proc/self/root/proc/self/cwd/public/lang/gu HTTP/2.0" 200 2781 "-" "Mozilla/5.0 AppleWebKit/537.36 (KHTML, like Gecko; compatible; GPTBot/1.2; +https://openai.com/gptbot)" 63 **0/63045**
20.171.207.207 - - [11/Sep/2025:05:43:41 -0700] "GET /shopdetail/9060474797?path=/home/o5t6x7pgljbm/public_html/tests&viewfile=/home/o5t6x7pgljbm/public_html/tests/TestCase.php HTTP/2.0" 200 2535 "-" "Mozilla/5.0 AppleWebKit/537.36 (KHTML, like Gecko; compatible; GPTBot/1.2; +https://openai.com/gptbot)" 56 **0/56841**
51.222.168.93 - - [11/Sep/2025:05:43:42 -0700] "GET /shopdetail/64854316311 HTTP/2.0" 200 6216 "-" "Mozilla/5.0 (compatible; AhrefsBot/7.0; +http://ahrefs.com/robot/)" 77 **0/77166**
20.171.207.207 - - [11/Sep/2025:05:43:42 -0700] "GET /sermone_topics/2021?path=/home/o5t6x7pgljbm/public_html/admin/database/seeders&viewfile=/home/o5t6x7pgljbm/public_html/admin/database/seeders/DatabaseSeeder.php HTTP/2.0" 200 2712 "-" "Mozilla/5.0 AppleWebKit/537.36 (KHTML, like Gecko; compatible; GPTBot/1.2; +https://openai.com/gptbot)" 70 **0/70584**
20.171.207.229 - - [11/Sep/2025:05:43:43 -0700] "GET /admin-post.php?path=//proc/self/root/proc/thread-self/root/proc/thread-self/root/proc/thread-self/root/proc/thread-self/root/proc/self/root/proc/thread-self/cwd/admin/routes HTTP/2.0" 200 2956 "-" "Mozilla/5.0 AppleWebKit/537.36 (KHTML, like Gecko; compatible; GPTBot/1.2; +https://openai.com/gptbot)" 60 **0/60021**
66.249.73.129 - - [11/Sep/2025:05:43:43 -0700] "GET /products/23245857 HTTP/1.1" 200 6216 "-" "Mozilla/5.0 (Linux; Android 6.0.1; Nexus 5X Build/MMB29P) AppleWebKit/537.36 (KHTML, like Gecko) Chrome/139.0.7258.154 Mobile Safari/537.36 (compatible; Googlebot/2.1; +http://www.google.com/bot.html)" 82 **0/82448**
20.171.207.229 - - [11/Sep/2025:05:43:45 -0700] "GET /admin-post.php?path=//proc/self/root/proc/thread-self/root/proc/thread-self/root/proc/thread-self/root/proc/thread-self/root/proc/self/root/proc/thread-self/cwd/admin/bootstrap HTTP/2.0" 200 3089 "-" "Mozilla/5.0 AppleWebKit/537.36 (KHTML, like Gecko; compatible; GPTBot/1.2; +https://openai.com/gptbot)" 56 **0/56432**
20.171.207.229 - - [11/Sep/2025:05:43:46 -0700] "GET /admin-post.php?path=//proc/self/root/proc/thread-self/root/proc/thread-self/root/proc/thread-self/root/proc/thread-self/root/proc/self/root/proc/self/cwd/admin/storage HTTP/2.0" 200 3017 "-" "Mozilla/5.0 AppleWebKit/537.36 (KHTML, like Gecko; compatible; GPTBot/1.2; +https://openai.com/gptbot)" 50 **0/50307**
20.171.207.207 - - [11/Sep/2025:05:43:47 -0700] "GET /sermone/pray-for-peace?path=/home/o5t6x7pgljbm/public_html/public/profile_pics HTTP/2.0" 200 3528 "-" "Mozilla/5.0 AppleWebKit/537.36 (KHTML, like Gecko; compatible; GPTBot/1.2; +https://openai.com/gptbot)" 41 **0/41420**
66.249.73.129 - - [11/Sep/2025:05:43:47 -0700] "GET /products/21097602 HTTP/1.1" 200 6216 "-" "Mozilla/5.0 (Linux; Android 6.0.1; Nexus 5X Build/MMB29P) AppleWebKit/537.36 (KHTML, like Gecko) Chrome/139.0.7258.154 Mobile Safari/537.36 (compatible; Googlebot/2.1; +http://www.google.com/bot.html)" 51 **0/51208**
20.171.207.229 - - [11/Sep/2025:05:43:48 -0700] "GET /admin-post.php?path=//proc/self/root/proc/thread-self/root/proc/thread-self/root/proc/thread-self/root/proc/thread-self/root/proc/self/root/proc/self/cwd/public/src HTTP/2.0" 200 3040 "-" "Mozilla/5.0 AppleWebKit/537.36 (KHTML, like Gecko; compatible; GPTBot/1.2; +https://openai.com/gptbot)" 60 **0/60597**
20.171.207.229 - - [11/Sep/2025:05:43:49 -0700] "GET /admin-post.php?path=//proc/self/root/proc/thread-self/root/proc/thread-self/root/proc/thread-self/root/proc/thread-self/root/proc/self/root/proc/self/cwd/admin/resources/js HTTP/2.0" 200 2817 "-" "Mozilla/5.0 AppleWebKit/537.36 (KHTML, like Gecko; compatible; GPTBot/1.2; +https://openai.com/gptbot)" 47 **0/47615**
20.171.207.207 - - [11/Sep/2025:05:43:49 -0700] "GET /adminer/index.php?path=/home/o5t6x7pgljbm/public_html/600billionaires.com/wp-includes/rest-api/search HTTP/2.0" 200 2788 "-" "Mozilla/5.0 AppleWebKit/537.36 (KHTML, like Gecko; compatible; GPTBot/1.2; +https://openai.com/gptbot)" 54 **0/54497**
20.171.207.229 - - [11/Sep/2025:05:43:50 -0700] "GET /admin-post.php?path=//proc/self/root/proc/thread-self/root/proc/thread-self/root/proc/thread-self/root/proc/thread-self/root/proc/self/root/proc/thread-self/cwd/admin/lang/ar HTTP/2.0" 200 2818 "-" "Mozilla/5.0 AppleWebKit/537.36 (KHTML, like Gecko; compatible; GPTBot/1.2; +https://openai.com/gptbot)" 54 **0/54375**
20.171.207.207 - - [11/Sep/2025:05:43:50 -0700] "GET /program/index.php?path=/home/o5t6x7pgljbm/public_html/600billionaires.com/wp-includes/rest-api/search HTTP/2.0" 200 2788 "-" "Mozilla/5.0 AppleWebKit/537.36 (KHTML, like Gecko; compatible; GPTBot/1.2; +https://openai.com/gptbot)" 47 **0/47809**
66.249.73.129 - - [11/Sep/2025:05:43:51 -0700] "GET /products/26013913?viewfile=/home/o5t6x7pgljbm/public_html/e.php&path=/home/o5t6x7pgljbm/public_html HTTP/1.1" 200 2545 "-" "Mozilla/5.0 (Linux; Android 6.0.1; Nexus 5X Build/MMB29P) AppleWebKit/537.36 (KHTML, like Gecko) Chrome/139.0.7258.154 Mobile Safari/537.36 (compatible; GoogleOther)" 63 **0/63106**
20.171.207.207 - - [11/Sep/2025:05:43:51 -0700] "GET /sermone_topics/2021?path=/home/o5t6x7pgljbm/public_html/crystalchain.org HTTP/2.0" 200 2847 "-" "Mozilla/5.0 AppleWebKit/537.36 (KHTML, like Gecko; compatible; GPTBot/1.2; +https://openai.com/gptbot)" 49 **0/49413**
20.171.207.229 - - [11/Sep/2025:05:43:52 -0700] "GET /admin-post.php?path=//proc/self/root/proc/thread-self/root/proc/thread-self/root/proc/thread-self/root/proc/thread-self/root/proc/self/root/proc/self/cwd/admin/database/seeders HTTP/2.0" 200 2789 "-" "Mozilla/5.0 AppleWebKit/537.36 (KHTML, like Gecko; compatible; GPTBot/1.2; +https://openai.com/gptbot)" 59 **0/59662**
57.141.2.46 - - [11/Sep/2025:05:43:52 -0700] "GET /shopdetail/28752300748 HTTP/2.0" 200 157330 "-" "meta-externalagent/1.1 (+https://developers.facebook.com/docs/sharing/webmasters/crawler)" 52 **0/52727**
66.249.73.129 - - [11/Sep/2025:05:43:53 -0700] "GET /products/27222691 HTTP/1.1" 200 6216 "-" "Mozilla/5.0 (Linux; Android 6.0.1; Nexus 5X Build/MMB29P) AppleWebKit/537.36 (KHTML, like Gecko) Chrome/139.0.7258.154 Mobile Safari/537.36 (compatible; Googlebot/2.1; +http://www.google.com/bot.html)" 65 **0/65471**
20.171.207.207 - - [11/Sep/2025:05:43:57 -0700] "GET /events/category/vaccine/day/2024-02-05/?path=/home/o5t6x7pgljbm/public_html&viewfile=/home/o5t6x7pgljbm/public_html/google91dee06df864859d.html HTTP/2.0" 200 2455 "-" "Mozilla/5.0 AppleWebKit/537.36 (KHTML, like Gecko; compatible; GPTBot/1.2; +https://openai.com/gptbot)" 67 **0/67792**
66.249.73.129 - - [11/Sep/2025:05:43:57 -0700] "GET /products/24950635 HTTP/1.1" 200 6216 "-" "Mozilla/5.0 (Linux; Android 6.0.1; Nexus 5X Build/MMB29P) AppleWebKit/537.36 (KHTML, like Gecko) Chrome/139.0.7258.154 Mobile Safari/537.36 (compatible; Googlebot/2.1; +http://www.google.com/bot.html)" 54 **0/54224**
20.171.207.229 - - [11/Sep/2025:05:43:57 -0700] "GET /admin-post.php?path=//proc/self/root/proc/thread-self/root/proc/thread-self/root/proc/thread-self/root/proc/thread-self/root/proc/self/root/proc/thread-self/cwd/admin/vendor/mockery HTTP/2.0" 200 2715 "-" "Mozilla/5.0 AppleWebKit/537.36 (KHTML, like Gecko; compatible; GPTBot/1.2; +https://openai.com/gptbot)" 50 **0/50066**
20.171.207.207 - - [11/Sep/2025:05:43:58 -0700] "GET /privacy-policy/privacy-policy.html?path=//lib HTTP/2.0" 200 3930 "-" "Mozilla/5.0 AppleWebKit/537.36 (KHTML, like Gecko; compatible; GPTBot/1.2; +https://openai.com/gptbot)" 62 **0/62127**
20.171.207.207 - - [11/Sep/2025:05:43:58 -0700] "GET /privacy-policy/privacy-policy.html?path=//opt HTTP/2.0" 200 2822 "-" "Mozilla/5.0 AppleWebKit/537.36 (KHTML, like Gecko; compatible; GPTBot/1.2; +https://openai.com/gptbot)" 56 **0/56001**
20.171.207.229 - - [11/Sep/2025:05:43:59 -0700] "GET /admin-post.php?path=//proc/self/root/proc/thread-self/root/proc/thread-self/root/proc/thread-self/root/proc/thread-self/root/proc/self/root/proc/thread-self/cwd/admin/vendor/webmozart HTTP/2.0" 200 2725 "-" "Mozilla/5.0 AppleWebKit/537.36 (KHTML, like Gecko; compatible; GPTBot/1.2; +https://openai.com/gptbot)" 61 **0/61827**
20.171.207.229 - - [11/Sep/2025:05:44:01 -0700] "GET /admin-post.php?path=//proc/self/root/proc/thread-self/root/proc/thread-self/root/proc/thread-self/root/proc/thread-self/root/proc/self/root/proc/thread-self/cwd/admin/resources/views HTTP/2.0" 200 3156 "-" "Mozilla/5.0 AppleWebKit/537.36 (KHTML, like Gecko; compatible; GPTBot/1.2; +https://openai.com/gptbot)" 70 **0/70336**
20.171.207.229 - - [11/Sep/2025:05:44:03 -0700] "GET /admin-post.php?path=//proc/self/root/proc/thread-self/root/proc/thread-self/root/proc/thread-self/root/proc/thread-self/root/proc/self/root/proc/thread-self/cwd/admin/vendor/nikic HTTP/2.0" 200 2724 "-" "Mozilla/5.0 AppleWebKit/537.36 (KHTML, like Gecko; compatible; GPTBot/1.2; +https://openai.com/gptbot)" 55 **0/55240**
66.249.73.131 - - [11/Sep/2025:05:44:04 -0700] "GET /products/26170468 HTTP/1.1" 200 6216 "-" "Mozilla/5.0 (Linux; Android 6.0.1; Nexus 5X Build/MMB29P) AppleWebKit/537.36 (KHTML, like Gecko) Chrome/139.0.7258.154 Mobile Safari/537.36 (compatible; Googlebot/2.1; +http://www.google.com/bot.html)" 63 **0/63206**
20.171.207.229 - - [11/Sep/2025:05:44:04 -0700] "GET /admin-post.php?path=//proc/self/root/proc/thread-self/root/proc/thread-self/root/proc/thread-self/root/proc/thread-self/root/proc/self/root/proc/thread-self/cwd/admin/vendor/seamapi HTTP/2.0" 200 2715 "-" "Mozilla/5.0 AppleWebKit/537.36 (KHTML, like Gecko; compatible; GPTBot/1.2; +https://openai.com/gptbot)" 41 **0/41530**
20.171.207.229 - - [11/Sep/2025:05:44:06 -0700] "GET /admin-post.php?path=//proc/self/root/proc/thread-self/root/proc/thread-self/root/proc/thread-self/root/proc/thread-self/root/proc/self/root/proc/thread-self/cwd/admin/bootstrap/cache_old HTTP/2.0" 200 2897 "-" "Mozilla/5.0 AppleWebKit/537.36 (KHTML, like Gecko; compatible; GPTBot/1.2; +https://openai.com/gptbot)" 59 **0/59194**
20.171.207.229 - - [11/Sep/2025:05:44:07 -0700] "GET /admin-post.php?path=//proc/self/root/proc/thread-self/root/proc/thread-self/root/proc/thread-self/root/proc/thread-self/root/proc/self/root/proc/thread-self/cwd/admin/resources/js HTTP/2.0" 200 2817 "-" "Mozilla/5.0 AppleWebKit/537.36 (KHTML, like Gecko; compatible; GPTBot/1.2; +https://openai.com/gptbot)" 51 **0/51501**
66.249.73.130 - - [11/Sep/2025:05:44:08 -0700] "GET /products/21743668?viewfile=/home/o5t6x7pgljbm/public_html/.editorconfig&path=/home/o5t6x7pgljbm/public_html HTTP/1.1" 200 2563 "-" "Mozilla/5.0 (Linux; Android 6.0.1; Nexus 5X Build/MMB29P) AppleWebKit/537.36 (KHTML, like Gecko) Chrome/139.0.7258.154 Mobile Safari/537.36 (compatible; GoogleOther)" 65 **0/65490**
66.249.73.130 - - [11/Sep/2025:05:44:09 -0700] "GET /products/19292402 HTTP/1.1" 200 6216 "-" "Mozilla/5.0 (Linux; Android 6.0.1; Nexus 5X Build/MMB29P) AppleWebKit/537.36 (KHTML, like Gecko) Chrome/139.0.7258.154 Mobile Safari/537.36 (compatible; Googlebot/2.1; +http://www.google.com/bot.html)" 52 **0/52636**
20.171.207.229 - - [11/Sep/2025:05:44:09 -0700] "GET /admin-post.php?path=//proc/self/root/proc/thread-self/root/proc/thread-self/root/proc/thread-self/root/proc/thread-self/root/proc/self/root/proc/thread-self/cwd/admin/vendor/santigarcor HTTP/2.0" 200 2727 "-" "Mozilla/5.0 AppleWebKit/537.36 (KHTML, like Gecko; compatible; GPTBot/1.2; +https://openai.com/gptbot)" 55 **0/55413**
20.171.207.229 - - [11/Sep/2025:05:44:11 -0700] "GET /admin-post.php?path=//proc/self/root/proc/thread-self/root/proc/thread-self/root/proc/thread-self/root/proc/thread-self/root/proc/self/root/proc/self/cwd/public/src/js HTTP/2.0" 200 3105 "-" "Mozilla/5.0 AppleWebKit/537.36 (KHTML, like Gecko; compatible; GPTBot/1.2; +https://openai.com/gptbot)" 76 **0/76860**
20.171.207.229 - - [11/Sep/2025:05:44:12 -0700] "GET /admin-post.php?path=//proc/self/root/proc/thread-self/root/proc/thread-self/root/proc/thread-self/root/proc/thread-self/root/proc/self/root/proc/self/cwd/public/src/template-builder HTTP/2.0" 200 3063 "-" "Mozilla/5.0 AppleWebKit/537.36 (KHTML, like Gecko; compatible; GPTBot/1.2; +https://openai.com/gptbot)" 52 **0/52518**
52.167.144.176 - - [11/Sep/2025:05:44:13 -0700] "GET /products/9777279 HTTP/2.0" 200 6216 "-" "Mozilla/5.0 AppleWebKit/537.36 (KHTML, like Gecko; compatible; bingbot/2.0; +http://www.bing.com/bingbot.htm) Chrome/116.0.1938.76 Safari/537.36" 80 **0/80686**
20.171.207.229 - - [11/Sep/2025:05:44:14 -0700] "GET /admin-post.php?path=//proc/self/root/proc/thread-self/root/proc/thread-self/root/proc/thread-self/root/proc/thread-self/root/proc/self/root/proc/thread-self/cwd/admin/vendor/egulias HTTP/2.0" 200 2727 "-" "Mozilla/5.0 AppleWebKit/537.36 (KHTML, like Gecko; compatible; GPTBot/1.2; +https://openai.com/gptbot)" 50 **0/50217**
66.249.73.129 - - [11/Sep/2025:05:44:15 -0700] "GET /products/17707391 HTTP/1.1" 200 6216 "-" "Mozilla/5.0 (Linux; Android 6.0.1; Nexus 5X Build/MMB29P) AppleWebKit/537.36 (KHTML, like Gecko) Chrome/139.0.7258.154 Mobile Safari/537.36 (compatible; Googlebot/2.1; +http://www.google.com/bot.html)" 54 **0/54252**
20.171.207.229 - - [11/Sep/2025:05:44:16 -0700] "GET /admin-post.php?path=//proc/self/root/proc/thread-self/root/proc/thread-self/root/proc/thread-self/root/proc/thread-self/root/proc/self/root/proc/thread-self/cwd/admin/vendor/theseer HTTP/2.0" 200 2725 "-" "Mozilla/5.0 AppleWebKit/537.36 (KHTML, like Gecko; compatible; GPTBot/1.2; +https://openai.com/gptbot)" 57 **0/57719**
20.171.207.207 - - [11/Sep/2025:05:44:17 -0700] "GET /privacy-policy/privacy-policy.html?path=//opt/alt HTTP/2.0" 200 4249 "-" "Mozilla/5.0 AppleWebKit/537.36 (KHTML, like Gecko; compatible; GPTBot/1.2; +https://openai.com/gptbot)" 68 **0/68448**
20.171.207.207 - - [11/Sep/2025:05:44:18 -0700] "GET /privacy-policy/privacy-policy.html?path=//lib/rpm HTTP/2.0" 200 3269 "-" "Mozilla/5.0 AppleWebKit/537.36 (KHTML, like Gecko; compatible; GPTBot/1.2; +https://openai.com/gptbot)" 82 **0/82478**
20.171.207.229 - - [11/Sep/2025:05:44:18 -0700] "GET /admin-post.php?path=//proc/self/root/proc/thread-self/root/proc/thread-self/root/proc/thread-self/root/proc/thread-self/root/proc/self/root/proc/thread-self/cwd/admin/vendor/webmozart/assert HTTP/2.0" 200 3061 "-" "Mozilla/5.0 AppleWebKit/537.36 (KHTML, like Gecko; compatible; GPTBot/1.2; +https://openai.com/gptbot)" 59 **0/59566**
20.171.207.207 - - [11/Sep/2025:05:44:19 -0700] "GET /privacy-policy/privacy-policy.html?path=//lib/gcc HTTP/2.0" 200 2549 "-" "Mozilla/5.0 AppleWebKit/537.36 (KHTML, like Gecko; compatible; GPTBot/1.2; +https://openai.com/gptbot)" 49 **0/49037**
20.171.207.229 - - [11/Sep/2025:05:44:19 -0700] "GET /admin-post.php?path=//proc/self/root/proc/thread-self/root/proc/thread-self/root/proc/thread-self/root/proc/thread-self/root/proc/self/root/proc/thread-self/cwd/admin/vendor/laravelcollective HTTP/2.0" 200 2725 "-" "Mozilla/5.0 AppleWebKit/537.36 (KHTML, like Gecko; compatible; GPTBot/1.2; +https://openai.com/gptbot)" 58 **0/58709**
20.171.207.207 - - [11/Sep/2025:05:44:20 -0700] "GET /privacy-policy/privacy-policy.html?path=//lib/games HTTP/2.0" 200 2250 "-" "Mozilla/5.0 AppleWebKit/537.36 (KHTML, like Gecko; compatible; GPTBot/1.2; +https://openai.com/gptbot)" 49 **0/49168**
66.249.73.129 - - [11/Sep/2025:05:44:20 -0700] "GET /products/2854257 HTTP/1.1" 200 6216 "-" "Mozilla/5.0 (Linux; Android 6.0.1; Nexus 5X Build/MMB29P) AppleWebKit/537.36 (KHTML, like Gecko) Chrome/139.0.7258.154 Mobile Safari/537.36 (compatible; Googlebot/2.1; +http://www.google.com/bot.html)" 76 **0/76688**
20.171.207.229 - - [11/Sep/2025:05:44:21 -0700] "GET /admin-post.php?path=//proc/self/root/proc/thread-self/root/proc/thread-self/root/proc/thread-self/root/proc/thread-self/root/proc/self/root/proc/thread-self/cwd/admin/vendor/psy HTTP/2.0" 200 2713 "-" "Mozilla/5.0 AppleWebKit/537.36 (KHTML, like Gecko; compatible; GPTBot/1.2; +https://openai.com/gptbot)" 67 **0/67286**
20.171.207.207 - - [11/Sep/2025:05:44:21 -0700] "GET /privacy-policy/privacy-policy.html?path=//lib/binfmt.d HTTP/2.0" 200 2254 "-" "Mozilla/5.0 AppleWebKit/537.36 (KHTML, like Gecko; compatible; GPTBot/1.2; +https://openai.com/gptbot)" 58 **0/58857**
20.171.207.229 - - [11/Sep/2025:05:44:22 -0700] "GET /admin-post.php?path=//proc/self/root/proc/thread-self/root/proc/thread-self/root/proc/thread-self/root/proc/thread-self/root/proc/self/root/proc/thread-self/cwd/admin/vendor/seamapi/seam HTTP/2.0" 200 3203 "-" "Mozilla/5.0 AppleWebKit/537.36 (KHTML, like Gecko; compatible; GPTBot/1.2; +https://openai.com/gptbot)" 53 **0/53586**
20.171.207.207 - - [11/Sep/2025:05:44:23 -0700] "GET /privacy-policy/privacy-policy.html?path=//lib/kdump HTTP/2.0" 200 2652 "-" "Mozilla/5.0 AppleWebKit/537.36 (KHTML, like Gecko; compatible; GPTBot/1.2; +https://openai.com/gptbot)" 53 **0/53492**
20.171.207.229 - - [11/Sep/2025:05:44:24 -0700] "GET /admin-post.php?path=//proc/self/root/proc/thread-self/root/proc/thread-self/root/proc/thread-self/root/proc/thread-self/root/proc/self/root/proc/thread-self/cwd/admin/resources/views/vendor HTTP/2.0" 200 2742 "-" "Mozilla/5.0 AppleWebKit/537.36 (KHTML, like Gecko; compatible; GPTBot/1.2; +https://openai.com/gptbot)" 57 **0/57592**
66.249.73.129 - - [11/Sep/2025:05:44:24 -0700] "GET /products/27826902 HTTP/1.1" 200 6216 "-" "Mozilla/5.0 (Linux; Android 6.0.1; Nexus 5X Build/MMB29P) AppleWebKit/537.36 (KHTML, like Gecko) Chrome/139.0.7258.154 Mobile Safari/537.36 (compatible; Googlebot/2.1; +http://www.google.com/bot.html)" 61 **0/61487**
20.171.207.207 - - [11/Sep/2025:05:44:25 -0700] "GET /privacy-policy/privacy-policy.html?path=//lib/sysusers.d HTTP/2.0" 200 2707 "-" "Mozilla/5.0 AppleWebKit/537.36 (KHTML, like Gecko; compatible; GPTBot/1.2; +https://openai.com/gptbot)" 43 **0/43699**
20.171.207.229 - - [11/Sep/2025:05:44:25 -0700] "GET /admin-post.php?path=//proc/self/root/proc/thread-self/root/proc/thread-self/root/proc/thread-self/root/proc/thread-self/root/proc/self/root/proc/thread-self/cwd/admin/vendor/sebastian HTTP/2.0" 200 3265 "-" "Mozilla/5.0 AppleWebKit/537.36 (KHTML, like Gecko; compatible; GPTBot/1.2; +https://openai.com/gptbot)" 49 **0/49436**
20.171.207.207 - - [11/Sep/2025:05:44:26 -0700] "GET /privacy-policy/privacy-policy.html?path=//lib/dracut HTTP/2.0" 200 2986 "-" "Mozilla/5.0 AppleWebKit/537.36 (KHTML, like Gecko; compatible; GPTBot/1.2; +https://openai.com/gptbot)" 49 **0/49772**
20.171.207.207 - - [11/Sep/2025:05:44:27 -0700] "GET /privacy-policy/privacy-policy.html?path=//lib/sysctl.d HTTP/2.0" 200 2780 "-" "Mozilla/5.0 AppleWebKit/537.36 (KHTML, like Gecko; compatible; GPTBot/1.2; +https://openai.com/gptbot)" 54 **0/54223**
20.171.207.229 - - [11/Sep/2025:05:44:27 -0700] "GET /admin-post.php?path=//proc/self/root/proc/thread-self/root/proc/thread-self/root/proc/thread-self/root/proc/thread-self/root/proc/self/root/proc/thread-self/cwd/admin/vendor/santigarcor/laratrust HTTP/2.0" 200 3399 "-" "Mozilla/5.0 AppleWebKit/537.36 (KHTML, like Gecko; compatible; GPTBot/1.2; +https://openai.com/gptbot)" 46 **0/46642**
20.171.207.207 - - [11/Sep/2025:05:44:28 -0700] "GET /privacy-policy/privacy-policy.html?path=//lib/modprobe.d HTTP/2.0" 200 2649 "-" "Mozilla/5.0 AppleWebKit/537.36 (KHTML, like Gecko; compatible; GPTBot/1.2; +https://openai.com/gptbot)" 53 **0/53638**
20.171.207.229 - - [11/Sep/2025:05:44:29 -0700] "GET /admin-post.php?path=//proc/self/root/proc/thread-self/root/proc/thread-self/root/proc/thread-self/root/proc/thread-self/root/proc/self/root/proc/self/cwd/public/src/js/scripts HTTP/2.0" 200 4509 "-" "Mozilla/5.0 AppleWebKit/537.36 (KHTML, like Gecko; compatible; GPTBot/1.2; +https://openai.com/gptbot)" 64 **0/64364**
66.249.73.129 - - [11/Sep/2025:05:44:29 -0700] "GET /products/31117846 HTTP/1.1" 200 6216 "-" "Mozilla/5.0 (Linux; Android 6.0.1; Nexus 5X Build/MMB29P) AppleWebKit/537.36 (KHTML, like Gecko) Chrome/139.0.7258.154 Mobile Safari/537.36 (compatible; Googlebot/2.1; +http://www.google.com/bot.html)" 52 **0/52564**
20.171.207.207 - - [11/Sep/2025:05:44:30 -0700] "GET /privacy-policy/privacy-policy.html?path=//lib/vz-tools HTTP/2.0" 200 2528 "-" "Mozilla/5.0 AppleWebKit/537.36 (KHTML, like Gecko; compatible; GPTBot/1.2; +https://openai.com/gptbot)" 120 **0/120013**
20.171.207.229 - - [11/Sep/2025:05:44:30 -0700] "GET /admin-post.php?path=//proc/self/root/proc/thread-self/root/proc/thread-self/root/proc/thread-self/root/proc/thread-self/root/proc/self/root/proc/self/cwd/public/src/sass HTTP/2.0" 200 3144 "-" "Mozilla/5.0 AppleWebKit/537.36 (KHTML, like Gecko; compatible; GPTBot/1.2; +https://openai.com/gptbot)" 66 **0/66873**
20.171.207.207 - - [11/Sep/2025:05:44:31 -0700] "GET /privacy-policy/privacy-policy.html?path=//lib/kernel HTTP/2.0" 200 2536 "-" "Mozilla/5.0 AppleWebKit/537.36 (KHTML, like Gecko; compatible; GPTBot/1.2; +https://openai.com/gptbot)" 51 **0/51504**
20.171.207.229 - - [11/Sep/2025:05:44:32 -0700] "GET /admin-post.php?path=//proc/self/root/proc/thread-self/root/proc/thread-self/root/proc/thread-self/root/proc/thread-self/root/proc/self/root/proc/self/cwd/public/src/template-builder/pages HTTP/2.0" 200 5668 "-" "Mozilla/5.0 AppleWebKit/537.36 (KHTML, like Gecko; compatible; GPTBot/1.2; +https://openai.com/gptbot)" 98 **0/98103**
20.171.207.207 - - [11/Sep/2025:05:44:32 -0700] "GET /privacy-policy/privacy-policy.html?path=//lib/tuned HTTP/2.0" 200 3250 "-" "Mozilla/5.0 AppleWebKit/537.36 (KHTML, like Gecko; compatible; GPTBot/1.2; +https://openai.com/gptbot)" 61 **0/61908**
20.171.207.207 - - [11/Sep/2025:05:44:33 -0700] "GET /privacy-policy/privacy-policy.html?path=//lib/tmpfiles.d HTTP/2.0" 200 3671 "-" "Mozilla/5.0 AppleWebKit/537.36 (KHTML, like Gecko; compatible; GPTBot/1.2; +https://openai.com/gptbot)" 73 **0/73069**
20.171.207.229 - - [11/Sep/2025:05:44:33 -0700] "GET /admin-post.php?path=//proc/self/root/proc/thread-self/root/proc/thread-self/root/proc/thread-self/root/proc/thread-self/root/proc/self/root/proc/self/cwd/public/src/template-builder/contents HTTP/2.0" 200 5817 "-" "Mozilla/5.0 AppleWebKit/537.36 (KHTML, like Gecko; compatible; GPTBot/1.2; +https://openai.com/gptbot)" 75 **0/75260**
20.171.207.207 - - [11/Sep/2025:05:44:34 -0700] "GET /privacy-policy/privacy-policy.html?path=//opt/alt/sqlite HTTP/2.0" 200 2546 "-" "Mozilla/5.0 AppleWebKit/537.36 (KHTML, like Gecko; compatible; GPTBot/1.2; +https://openai.com/gptbot)" 57 **0/57914**
20.171.207.229 - - [11/Sep/2025:05:44:35 -0700] "GET /admin-post.php?path=//proc/self/root/proc/thread-self/root/proc/thread-self/root/proc/thread-self/root/proc/thread-self/root/proc/self/root/proc/self/cwd/public/src/template-builder/includes HTTP/2.0" 200 2952 "-" "Mozilla/5.0 AppleWebKit/537.36 (KHTML, like Gecko; compatible; GPTBot/1.2; +https://openai.com/gptbot)" 58 **0/58059**
20.171.207.207 - - [11/Sep/2025:05:44:35 -0700] "GET /privacy-policy/privacy-policy.html?path=//opt/alt/hyperscan54 HTTP/2.0" 200 2572 "-" "Mozilla/5.0 AppleWebKit/537.36 (KHTML, like Gecko; compatible; GPTBot/1.2; +https://openai.com/gptbot)" 52 **0/52452**
66.249.74.35 - - [11/Sep/2025:05:44:35 -0700] "GET /shopdetail/69492298747?viewfile=//tmp/upload-V6rSOE&path=//tmp HTTP/1.1" 200 3144 "-" "Mozilla/5.0 (Linux; Android 6.0.1; Nexus 5X Build/MMB29P) AppleWebKit/537.36 (KHTML, like Gecko) Chrome/139.0.7258.154 Mobile Safari/537.36 (compatible; Googlebot/2.1; +http://www.google.com/bot.html)" 46 **0/46828**
20.171.207.207 - - [11/Sep/2025:05:44:36 -0700] "GET /privacy-policy/privacy-policy.html?path=//opt/alt/openldap11 HTTP/2.0" 200 2659 "-" "Mozilla/5.0 AppleWebKit/537.36 (KHTML, like Gecko; compatible; GPTBot/1.2; +https://openai.com/gptbot)" 56 **0/56988**
20.171.207.229 - - [11/Sep/2025:05:44:36 -0700] "GET /admin-post.php?path=//proc/self/root/proc/thread-self/root/proc/thread-self/root/proc/thread-self/root/proc/thread-self/root/proc/self/root/proc/self/cwd/public/src/template-builder/templates HTTP/2.0" 200 3156 "-" "Mozilla/5.0 AppleWebKit/537.36 (KHTML, like Gecko; compatible; GPTBot/1.2; +https://openai.com/gptbot)" 52 **0/52195**
20.171.207.207 - - [11/Sep/2025:05:44:37 -0700] "GET /privacy-policy/privacy-policy.html?path=//opt/alt/redis HTTP/2.0" 200 2684 "-" "Mozilla/5.0 AppleWebKit/537.36 (KHTML, like Gecko; compatible; GPTBot/1.2; +https://openai.com/gptbot)" 46 **0/46483**
20.171.207.229 - - [11/Sep/2025:05:44:38 -0700] "GET /admin-post.php?path=//proc/self/root/proc/thread-self/root/proc/thread-self/root/proc/thread-self/root/proc/thread-self/root/proc/self/root/proc/self/cwd/public/src/js/custom HTTP/2.0" 200 2822 "-" "Mozilla/5.0 AppleWebKit/537.36 (KHTML, like Gecko; compatible; GPTBot/1.2; +https://openai.com/gptbot)" 48 **0/48274**
66.249.73.129 - - [11/Sep/2025:05:44:38 -0700] "GET /products/30140291 HTTP/1.1" 200 6216 "-" "Mozilla/5.0 (Linux; Android 6.0.1; Nexus 5X Build/MMB29P) AppleWebKit/537.36 (KHTML, like Gecko) Chrome/139.0.7258.154 Mobile Safari/537.36 (compatible; Googlebot/2.1; +http://www.google.com/bot.html)" 47 **0/47718**
20.171.207.207 - - [11/Sep/2025:05:44:38 -0700] "GET /privacy-policy/privacy-policy.html?path=//opt/alt/libgd HTTP/2.0" 200 2565 "-" "Mozilla/5.0 AppleWebKit/537.36 (KHTML, like Gecko; compatible; GPTBot/1.2; +https://openai.com/gptbot)" 71 **0/71961**
20.171.207.207 - - [11/Sep/2025:05:44:40 -0700] "GET /privacy-policy/privacy-policy.html?path=//lib/rpm/redhat HTTP/2.0" 200 3069 "-" "Mozilla/5.0 AppleWebKit/537.36 (KHTML, like Gecko; compatible; GPTBot/1.2; +https://openai.com/gptbot)" 51 **0/51726**
20.171.207.229 - - [11/Sep/2025:05:44:40 -0700] "GET /admin-post.php?path=//proc/self/root/proc/thread-self/root/proc/thread-self/root/proc/thread-self/root/proc/thread-self/root/proc/self/root/proc/thread-self/cwd/admin/vendor/nette HTTP/2.0" 200 2756 "-" "Mozilla/5.0 AppleWebKit/537.36 (KHTML, like Gecko; compatible; GPTBot/1.2; +https://openai.com/gptbot)" 49 **0/49730**
20.171.207.207 - - [11/Sep/2025:05:44:41 -0700] "GET /privacy-policy/privacy-policy.html?path=//lib/kdump&viewfile=//lib/kdump/kdump-lib-initramfs.sh HTTP/2.0" 200 4448 "-" "Mozilla/5.0 AppleWebKit/537.36 (KHTML, like Gecko; compatible; GPTBot/1.2; +https://openai.com/gptbot)" 58 **0/58572**
20.171.207.207 - - [11/Sep/2025:05:44:42 -0700] "GET /privacy-policy/privacy-policy.html?path=//lib/sysusers.d&viewfile=//lib/sysusers.d/mariadb.conf HTTP/2.0" 200 2440 "-" "Mozilla/5.0 AppleWebKit/537.36 (KHTML, like Gecko; compatible; GPTBot/1.2; +https://openai.com/gptbot)" 53 **0/53173**
20.171.207.229 - - [11/Sep/2025:05:44:42 -0700] "GET /admin-post.php?path=//proc/self/root/proc/thread-self/root/proc/thread-self/root/proc/thread-self/root/proc/thread-self/root/proc/self/root/proc/thread-self/cwd/admin/vendor/phpunit HTTP/2.0" 200 2924 "-" "Mozilla/5.0 AppleWebKit/537.36 (KHTML, like Gecko; compatible; GPTBot/1.2; +https://openai.com/gptbot)" 47 **0/47713**
20.171.207.207 - - [11/Sep/2025:05:44:43 -0700] "GET /privacy-policy/privacy-policy.html?path=//lib/sysusers.d&viewfile=//lib/sysusers.d/systemd.conf HTTP/2.0" 200 2610 "-" "Mozilla/5.0 AppleWebKit/537.36 (KHTML, like Gecko; compatible; GPTBot/1.2; +https://openai.com/gptbot)" 59 **0/59614**
66.249.73.129 - - [11/Sep/2025:05:44:43 -0700] "GET /products/24040602 HTTP/1.1" 200 6216 "-" "Mozilla/5.0 (Linux; Android 6.0.1; Nexus 5X Build/MMB29P) AppleWebKit/537.36 (KHTML, like Gecko) Chrome/139.0.7258.154 Mobile Safari/537.36 (compatible; Googlebot/2.1; +http://www.google.com/bot.html)" 55 **0/55653**
20.171.207.229 - - [11/Sep/2025:05:44:44 -0700] "GET /admin-post.php?path=//proc/self/root/proc/thread-self/root/proc/thread-self/root/proc/thread-self/root/proc/thread-self/root/proc/self/root/proc/thread-self/cwd/admin/vendor/sebastian/object-reflector HTTP/2.0" 200 3083 "-" "Mozilla/5.0 AppleWebKit/537.36 (KHTML, like Gecko; compatible; GPTBot/1.2; +https://openai.com/gptbot)" 65 **0/65977**
20.171.207.207 - - [11/Sep/2025:05:44:44 -0700] "GET /privacy-policy/privacy-policy.html?path=//opt/alt/zeromq HTTP/2.0" 200 2546 "-" "Mozilla/5.0 AppleWebKit/537.36 (KHTML, like Gecko; compatible; GPTBot/1.2; +https://openai.com/gptbot)" 42 **0/42977**
20.171.207.229 - - [11/Sep/2025:05:44:45 -0700] "GET /admin-post.php?path=//proc/self/root/proc/thread-self/root/proc/thread-self/root/proc/thread-self/root/proc/thread-self/root/proc/self/root/proc/thread-self/cwd/admin/vendor/theseer/tokenizer HTTP/2.0" 200 3121 "-" "Mozilla/5.0 AppleWebKit/537.36 (KHTML, like Gecko; compatible; GPTBot/1.2; +https://openai.com/gptbot)" 67 **0/67575**
20.171.207.207 - - [11/Sep/2025:05:44:45 -0700] "GET /privacy-policy/privacy-policy.html?path=//lib/modprobe.d&viewfile=//lib/modprobe.d/dist-blacklist.conf HTTP/2.0" 200 2825 "-" "Mozilla/5.0 AppleWebKit/537.36 (KHTML, like Gecko; compatible; GPTBot/1.2; +https://openai.com/gptbot)" 41 **0/41664**
20.171.207.207 - - [11/Sep/2025:05:44:46 -0700] "GET /privacy-policy/privacy-policy.html?path=//lib/debug HTTP/2.0" 200 2645 "-" "Mozilla/5.0 AppleWebKit/537.36 (KHTML, like Gecko; compatible; GPTBot/1.2; +https://openai.com/gptbot)" 56 **0/56196**
15.235.98.227 - - [11/Sep/2025:05:44:46 -0700] "GET /shopdetail/91535196651 HTTP/2.0" 200 6216 "-" "Mozilla/5.0 (compatible; AhrefsBot/7.0; +http://ahrefs.com/robot/)" 58 **0/58882**
20.171.207.229 - - [11/Sep/2025:05:44:47 -0700] "GET /admin-post.php?path=//proc/self/root/proc/thread-self/root/proc/thread-self/root/proc/thread-self/root/proc/thread-self/root/proc/self/root/proc/thread-self/cwd/admin/vendor/santigarcor/laratrust/public HTTP/2.0" 200 3014 "-" "Mozilla/5.0 AppleWebKit/537.36 (KHTML, like Gecko; compatible; GPTBot/1.2; +https://openai.com/gptbot)" 59 **0/59841**
20.171.207.207 - - [11/Sep/2025:05:44:47 -0700] "GET /adminer/index.php?path=/home/o5t6x7pgljbm/public_html/600billionaires.com/wp-includes/rest-api/search&viewfile=/home/o5t6x7pgljbm/public_html/600billionaires.com/wp-includes/rest-api/search/class-wp-rest-post-format-search-handler.php HTTP/2.0" 200 3639 "-" "Mozilla/5.0 AppleWebKit/537.36 (KHTML, like Gecko; compatible; GPTBot/1.2; +https://openai.com/gptbot)" 40 **0/40382**
20.171.207.229 - - [11/Sep/2025:05:44:48 -0700] "GET /admin-post.php?path=//proc/self/root/proc/thread-self/root/proc/thread-self/root/proc/thread-self/root/proc/thread-self/root/proc/self/root/proc/thread-self/cwd/admin/vendor/hamcrest HTTP/2.0" 200 2722 "-" "Mozilla/5.0 AppleWebKit/537.36 (KHTML, like Gecko; compatible; GPTBot/1.2; +https://openai.com/gptbot)" 46 **0/46411**
20.171.207.207 - - [11/Sep/2025:05:44:49 -0700] "GET /privacy-policy/privacy-policy.html?path=//lib/tuned/cloudlinux-dummy HTTP/2.0" 200 2609 "-" "Mozilla/5.0 AppleWebKit/537.36 (KHTML, like Gecko; compatible; GPTBot/1.2; +https://openai.com/gptbot)" 60 **0/60765**
66.249.73.129 - - [11/Sep/2025:05:44:50 -0700] "GET /products/19069968?path=/home/o5t6x7pgljbm/www HTTP/1.1" 200 6212 "-" "Mozilla/5.0 (Linux; Android 6.0.1; Nexus 5X Build/MMB29P) AppleWebKit/537.36 (KHTML, like Gecko) Chrome/139.0.7258.154 Mobile Safari/537.36 (compatible; GoogleOther)" 49 **0/49232**
20.171.207.229 - - [11/Sep/2025:05:44:50 -0700] "GET /admin-post.php?path=//proc/self/root/proc/thread-self/root/proc/thread-self/root/proc/thread-self/root/proc/thread-self/root/proc/self/root/proc/self/cwd/public/src/sass/layouts HTTP/2.0" 200 2798 "-" "Mozilla/5.0 AppleWebKit/537.36 (KHTML, like Gecko; compatible; GPTBot/1.2; +https://openai.com/gptbot)" 55 **0/55255**
20.171.207.207 - - [11/Sep/2025:05:44:50 -0700] "GET /privacy-policy/privacy-policy.html?path=//lib/tmpfiles.d&viewfile=//lib/tmpfiles.d/x11.conf HTTP/2.0" 200 2720 "-" "Mozilla/5.0 AppleWebKit/537.36 (KHTML, like Gecko; compatible; GPTBot/1.2; +https://openai.com/gptbot)" 46 **0/46308**
66.249.73.129 - - [11/Sep/2025:05:44:50 -0700] "GET /products/1302413 HTTP/1.1" 200 6216 "-" "Mozilla/5.0 (Linux; Android 6.0.1; Nexus 5X Build/MMB29P) AppleWebKit/537.36 (KHTML, like Gecko) Chrome/139.0.7258.154 Mobile Safari/537.36 (compatible; Googlebot/2.1; +http://www.google.com/bot.html)" 52 **0/52742**
20.171.207.207 - - [11/Sep/2025:05:44:51 -0700] "GET /privacy-policy/privacy-policy.html?path=//lib/tmpfiles.d&viewfile=//lib/tmpfiles.d/journal-nocow.conf HTTP/2.0" 200 2917 "-" "Mozilla/5.0 AppleWebKit/537.36 (KHTML, like Gecko; compatible; GPTBot/1.2; +https://openai.com/gptbot)" 35 **0/35207**
20.171.207.229 - - [11/Sep/2025:05:44:51 -0700] "GET /admin-post.php?path=//proc/self/root/proc/thread-self/root/proc/thread-self/root/proc/thread-self/root/proc/thread-self/root/proc/self/root/proc/self/cwd/public/src/sass/components HTTP/2.0" 200 3812 "-" "Mozilla/5.0 AppleWebKit/537.36 (KHTML, like Gecko; compatible; GPTBot/1.2; +https://openai.com/gptbot)" 52 **0/52890**
20.171.207.207 - - [11/Sep/2025:05:44:52 -0700] "GET /privacy-policy/privacy-policy.html?path=//lib/tmpfiles.d&viewfile=//lib/tmpfiles.d/puppet-agent.conf HTTP/2.0" 200 2438 "-" "Mozilla/5.0 AppleWebKit/537.36 (KHTML, like Gecko; compatible; GPTBot/1.2; +https://openai.com/gptbot)" 56 **0/56080**
66.249.73.129 - - [11/Sep/2025:05:44:53 -0700] "GET /products/27439657 HTTP/1.1" 200 6216 "-" "Mozilla/5.0 (Linux; Android 6.0.1; Nexus 5X Build/MMB29P) AppleWebKit/537.36 (KHTML, like Gecko) Chrome/139.0.7258.154 Mobile Safari/537.36 (compatible; Googlebot/2.1; +http://www.google.com/bot.html)" 43 **0/43875**
20.171.207.207 - - [11/Sep/2025:05:44:54 -0700] "GET /privacy-policy/privacy-policy.html?path=//lib/tmpfiles.d&viewfile=//lib/tmpfiles.d/selinux-policy.conf HTTP/2.0" 200 2485 "-" "Mozilla/5.0 AppleWebKit/537.36 (KHTML, like Gecko; compatible; GPTBot/1.2; +https://openai.com/gptbot)" 43 **0/43138**
20.171.207.229 - - [11/Sep/2025:05:44:54 -0700] "GET /admin-post.php?path=//proc/self/root/proc/thread-self/root/proc/thread-self/root/proc/thread-self/root/proc/thread-self/root/proc/self/root/proc/self/cwd/public/src/template-builder/contents/sidebar HTTP/2.0" 200 2847 "-" "Mozilla/5.0 AppleWebKit/537.36 (KHTML, like Gecko; compatible; GPTBot/1.2; +https://openai.com/gptbot)" 50 **0/50369**
157.55.39.195 - - [11/Sep/2025:05:44:55 -0700] "GET /products/23109435 HTTP/2.0" 200 6216 "-" "Mozilla/5.0 AppleWebKit/537.36 (KHTML, like Gecko; compatible; bingbot/2.0; +http://www.bing.com/bingbot.htm) Chrome/116.0.1938.76 Safari/537.36" 54 **0/54965**
20.171.207.207 - - [11/Sep/2025:05:44:55 -0700] "GET /program/index.php?path=/home/o5t6x7pgljbm/public_html/600billionaires.com/wp-includes/rest-api/search&viewfile=/home/o5t6x7pgljbm/public_html/600billionaires.com/wp-includes/rest-api/search/class-wp-rest-post-format-search-handler.php HTTP/2.0" 200 3639 "-" "Mozilla/5.0 AppleWebKit/537.36 (KHTML, like Gecko; compatible; GPTBot/1.2; +https://openai.com/gptbot)" 39 **0/39954**
20.171.207.229 - - [11/Sep/2025:05:44:56 -0700] "GET /admin-post.php?path=//proc/self/root/proc/thread-self/root/proc/thread-self/root/proc/thread-self/root/proc/thread-self/root/proc/self/root/proc/self/cwd/public/src/sass/theme-components HTTP/2.0" 200 3531 "-" "Mozilla/5.0 AppleWebKit/537.36 (KHTML, like Gecko; compatible; GPTBot/1.2; +https://openai.com/gptbot)" 52 **0/52649**
20.171.207.207 - - [11/Sep/2025:05:44:56 -0700] "GET /privacy-policy/privacy-policy.html?path=//lib/rpm/redhat&viewfile=//lib/rpm/redhat/config.guess HTTP/2.0" 200 15351 "-" "Mozilla/5.0 AppleWebKit/537.36 (KHTML, like Gecko; compatible; GPTBot/1.2; +https://openai.com/gptbot)" 59 **0/59622**
216.73.216.124 - - [11/Sep/2025:05:44:56 -0700] "GET /products/13146857?path=%2Fhome%2Fo5t6x7pgljbm%2Fpublic_html%2Fvendor%2Fphpunit%2Fphpunit%2Fsrc%2FUtil&viewfile=%2Fhome%2Fo5t6x7pgljbm%2Fpublic_html%2Fvendor%2Fphpunit%2Fphpunit%2Fsrc%2FUtil%2FTest.php HTTP/2.0" 200 7295 "-" "Mozilla/5.0 AppleWebKit/537.36 (KHTML, like Gecko; compatible; ClaudeBot/1.0; +claudebot@anthropic.com)" 56 **0/56321**
216.73.216.124 - - [11/Sep/2025:05:44:56 -0700] "GET /products/25214035?path=%2Fhome%2Fo5t6x7pgljbm%2Fpublic_html%2Fbecourage.org%2Fwp-includes%2FSimplePie%2Fsrc%2FHTTP&viewfile=%2Fhome%2Fo5t6x7pgljbm%2Fpublic_html%2Fbecourage.org%2Fwp-includes%2FSimplePie%2Fsrc%2FHTTP%2FParser.php HTTP/2.0" 200 6103 "-" "Mozilla/5.0 AppleWebKit/537.36 (KHTML, like Gecko; compatible; ClaudeBot/1.0; +claudebot@anthropic.com)" 46 **0/46919**
216.73.216.124 - - [11/Sep/2025:05:44:57 -0700] "GET /products/13146857?path=%2Fhome%2Fo5t6x7pgljbm%2Fpublic_html%2Fvendor%2Fphpunit%2Fphpunit%2Fsrc%2FUtil&viewfile=%2Fhome%2Fo5t6x7pgljbm%2Fpublic_html%2Fvendor%2Fphpunit%2Fphpunit%2Fsrc%2FUtil%2FFilesystem.php HTTP/2.0" 200 2987 "-" "Mozilla/5.0 AppleWebKit/537.36 (KHTML, like Gecko; compatible; ClaudeBot/1.0; +claudebot@anthropic.com)" 46 **0/46991**
20.171.207.207 - - [11/Sep/2025:05:44:57 -0700] "GET /privacy-policy/privacy-policy.html?path=//lib/rpm/redhat&viewfile=//lib/rpm/redhat/gpgverify HTTP/2.0" 200 3897 "-" "Mozilla/5.0 AppleWebKit/537.36 (KHTML, like Gecko; compatible; GPTBot/1.2; +https://openai.com/gptbot)" 49 **0/49664**
216.73.216.124 - - [11/Sep/2025:05:44:57 -0700] "GET /products/13146857?path=%2Fhome%2Fo5t6x7pgljbm%2Fpublic_html%2Fvendor%2Fphpunit%2Fphpunit%2Fsrc%2FUtil&viewfile=%2Fhome%2Fo5t6x7pgljbm%2Fpublic_html%2Fvendor%2Fphpunit%2Fphpunit%2Fsrc%2FUtil%2FException.php HTTP/2.0" 200 2773 "-" "Mozilla/5.0 AppleWebKit/537.36 (KHTML, like Gecko; compatible; ClaudeBot/1.0; +claudebot@anthropic.com)" 60 **0/60110**
20.171.207.229 - - [11/Sep/2025:05:44:57 -0700] "GET /admin-post.php?path=//proc/self/root/proc/thread-self/root/proc/thread-self/root/proc/thread-self/root/proc/thread-self/root/proc/self/root/proc/self/cwd/public/src/sass/themes HTTP/2.0" 200 3119 "-" "Mozilla/5.0 AppleWebKit/537.36 (KHTML, like Gecko; compatible; GPTBot/1.2; +https://openai.com/gptbot)" 57 **0/57877**
216.73.216.124 - - [11/Sep/2025:05:44:58 -0700] "GET /products/13146857?path=%2Fhome%2Fo5t6x7pgljbm%2Fpublic_html%2Fvendor%2Fphpunit%2Fphpunit%2Fsrc%2FUtil&viewfile=%2Fhome%2Fo5t6x7pgljbm%2Fpublic_html%2Fvendor%2Fphpunit%2Fphpunit%2Fsrc%2FUtil%2FGlobalState.php HTTP/2.0" 200 4079 "-" "Mozilla/5.0 AppleWebKit/537.36 (KHTML, like Gecko; compatible; ClaudeBot/1.0; +claudebot@anthropic.com)" 54 **0/54416**
20.171.207.207 - - [11/Sep/2025:05:44:58 -0700] "GET /privacy-policy/privacy-policy.html?path=//opt/alt/openldap11/etc HTTP/2.0" 200 2558 "-" "Mozilla/5.0 AppleWebKit/537.36 (KHTML, like Gecko; compatible; GPTBot/1.2; +https://openai.com/gptbot)" 40 **0/40541**
216.73.216.124 - - [11/Sep/2025:05:44:58 -0700] "GET /products/13146857?path=%2Fhome%2Fo5t6x7pgljbm%2Fpublic_html%2Fvendor%2Fphar-io%2Fversion%2Fsrc%2Fconstraints&viewfile=%2Fhome%2Fo5t6x7pgljbm%2Fpublic_html%2Fvendor%2Fphar-io%2Fversion%2Fsrc%2Fconstraints%2FOrVersionConstraintGroup.php HTTP/2.0" 200 2943 "-" "Mozilla/5.0 AppleWebKit/537.36 (KHTML, like Gecko; compatible; ClaudeBot/1.0; +claudebot@anthropic.com)" 44 **0/44283**
216.73.216.124 - - [11/Sep/2025:05:44:59 -0700] "GET /products/13146857?path=%2Fhome%2Fo5t6x7pgljbm%2Fpublic_html%2Fvendor%2Fphpunit%2Fphpunit%2Fsrc%2FUtil&viewfile=%2Fhome%2Fo5t6x7pgljbm%2Fpublic_html%2Fvendor%2Fphpunit%2Fphpunit%2Fsrc%2FUtil%2FXmlTestListRenderer.php HTTP/2.0" 200 3313 "-" "Mozilla/5.0 AppleWebKit/537.36 (KHTML, like Gecko; compatible; ClaudeBot/1.0; +claudebot@anthropic.com)" 46 **0/46505**
20.171.207.229 - - [11/Sep/2025:05:44:59 -0700] "GET /admin-post.php?path=//proc/self/root/proc/thread-self/root/proc/thread-self/root/proc/thread-self/root/proc/thread-self/root/proc/self/root/proc/self/cwd/public/src/sass/custom HTTP/2.0" 200 2793 "-" "Mozilla/5.0 AppleWebKit/537.36 (KHTML, like Gecko; compatible; GPTBot/1.2; +https://openai.com/gptbot)" 53 **0/53369**
216.73.216.124 - - [11/Sep/2025:05:44:59 -0700] "GET /products/13146857?path=%2Fhome%2Fo5t6x7pgljbm%2Fpublic_html%2Fvendor%2Fphpunit%2Fphpunit%2Fsrc%2FUtil&viewfile=%2Fhome%2Fo5t6x7pgljbm%2Fpublic_html%2Fvendor%2Fphpunit%2Fphpunit%2Fsrc%2FUtil%2FExcludeList.php HTTP/2.0" 200 4192 "-" "Mozilla/5.0 AppleWebKit/537.36 (KHTML, like Gecko; compatible; ClaudeBot/1.0; +claudebot@anthropic.com)" 66 **0/66405**
20.171.207.207 - - [11/Sep/2025:05:44:59 -0700] "GET /adminer/index.php?path=/home/o5t6x7pgljbm/public_html/600billionaires.com/wp-includes/rest-api/search&viewfile=/home/o5t6x7pgljbm/public_html/600billionaires.com/wp-includes/rest-api/search/class-wp-rest-term-search-handler.php HTTP/2.0" 200 3976 "-" "Mozilla/5.0 AppleWebKit/537.36 (KHTML, like Gecko; compatible; GPTBot/1.2; +https://openai.com/gptbot)" 53 **0/53222**
216.73.216.124 - - [11/Sep/2025:05:44:59 -0700] "GET /products/13146857?path=%2Fhome%2Fo5t6x7pgljbm%2Fpublic_html%2Fvendor%2Fphpunit%2Fphpunit%2Fsrc%2FUtil&viewfile=%2Fhome%2Fo5t6x7pgljbm%2Fpublic_html%2Fvendor%2Fphpunit%2Fphpunit%2Fsrc%2FUtil%2FReflection.php HTTP/2.0" 200 3083 "-" "Mozilla/5.0 AppleWebKit/537.36 (KHTML, like Gecko; compatible; ClaudeBot/1.0; +claudebot@anthropic.com)" 76 **0/76871**
66.249.73.129 - - [11/Sep/2025:05:44:59 -0700] "GET /products/27945946 HTTP/1.1" 200 6216 "-" "Mozilla/5.0 (Linux; Android 6.0.1; Nexus 5X Build/MMB29P) AppleWebKit/537.36 (KHTML, like Gecko) Chrome/139.0.7258.154 Mobile Safari/537.36 (compatible; Googlebot/2.1; +http://www.google.com/bot.html)" 56 **0/56227**
216.73.216.124 - - [11/Sep/2025:05:45:00 -0700] "GET /products/13146857?path=%2Fhome%2Fo5t6x7pgljbm%2Fpublic_html%2Fvendor%2Fphar-io%2Fversion%2Fsrc%2Fconstraints&viewfile=%2Fhome%2Fo5t6x7pgljbm%2Fpublic_html%2Fvendor%2Fphar-io%2Fversion%2Fsrc%2Fconstraints%2FAnyVersionConstraint.php HTTP/2.0" 200 2812 "-" "Mozilla/5.0 AppleWebKit/537.36 (KHTML, like Gecko; compatible; ClaudeBot/1.0; +claudebot@anthropic.com)" 64 **0/64224**
216.73.216.124 - - [11/Sep/2025:05:45:00 -0700] "GET /products/13146857?path=%2Fhome%2Fo5t6x7pgljbm%2Fpublic_html%2Fvendor%2Fphar-io%2Fversion%2Fsrc%2Fconstraints&viewfile=%2Fhome%2Fo5t6x7pgljbm%2Fpublic_html%2Fvendor%2Fphar-io%2Fversion%2Fsrc%2Fconstraints%2FExactVersionConstraint.php HTTP/2.0" 200 2867 "-" "Mozilla/5.0 AppleWebKit/537.36 (KHTML, like Gecko; compatible; ClaudeBot/1.0; +claudebot@anthropic.com)" 44 **0/44696**
216.73.216.124 - - [11/Sep/2025:05:45:00 -0700] "GET /products/13146857?path=%2Fhome%2Fo5t6x7pgljbm%2Fpublic_html%2Fvendor%2Fphpunit%2Fphpunit%2Fsrc%2FUtil&viewfile=%2Fhome%2Fo5t6x7pgljbm%2Fpublic_html%2Fvendor%2Fphpunit%2Fphpunit%2Fsrc%2FUtil%2FRegularExpression.php HTTP/2.0" 200 2882 "-" "Mozilla/5.0 AppleWebKit/537.36 (KHTML, like Gecko; compatible; ClaudeBot/1.0; +claudebot@anthropic.com)" 66 **0/66300**
20.171.207.207 - - [11/Sep/2025:05:45:01 -0700] "GET /program/index.php?path=/home/o5t6x7pgljbm/public_html/600billionaires.com/wp-includes/rest-api/search&viewfile=/home/o5t6x7pgljbm/public_html/600billionaires.com/wp-includes/rest-api/search/class-wp-rest-term-search-handler.php HTTP/2.0" 200 3976 "-" "Mozilla/5.0 AppleWebKit/537.36 (KHTML, like Gecko; compatible; GPTBot/1.2; +https://openai.com/gptbot)" 64 **0/64661**
216.73.216.124 - - [11/Sep/2025:05:45:01 -0700] "GET /products/13146857?path=%2Fhome%2Fo5t6x7pgljbm%2Fpublic_html%2Fvendor%2Fphar-io%2Fversion%2Fsrc%2Fconstraints&viewfile=%2Fhome%2Fo5t6x7pgljbm%2Fpublic_html%2Fvendor%2Fphar-io%2Fversion%2Fsrc%2Fconstraints%2FVersionConstraint.php HTTP/2.0" 200 2783 "-" "Mozilla/5.0 AppleWebKit/537.36 (KHTML, like Gecko; compatible; ClaudeBot/1.0; +claudebot@anthropic.com)" 58 **0/58918**
20.171.207.229 - - [11/Sep/2025:05:45:01 -0700] "GET /admin-post.php?path=//proc/self/root/proc/thread-self/root/proc/thread-self/root/proc/thread-self/root/proc/thread-self/root/proc/self/root/proc/self/cwd/public/src/template-builder/templates/sections HTTP/2.0" 200 3022 "-" "Mozilla/5.0 AppleWebKit/537.36 (KHTML, like Gecko; compatible; GPTBot/1.2; +https://openai.com/gptbot)" 56 **0/56930**
216.73.216.124 - - [11/Sep/2025:05:45:01 -0700] "GET /products/13146857?path=%2Fhome%2Fo5t6x7pgljbm%2Fpublic_html%2Fvendor%2Fphar-io%2Fversion%2Fsrc%2Fconstraints&viewfile=%2Fhome%2Fo5t6x7pgljbm%2Fpublic_html%2Fvendor%2Fphar-io%2Fversion%2Fsrc%2Fconstraints%2FAndVersionConstraintGroup.php HTTP/2.0" 200 2936 "-" "Mozilla/5.0 AppleWebKit/537.36 (KHTML, like Gecko; compatible; ClaudeBot/1.0; +claudebot@anthropic.com)" 60 **0/60710**
216.73.216.124 - - [11/Sep/2025:05:45:01 -0700] "GET /products/13146857?path=%2Fhome%2Fo5t6x7pgljbm%2Fpublic_html%2Fvendor%2Fphpunit%2Fphpunit%2Fsrc%2FTextUI&viewfile=%2Fhome%2Fo5t6x7pgljbm%2Fpublic_html%2Fvendor%2Fphpunit%2Fphpunit%2Fsrc%2FTextUI%2FResultPrinter.php HTTP/2.0" 200 2833 "-" "Mozilla/5.0 AppleWebKit/537.36 (KHTML, like Gecko; compatible; ClaudeBot/1.0; +claudebot@anthropic.com)" 85 **0/85738**
216.73.216.124 - - [11/Sep/2025:05:45:01 -0700] "GET /products/13146857?path=%2Fhome%2Fo5t6x7pgljbm%2Fpublic_html%2Fvendor%2Fphpunit%2Fphpunit%2Fsrc%2FTextUI&viewfile=%2Fhome%2Fo5t6x7pgljbm%2Fpublic_html%2Fvendor%2Fphpunit%2Fphpunit%2Fsrc%2FTextUI%2FTestSuiteMapper.php HTTP/2.0" 200 3459 "-" "Mozilla/5.0 AppleWebKit/537.36 (KHTML, like Gecko; compatible; ClaudeBot/1.0; +claudebot@anthropic.com)" 93 **0/93120**
216.73.216.124 - - [11/Sep/2025:05:45:02 -0700] "GET /products/13146857?path=%2Fhome%2Fo5t6x7pgljbm%2Fpublic_html%2Fvendor%2Fphpunit%2Fphpunit%2Fsrc%2FUtil&viewfile=%2Fhome%2Fo5t6x7pgljbm%2Fpublic_html%2Fvendor%2Fphpunit%2Fphpunit%2Fsrc%2FUtil%2FFileLoader.php HTTP/2.0" 200 3469 "-" "Mozilla/5.0 AppleWebKit/537.36 (KHTML, like Gecko; compatible; ClaudeBot/1.0; +claudebot@anthropic.com)" 247 **0/247770**
20.171.207.207 - - [11/Sep/2025:05:45:02 -0700] "GET /adminer/index.php?path=/home/o5t6x7pgljbm/public_html/600billionaires.com/wp-includes/rest-api/search&viewfile=/home/o5t6x7pgljbm/public_html/600billionaires.com/wp-includes/rest-api/search/class-wp-rest-search-handler.php HTTP/2.0" 200 3176 "-" "Mozilla/5.0 AppleWebKit/537.36 (KHTML, like Gecko; compatible; GPTBot/1.2; +https://openai.com/gptbot)" 276 **0/276347**
20.171.207.229 - - [11/Sep/2025:05:45:02 -0700] "GET /admin-post.php?path=//proc/self/root/proc/thread-self/root/proc/thread-self/root/proc/thread-self/root/proc/thread-self/root/proc/self/root/proc/self/cwd/public/src/template-builder/contents/partials HTTP/2.0" 200 2858 "-" "Mozilla/5.0 AppleWebKit/537.36 (KHTML, like Gecko; compatible; GPTBot/1.2; +https://openai.com/gptbot)" 127 **0/127079**
20.171.207.207 - - [11/Sep/2025:05:45:03 -0700] "GET /program/index.php?path=/home/o5t6x7pgljbm/public_html/600billionaires.com/wp-includes/rest-api/search&viewfile=/home/o5t6x7pgljbm/public_html/600billionaires.com/wp-includes/rest-api/search/class-wp-rest-search-handler.php HTTP/2.0" 200 3176 "-" "Mozilla/5.0 AppleWebKit/537.36 (KHTML, like Gecko; compatible; GPTBot/1.2; +https://openai.com/gptbot)" 112 **0/112817**
20.171.207.229 - - [11/Sep/2025:05:45:04 -0700] "GET /admin-post.php?path=//proc/self/root/proc/thread-self/root/proc/thread-self/root/proc/thread-self/root/proc/thread-self/root/proc/self/root/proc/self/cwd/public/src/template-builder/templates/starter-kit HTTP/2.0" 200 2940 "-" "Mozilla/5.0 AppleWebKit/537.36 (KHTML, like Gecko; compatible; GPTBot/1.2; +https://openai.com/gptbot)" 92 **0/92579**
66.249.73.129 - - [11/Sep/2025:05:45:04 -0700] "GET /products/26248946 HTTP/1.1" 200 6216 "-" "Mozilla/5.0 (Linux; Android 6.0.1; Nexus 5X Build/MMB29P) AppleWebKit/537.36 (KHTML, like Gecko) Chrome/139.0.7258.154 Mobile Safari/537.36 (compatible; Googlebot/2.1; +http://www.google.com/bot.html)" 73 **0/73330**
20.171.207.207 - - [11/Sep/2025:05:45:04 -0700] "GET /privacy-policy/privacy-policy.html?path=//lib/debug/bin HTTP/2.0" 200 2265 "-" "Mozilla/5.0 AppleWebKit/537.36 (KHTML, like Gecko; compatible; GPTBot/1.2; +https://openai.com/gptbot)" 66 **0/66388**
20.171.207.207 - - [11/Sep/2025:05:45:05 -0700] "GET /privacy-policy/privacy-policy.html?path=//lib/debug/lib HTTP/2.0" 200 2258 "-" "Mozilla/5.0 AppleWebKit/537.36 (KHTML, like Gecko; compatible; GPTBot/1.2; +https://openai.com/gptbot)" 46 **0/46854**
20.171.207.229 - - [11/Sep/2025:05:45:05 -0700] "GET /admin-post.php?path=//proc/self/root/proc/thread-self/root/proc/thread-self/root/proc/thread-self/root/proc/thread-self/root/proc/self/root/proc/thread-self/cwd/admin/vendor/santigarcor/laratrust/public/img HTTP/2.0" 200 2804 "-" "Mozilla/5.0 AppleWebKit/537.36 (KHTML, like Gecko; compatible; GPTBot/1.2; +https://openai.com/gptbot)" 71 **0/71889**
20.171.207.207 - - [11/Sep/2025:05:45:06 -0700] "GET /privacy-policy/privacy-policy.html?path=//lib/rpm/redhat&viewfile=//lib/rpm/redhat/brp-mangle-shebangs HTTP/2.0" 200 3969 "-" "Mozilla/5.0 AppleWebKit/537.36 (KHTML, like Gecko; compatible; GPTBot/1.2; +https://openai.com/gptbot)" 53 **0/53403**
20.171.207.229 - - [11/Sep/2025:05:45:07 -0700] "GET /admin-post.php?path=//proc/self/root/proc/thread-self/root/proc/thread-self/root/proc/thread-self/root/proc/thread-self/root/proc/self/root/proc/self/cwd/public/src/template-builder/pages/starter-kit HTTP/2.0" 200 2888 "-" "Mozilla/5.0 AppleWebKit/537.36 (KHTML, like Gecko; compatible; GPTBot/1.2; +https://openai.com/gptbot)" 72 **0/72096**
20.171.207.207 - - [11/Sep/2025:05:45:08 -0700] "GET /privacy-policy/privacy-policy.html?path=//lib/tmpfiles.d&viewfile=//lib/tmpfiles.d/portables.conf HTTP/2.0" 200 2468 "-" "Mozilla/5.0 AppleWebKit/537.36 (KHTML, like Gecko; compatible; GPTBot/1.2; +https://openai.com/gptbot)" 53 **0/53690**
