216.73.216.124 - - [11/Sep/2025:05:27:10 -0700] "GET /products/25214035?path=%2Fhome%2Fo5t6x7pgljbm%2Fpublic_html%2Fwp-content%2Fplugins%2Felementor-pro%2Fmodules%2Fcustom-css%2Fadmin-menu-items HTTP/2.0" 403 6216 "-" "Mozilla/5.0 AppleWebKit/537.36 (KHTML, like Gecko; compatible; ClaudeBot/1.0; +claudebot@anthropic.com)" 122 **0/122504**
216.73.216.124 - - [11/Sep/2025:05:27:10 -0700] "GET /index.php?path=%2Fhome%2Fo5t6x7pgljbm%2Fpublic_html%2Fwp-includes%2Fjs%2Fdist%2Fvendor&viewfile=%2Fhome%2Fo5t6x7pgljbm%2Fpublic_html%2Fwp-includes%2Fjs%2Fdist%2Fvendor%2Fwp-polyfill-dom-rect.min.js HTTP/2.0" 403 6216 "-" "Mozilla/5.0 AppleWebKit/537.36 (KHTML, like Gecko; compatible; ClaudeBot/1.0; +claudebot@anthropic.com)" 68 **0/68959**
216.73.216.124 - - [11/Sep/2025:05:27:10 -0700] "GET /products/13146857?path=%2Fhome%2Fo5t6x7pgljbm%2Fpublic_html%2Fvendor%2Fspatie%2Flaravel-ignition%2Fsrc%2FSupport&viewfile=%2Fhome%2Fo5t6x7pgljbm%2Fpublic_html%2Fvendor%2Fspatie%2Flaravel-ignition%2Fsrc%2FSupport%2FLaravelVersion.php HTTP/2.0" 403 6216 "-" "Mozilla/5.0 AppleWebKit/537.36 (KHTML, like Gecko; compatible; ClaudeBot/1.0; +claudebot@anthropic.com)" 57 **0/57797**
216.73.216.124 - - [11/Sep/2025:05:27:11 -0700] "GET /products/13146857?path=%2Fhome%2Fo5t6x7pgljbm%2Fpublic_html%2Fvendor%2Fspatie%2Flaravel-ignition%2Fsrc%2FSupport&viewfile=%2Fhome%2Fo5t6x7pgljbm%2Fpublic_html%2Fvendor%2Fspatie%2Flaravel-ignition%2Fsrc%2FSupport%2FStringComparator.php HTTP/2.0" 403 6216 "-" "Mozilla/5.0 AppleWebKit/537.36 (KHTML, like Gecko; compatible; ClaudeBot/1.0; +claudebot@anthropic.com)" 55 **0/55392**
57.141.2.12 - - [11/Sep/2025:05:27:11 -0700] "GET /shopdetail/28752194032 HTTP/2.0" 200 157330 "-" "meta-externalagent/1.1 (+https://developers.facebook.com/docs/sharing/webmasters/crawler)" 53 **0/53215**
216.73.216.124 - - [11/Sep/2025:05:27:11 -0700] "GET /index.php?path=%2Fhome%2Fo5t6x7pgljbm%2Fpublic_html%2Fwp-includes%2Fjs%2Fdist%2Fvendor&viewfile=%2Fhome%2Fo5t6x7pgljbm%2Fpublic_html%2Fwp-includes%2Fjs%2Fdist%2Fvendor%2Fwp-polyfill-element-closest.min.js HTTP/2.0" 403 6216 "-" "Mozilla/5.0 AppleWebKit/537.36 (KHTML, like Gecko; compatible; ClaudeBot/1.0; +claudebot@anthropic.com)" 56 **0/56099**
216.73.216.124 - - [11/Sep/2025:05:27:11 -0700] "GET /index.php?path=%2Fhome%2Fo5t6x7pgljbm%2Fpublic_html%2Fwp-includes%2Fjs%2Fdist%2Fvendor&viewfile=%2Fhome%2Fo5t6x7pgljbm%2Fpublic_html%2Fwp-includes%2Fjs%2Fdist%2Fvendor%2Fregenerator-runtime.min.js HTTP/2.0" 403 6216 "-" "Mozilla/5.0 AppleWebKit/537.36 (KHTML, like Gecko; compatible; ClaudeBot/1.0; +claudebot@anthropic.com)" 49 **0/49537**
216.73.216.124 - - [11/Sep/2025:05:27:11 -0700] "GET /index.php?path=%2Fhome%2Fo5t6x7pgljbm%2Fpublic_html%2Fwp-includes%2Fjs%2Fdist%2Fvendor&viewfile=%2Fhome%2Fo5t6x7pgljbm%2Fpublic_html%2Fwp-includes%2Fjs%2Fdist%2Fvendor%2Fwp-polyfill-importmap.min.js HTTP/2.0" 403 6216 "-" "Mozilla/5.0 AppleWebKit/537.36 (KHTML, like Gecko; compatible; ClaudeBot/1.0; +claudebot@anthropic.com)" 54 **0/54828**
20.171.207.207 - - [11/Sep/2025:05:27:11 -0700] "GET /school-access?path=/home/o5t6x7pgljbm/public_html/rewardsforeducation.com/wp-includes&viewfile=/home/o5t6x7pgljbm/public_html/rewardsforeducation.com/wp-includes/ms-load.php HTTP/2.0" 200 8577 "-" "Mozilla/5.0 AppleWebKit/537.36 (KHTML, like Gecko; compatible; GPTBot/1.2; +https://openai.com/gptbot)" 54 **0/54538**
216.73.216.124 - - [11/Sep/2025:05:27:11 -0700] "GET /index.php?path=%2Fhome%2Fo5t6x7pgljbm%2Fpublic_html%2Fwp-includes%2Fjs%2Fdist%2Fvendor&viewfile=%2Fhome%2Fo5t6x7pgljbm%2Fpublic_html%2Fwp-includes%2Fjs%2Fdist%2Fvendor%2Freact-dom.min.js HTTP/2.0" 403 6216 "-" "Mozilla/5.0 AppleWebKit/537.36 (KHTML, like Gecko; compatible; ClaudeBot/1.0; +claudebot@anthropic.com)" 82 **0/82931**
216.73.216.124 - - [11/Sep/2025:05:27:11 -0700] "GET /index.php?path=%2Fhome%2Fo5t6x7pgljbm%2Fpublic_html%2Fwp-includes%2Fjs%2Fdist%2Fvendor&viewfile=%2Fhome%2Fo5t6x7pgljbm%2Fpublic_html%2Fwp-includes%2Fjs%2Fdist%2Fvendor%2Fmoment.js HTTP/2.0" 403 6216 "-" "Mozilla/5.0 AppleWebKit/537.36 (KHTML, like Gecko; compatible; ClaudeBot/1.0; +claudebot@anthropic.com)" 59 **0/59567**
66.249.73.131 - - [11/Sep/2025:05:27:11 -0700] "GET /products/3428346 HTTP/1.1" 200 6216 "-" "Mozilla/5.0 (Linux; Android 6.0.1; Nexus 5X Build/MMB29P) AppleWebKit/537.36 (KHTML, like Gecko) Chrome/139.0.7258.154 Mobile Safari/537.36 (compatible; Googlebot/2.1; +http://www.google.com/bot.html)" 73 **0/73622**
20.171.207.229 - - [11/Sep/2025:05:27:11 -0700] "GET /admin-post.php?path=//proc/self/root/proc/thread-self/root/proc/thread-self/root/proc/thread-self/root/proc/thread-self/root/proc/self/root/proc/self/root/proc/thread-self/cwd/old/vendor/psr/http-client/src HTTP/2.0" 200 2922 "-" "Mozilla/5.0 AppleWebKit/537.36 (KHTML, like Gecko; compatible; GPTBot/1.2; +https://openai.com/gptbot)" 47 **0/47274**
20.171.207.207 - - [11/Sep/2025:05:27:12 -0700] "GET /school-access?path=/home/o5t6x7pgljbm/public_html/rewardsforeducation.com/wp-includes&viewfile=/home/o5t6x7pgljbm/public_html/rewardsforeducation.com/wp-includes/rest-api.php HTTP/2.0" 200 23336 "-" "Mozilla/5.0 AppleWebKit/537.36 (KHTML, like Gecko; compatible; GPTBot/1.2; +https://openai.com/gptbot)" 56 **0/56019**
66.249.73.132 - - [11/Sep/2025:05:27:13 -0700] "GET /products/1904702 HTTP/1.1" 200 6216 "-" "Mozilla/5.0 (Linux; Android 6.0.1; Nexus 5X Build/MMB29P) AppleWebKit/537.36 (KHTML, like Gecko) Chrome/139.0.7258.154 Mobile Safari/537.36 (compatible; Googlebot/2.1; +http://www.google.com/bot.html)" 39 **0/39717**
66.249.73.131 - - [11/Sep/2025:05:27:13 -0700] "GET /products/26289468 HTTP/1.1" 200 6216 "-" "Mozilla/5.0 (Linux; Android 6.0.1; Nexus 5X Build/MMB29P) AppleWebKit/537.36 (KHTML, like Gecko) Chrome/139.0.7258.154 Mobile Safari/537.36 (compatible; Googlebot/2.1; +http://www.google.com/bot.html)" 49 **0/49975**
20.171.207.229 - - [11/Sep/2025:05:27:13 -0700] "GET /admin-post.php?path=//proc/self/root/proc/thread-self/root/proc/thread-self/root/proc/thread-self/root/proc/thread-self/root/proc/self/root/proc/self/root/proc/self/root/proc/thread-self/cwd/old/vendor/ramsey/collection/src HTTP/2.0" 200 3391 "-" "Mozilla/5.0 AppleWebKit/537.36 (KHTML, like Gecko; compatible; GPTBot/1.2; +https://openai.com/gptbot)" 51 **0/51642**
20.171.207.207 - - [11/Sep/2025:05:27:13 -0700] "GET /school-access?path=/home/o5t6x7pgljbm/public_html/rewardsforeducation.com/wp-includes&viewfile=/home/o5t6x7pgljbm/public_html/rewardsforeducation.com/wp-includes/post-template.php HTTP/2.0" 200 18744 "-" "Mozilla/5.0 AppleWebKit/537.36 (KHTML, like Gecko; compatible; GPTBot/1.2; +https://openai.com/gptbot)" 58 **0/58858**
66.249.73.129 - - [11/Sep/2025:05:27:14 -0700] "GET /products/27842580 HTTP/1.1" 200 6216 "-" "Mozilla/5.0 (Linux; Android 6.0.1; Nexus 5X Build/MMB29P) AppleWebKit/537.36 (KHTML, like Gecko) Chrome/139.0.7258.154 Mobile Safari/537.36 (compatible; Googlebot/2.1; +http://www.google.com/bot.html)" 61 **0/61621**
66.249.73.131 - - [11/Sep/2025:05:27:14 -0700] "GET /products/22969279 HTTP/1.1" 200 6216 "-" "Mozilla/5.0 (Linux; Android 6.0.1; Nexus 5X Build/MMB29P) AppleWebKit/537.36 (KHTML, like Gecko) Chrome/139.0.7258.154 Mobile Safari/537.36 (compatible; Googlebot/2.1; +http://www.google.com/bot.html)" 65 **0/65712**
20.171.207.207 - - [11/Sep/2025:05:27:14 -0700] "GET /school-access?path=/home/o5t6x7pgljbm/public_html/rewardsforeducation.com/wp-includes&viewfile=/home/o5t6x7pgljbm/public_html/rewardsforeducation.com/wp-includes/ms-files.php HTTP/2.0" 200 3598 "-" "Mozilla/5.0 AppleWebKit/537.36 (KHTML, like Gecko; compatible; GPTBot/1.2; +https://openai.com/gptbot)" 55 **0/55155**
20.171.207.229 - - [11/Sep/2025:05:27:14 -0700] "GET /admin-post.php?path=//proc/self/root/proc/thread-self/root/proc/thread-self/root/proc/thread-self/root/proc/thread-self/root/proc/self/root/proc/thread-self/root/proc/self/cwd/vendor/psr/log/src HTTP/2.0" 200 3035 "-" "Mozilla/5.0 AppleWebKit/537.36 (KHTML, like Gecko; compatible; GPTBot/1.2; +https://openai.com/gptbot)" 44 **0/44095**
66.249.73.131 - - [11/Sep/2025:05:27:15 -0700] "GET /products/20507591 HTTP/1.1" 200 6216 "-" "Mozilla/5.0 (Linux; Android 6.0.1; Nexus 5X Build/MMB29P) AppleWebKit/537.36 (KHTML, like Gecko) Chrome/139.0.7258.154 Mobile Safari/537.36 (compatible; Googlebot/2.1; +http://www.google.com/bot.html)" 59 **0/59974**
20.171.207.207 - - [11/Sep/2025:05:27:15 -0700] "GET /school-access?path=/home/o5t6x7pgljbm/public_html/rewardsforeducation.com/wp-includes/fonts HTTP/2.0" 200 3021 "-" "Mozilla/5.0 AppleWebKit/537.36 (KHTML, like Gecko; compatible; GPTBot/1.2; +https://openai.com/gptbot)" 59 **0/59579**
20.171.207.229 - - [11/Sep/2025:05:27:16 -0700] "GET /admin-post.php?path=//proc/self/root/proc/thread-self/root/proc/thread-self/root/proc/thread-self/root/proc/thread-self/root/proc/self/root/proc/thread-self/root/proc/self/cwd/vendor/psr/event-dispatcher/src HTTP/2.0" 200 2904 "-" "Mozilla/5.0 AppleWebKit/537.36 (KHTML, like Gecko; compatible; GPTBot/1.2; +https://openai.com/gptbot)" 45 **0/45967**
57.141.2.83 - - [11/Sep/2025:05:27:16 -0700] "GET /shopdetail/91535192624 HTTP/2.0" 200 157330 "-" "meta-externalagent/1.1 (+https://developers.facebook.com/docs/sharing/webmasters/crawler)" 59 **0/59785**
66.249.73.130 - - [11/Sep/2025:05:27:17 -0700] "GET /products/24473057 HTTP/1.1" 200 6216 "-" "Mozilla/5.0 (Linux; Android 6.0.1; Nexus 5X Build/MMB29P) AppleWebKit/537.36 (KHTML, like Gecko) Chrome/139.0.7258.154 Mobile Safari/537.36 (compatible; Googlebot/2.1; +http://www.google.com/bot.html)" 64 **0/64908**
20.171.207.207 - - [11/Sep/2025:05:27:17 -0700] "GET /school-access?path=/home/o5t6x7pgljbm/public_html/rewardsforeducation.com/wp-includes/blocks HTTP/2.0" 200 7145 "-" "Mozilla/5.0 AppleWebKit/537.36 (KHTML, like Gecko; compatible; GPTBot/1.2; +https://openai.com/gptbot)" 66 **0/66270**
66.249.73.131 - - [11/Sep/2025:05:27:17 -0700] "GET /products/23939235 HTTP/1.1" 200 6216 "-" "Mozilla/5.0 (Linux; Android 6.0.1; Nexus 5X Build/MMB29P) AppleWebKit/537.36 (KHTML, like Gecko) Chrome/139.0.7258.154 Mobile Safari/537.36 (compatible; Googlebot/2.1; +http://www.google.com/bot.html)" 65 **0/65772**
20.171.207.229 - - [11/Sep/2025:05:27:18 -0700] "GET /admin-post.php?path=//proc/self/root/proc/thread-self/root/proc/thread-self/root/proc/thread-self/root/proc/thread-self/root/proc/self/root/proc/self/root/proc/self/cwd/old/vendor/phar-io/version/src HTTP/2.0" 200 3171 "-" "Mozilla/5.0 AppleWebKit/537.36 (KHTML, like Gecko; compatible; GPTBot/1.2; +https://openai.com/gptbot)" 59 **0/59226**
20.171.207.207 - - [11/Sep/2025:05:27:18 -0700] "GET /school-access?path=/home/o5t6x7pgljbm/public_html/rewardsforeducation.com/wp-includes/images HTTP/2.0" 200 3621 "-" "Mozilla/5.0 AppleWebKit/537.36 (KHTML, like Gecko; compatible; GPTBot/1.2; +https://openai.com/gptbot)" 44 **0/44377**
66.249.73.131 - - [11/Sep/2025:05:27:18 -0700] "GET /products/25224313 HTTP/1.1" 200 6216 "-" "Mozilla/5.0 (Linux; Android 6.0.1; Nexus 5X Build/MMB29P) AppleWebKit/537.36 (KHTML, like Gecko) Chrome/139.0.7258.154 Mobile Safari/537.36 (compatible; Googlebot/2.1; +http://www.google.com/bot.html)" 47 **0/47431**
45.95.214.205 - - [11/Sep/2025:05:27:19 -0700] "GET /accesson.php HTTP/1.1" 200 7548 "-" "Mozilla/5.0 (Windows NT 10.0; Win64; x64; rv:81.0) Gecko/20100101 Firefox/81.0" 52 **0/52867**
20.171.207.207 - - [11/Sep/2025:05:27:19 -0700] "GET /school-access?path=/home/o5t6x7pgljbm/public_html/rewardsforeducation.com/wp-includes&viewfile=/home/o5t6x7pgljbm/public_html/rewardsforeducation.com/wp-includes/speculative-loading.php HTTP/2.0" 200 5127 "-" "Mozilla/5.0 AppleWebKit/537.36 (KHTML, like Gecko; compatible; GPTBot/1.2; +https://openai.com/gptbot)" 62 **0/62032**
66.249.73.130 - - [11/Sep/2025:05:27:19 -0700] "GET /products/27672068 HTTP/1.1" 200 6216 "-" "Mozilla/5.0 (Linux; Android 6.0.1; Nexus 5X Build/MMB29P) AppleWebKit/537.36 (KHTML, like Gecko) Chrome/139.0.7258.154 Mobile Safari/537.36 (compatible; Googlebot/2.1; +http://www.google.com/bot.html)" 53 **0/53926**
20.171.207.229 - - [11/Sep/2025:05:27:19 -0700] "GET /admin-post.php?path=//proc/self/root/proc/thread-self/root/proc/thread-self/root/proc/thread-self/root/proc/thread-self/root/proc/self/root/proc/self/root/proc/thread-self/cwd/old/resources/js HTTP/2.0" 200 2827 "-" "Mozilla/5.0 AppleWebKit/537.36 (KHTML, like Gecko; compatible; GPTBot/1.2; +https://openai.com/gptbot)" 58 **0/58797**
20.171.207.207 - - [11/Sep/2025:05:27:20 -0700] "GET /school-access?path=/home/o5t6x7pgljbm/public_html/rewardsforeducation.com/wp-includes&viewfile=/home/o5t6x7pgljbm/public_html/rewardsforeducation.com/wp-includes/ms-blogs.php HTTP/2.0" 200 8534 "-" "Mozilla/5.0 AppleWebKit/537.36 (KHTML, like Gecko; compatible; GPTBot/1.2; +https://openai.com/gptbot)" 64 **0/64551**
66.249.73.130 - - [11/Sep/2025:05:27:20 -0700] "GET /products/28215324 HTTP/1.1" 200 6216 "-" "Mozilla/5.0 (Linux; Android 6.0.1; Nexus 5X Build/MMB29P) AppleWebKit/537.36 (KHTML, like Gecko) Chrome/139.0.7258.154 Mobile Safari/537.36 (compatible; Googlebot/2.1; +http://www.google.com/bot.html)" 56 **0/56822**
20.171.207.229 - - [11/Sep/2025:05:27:20 -0700] "GET /admin-post.php?path=//proc/self/root/proc/thread-self/root/proc/thread-self/root/proc/thread-self/root/proc/thread-self/root/proc/self/root/proc/thread-self/root/proc/self/cwd/vendor/psr/http-factory/src HTTP/2.0" 200 2981 "-" "Mozilla/5.0 AppleWebKit/537.36 (KHTML, like Gecko; compatible; GPTBot/1.2; +https://openai.com/gptbot)" 50 **0/50560**
66.249.74.34 - - [11/Sep/2025:05:27:20 -0700] "GET /hikaru.php?shopdetail/17866279895 HTTP/1.1" 200 1 "-" "Mozilla/5.0 (Linux; Android 6.0.1; Nexus 5X Build/MMB29P) AppleWebKit/537.36 (KHTML, like Gecko) Chrome/139.0.7258.154 Mobile Safari/537.36 (compatible; Googlebot/2.1; +http://www.google.com/bot.html)" 20 **0/20141**
66.249.73.131 - - [11/Sep/2025:05:27:21 -0700] "GET /products/20201013 HTTP/1.1" 200 6216 "-" "Mozilla/5.0 (Linux; Android 6.0.1; Nexus 5X Build/MMB29P) AppleWebKit/537.36 (KHTML, like Gecko) Chrome/139.0.7258.154 Mobile Safari/537.36 (compatible; Googlebot/2.1; +http://www.google.com/bot.html)" 51 **0/51992**
66.249.73.129 - - [11/Sep/2025:05:27:21 -0700] "GET /products/25858713 HTTP/1.1" 200 6216 "-" "Mozilla/5.0 (Linux; Android 6.0.1; Nexus 5X Build/MMB29P) AppleWebKit/537.36 (KHTML, like Gecko) Chrome/139.0.7258.154 Mobile Safari/537.36 (compatible; Googlebot/2.1; +http://www.google.com/bot.html)" 64 **0/64724**
66.249.73.131 - - [11/Sep/2025:05:27:21 -0700] "GET /products/22325357 HTTP/1.1" 200 6216 "-" "Mozilla/5.0 (Linux; Android 6.0.1; Nexus 5X Build/MMB29P) AppleWebKit/537.36 (KHTML, like Gecko) Chrome/139.0.7258.154 Mobile Safari/537.36 (compatible; Googlebot/2.1; +http://www.google.com/bot.html)" 74 **0/74386**
20.171.207.229 - - [11/Sep/2025:05:27:22 -0700] "GET /admin-post.php?path=//proc/self/root/proc/thread-self/root/proc/thread-self/root/proc/thread-self/root/proc/thread-self/root/proc/self/root/proc/self/root/proc/self/root/proc/thread-self/root/proc/self/root/usr/lib/locale/en_DK HTTP/2.0" 200 3338 "-" "Mozilla/5.0 AppleWebKit/537.36 (KHTML, like Gecko; compatible; GPTBot/1.2; +https://openai.com/gptbot)" 57 **0/57859**
66.249.73.129 - - [11/Sep/2025:05:27:22 -0700] "GET /products/23729780 HTTP/1.1" 200 6216 "-" "Mozilla/5.0 (Linux; Android 6.0.1; Nexus 5X Build/MMB29P) AppleWebKit/537.36 (KHTML, like Gecko) Chrome/139.0.7258.154 Mobile Safari/537.36 (compatible; Googlebot/2.1; +http://www.google.com/bot.html)" 56 **0/56057**
20.171.207.207 - - [11/Sep/2025:05:27:22 -0700] "GET /school-access?path=/home/o5t6x7pgljbm/public_html/rewardsforeducation.com/wp-includes&viewfile=/home/o5t6x7pgljbm/public_html/rewardsforeducation.com/wp-includes/script-modules.php HTTP/2.0" 200 4080 "-" "Mozilla/5.0 AppleWebKit/537.36 (KHTML, like Gecko; compatible; GPTBot/1.2; +https://openai.com/gptbot)" 56 **0/56531**
20.171.207.229 - - [11/Sep/2025:05:27:23 -0700] "GET /admin-post.php?path=//proc/self/root/proc/thread-self/root/proc/thread-self/root/proc/thread-self/root/proc/thread-self/root/proc/self/root/proc/self/root/proc/self/root/proc/self/root/proc/self/cwd/vendor/laravel/sail/src/Console HTTP/2.0" 200 3079 "-" "Mozilla/5.0 AppleWebKit/537.36 (KHTML, like Gecko; compatible; GPTBot/1.2; +https://openai.com/gptbot)" 93 **0/93887**
66.249.73.129 - - [11/Sep/2025:05:27:23 -0700] "GET /products/28631668?viewfile=/home/o5t6x7pgljbm/public_html/.editorconfig&path=/home/o5t6x7pgljbm/public_html HTTP/1.1" 200 2563 "-" "Mozilla/5.0 (Linux; Android 6.0.1; Nexus 5X Build/MMB29P) AppleWebKit/537.36 (KHTML, like Gecko) Chrome/139.0.7258.154 Mobile Safari/537.36 (compatible; GoogleOther)" 53 **0/53372**
66.249.73.131 - - [11/Sep/2025:05:27:24 -0700] "GET /products/23104546 HTTP/1.1" 200 6216 "-" "Mozilla/5.0 (Linux; Android 6.0.1; Nexus 5X Build/MMB29P) AppleWebKit/537.36 (KHTML, like Gecko) Chrome/139.0.7258.154 Mobile Safari/537.36 (compatible; Googlebot/2.1; +http://www.google.com/bot.html)" 56 **0/56976**
20.171.207.207 - - [11/Sep/2025:05:27:24 -0700] "GET /school-access?path=/home/o5t6x7pgljbm/public_html/rewardsforeducation.com/wp-includes&viewfile=/home/o5t6x7pgljbm/public_html/rewardsforeducation.com/wp-includes/formatting.php HTTP/2.0" 200 60951 "-" "Mozilla/5.0 AppleWebKit/537.36 (KHTML, like Gecko; compatible; GPTBot/1.2; +https://openai.com/gptbot)" 87 **0/87343**
66.249.73.131 - - [11/Sep/2025:05:27:24 -0700] "GET /products/24517835 HTTP/1.1" 200 6216 "-" "Mozilla/5.0 (Linux; Android 6.0.1; Nexus 5X Build/MMB29P) AppleWebKit/537.36 (KHTML, like Gecko) Chrome/139.0.7258.154 Mobile Safari/537.36 (compatible; Googlebot/2.1; +http://www.google.com/bot.html)" 47 **0/47660**
20.171.207.229 - - [11/Sep/2025:05:27:25 -0700] "GET /admin-post.php?path=//proc/self/root/proc/thread-self/root/proc/thread-self/root/proc/thread-self/root/proc/thread-self/root/proc/self/root/proc/self/root/proc/thread-self/root/proc/self/root/proc/self/root/usr/lib/locale/en_ZW HTTP/2.0" 200 3345 "-" "Mozilla/5.0 AppleWebKit/537.36 (KHTML, like Gecko; compatible; GPTBot/1.2; +https://openai.com/gptbot)" 56 **0/56118**
20.171.207.207 - - [11/Sep/2025:05:27:25 -0700] "GET /school-access?path=/home/o5t6x7pgljbm/public_html/rewardsforeducation.com/wp-includes&viewfile=/home/o5t6x7pgljbm/public_html/rewardsforeducation.com/wp-includes/functions.php HTTP/2.0" 200 73258 "-" "Mozilla/5.0 AppleWebKit/537.36 (KHTML, like Gecko; compatible; GPTBot/1.2; +https://openai.com/gptbot)" 76 **0/76583**
66.249.73.131 - - [11/Sep/2025:05:27:25 -0700] "GET /products/29742579 HTTP/1.1" 200 6216 "-" "Mozilla/5.0 (Linux; Android 6.0.1; Nexus 5X Build/MMB29P) AppleWebKit/537.36 (KHTML, like Gecko) Chrome/139.0.7258.154 Mobile Safari/537.36 (compatible; Googlebot/2.1; +http://www.google.com/bot.html)" 63 **0/63063**
20.171.207.229 - - [11/Sep/2025:05:27:26 -0700] "GET /admin-post.php?path=//proc/self/root/proc/thread-self/root/proc/thread-self/root/proc/thread-self/root/proc/thread-self/root/proc/self/root/proc/self/root/proc/self/root/proc/self/root/proc/self/root/proc/self/cwd/admin/vendor/doctrine/inflector HTTP/2.0" 200 3112 "-" "Mozilla/5.0 AppleWebKit/537.36 (KHTML, like Gecko; compatible; GPTBot/1.2; +https://openai.com/gptbot)" 58 **0/58421**
20.171.207.207 - - [11/Sep/2025:05:27:26 -0700] "GET /school-access?path=/home/o5t6x7pgljbm/public_html/rewardsforeducation.com/wp-includes&viewfile=/home/o5t6x7pgljbm/public_html/rewardsforeducation.com/wp-includes/pluggable.php HTTP/2.0" 200 29410 "-" "Mozilla/5.0 AppleWebKit/537.36 (KHTML, like Gecko; compatible; GPTBot/1.2; +https://openai.com/gptbot)" 61 **0/61402**
66.249.73.130 - - [11/Sep/2025:05:27:26 -0700] "GET /products/24249880 HTTP/1.1" 200 6216 "-" "Mozilla/5.0 (Linux; Android 6.0.1; Nexus 5X Build/MMB29P) AppleWebKit/537.36 (KHTML, like Gecko) Chrome/139.0.7258.154 Mobile Safari/537.36 (compatible; Googlebot/2.1; +http://www.google.com/bot.html)" 53 **0/53719**
66.249.73.130 - - [11/Sep/2025:05:27:27 -0700] "GET /products/27036068 HTTP/1.1" 200 6216 "-" "Mozilla/5.0 (Linux; Android 6.0.1; Nexus 5X Build/MMB29P) AppleWebKit/537.36 (KHTML, like Gecko) Chrome/139.0.7258.154 Mobile Safari/537.36 (compatible; Googlebot/2.1; +http://www.google.com/bot.html)" 46 **0/46912**
66.249.73.130 - - [11/Sep/2025:05:27:27 -0700] "GET /products/2978702 HTTP/1.1" 200 6216 "-" "Mozilla/5.0 (Linux; Android 6.0.1; Nexus 5X Build/MMB29P) AppleWebKit/537.36 (KHTML, like Gecko) Chrome/139.0.7258.154 Mobile Safari/537.36 (compatible; Googlebot/2.1; +http://www.google.com/bot.html)" 45 **0/45250**
66.249.73.130 - - [11/Sep/2025:05:27:28 -0700] "GET /products/30894635 HTTP/1.1" 200 6216 "-" "Mozilla/5.0 (Linux; Android 6.0.1; Nexus 5X Build/MMB29P) AppleWebKit/537.36 (KHTML, like Gecko) Chrome/139.0.7258.154 Mobile Safari/537.36 (compatible; Googlebot/2.1; +http://www.google.com/bot.html)" 47 **0/47457**
20.171.207.229 - - [11/Sep/2025:05:27:28 -0700] "GET /admin-post.php?path=//proc/self/root/proc/thread-self/root/proc/thread-self/root/proc/thread-self/root/proc/thread-self/root/proc/self/root/proc/thread-self/root/proc/self/root/proc/self/root/proc/self/root/proc/self/cwd/admin/database/factories HTTP/2.0" 200 2860 "-" "Mozilla/5.0 AppleWebKit/537.36 (KHTML, like Gecko; compatible; GPTBot/1.2; +https://openai.com/gptbot)" 47 **0/47772**
20.171.207.207 - - [11/Sep/2025:05:27:28 -0700] "GET /school-access?path=/home/o5t6x7pgljbm/public_html/rewardsforeducation.com/wp-includes&viewfile=/home/o5t6x7pgljbm/public_html/rewardsforeducation.com/wp-includes/rewrite.php HTTP/2.0" 200 8297 "-" "Mozilla/5.0 AppleWebKit/537.36 (KHTML, like Gecko; compatible; GPTBot/1.2; +https://openai.com/gptbot)" 56 **0/56521**
66.249.73.129 - - [11/Sep/2025:05:27:29 -0700] "GET /products/29088135 HTTP/1.1" 200 6216 "-" "Mozilla/5.0 (Linux; Android 6.0.1; Nexus 5X Build/MMB29P) AppleWebKit/537.36 (KHTML, like Gecko) Chrome/139.0.7258.154 Mobile Safari/537.36 (compatible; Googlebot/2.1; +http://www.google.com/bot.html)" 49 **0/49385**
20.171.207.207 - - [11/Sep/2025:05:27:30 -0700] "GET /school-access?path=/home/o5t6x7pgljbm/public_html/rewardsforeducation.com/wp-includes&viewfile=/home/o5t6x7pgljbm/public_html/rewardsforeducation.com/wp-includes/revision.php HTTP/2.0" 200 10257 "-" "Mozilla/5.0 AppleWebKit/537.36 (KHTML, like Gecko; compatible; GPTBot/1.2; +https://openai.com/gptbot)" 52 **0/52461**
66.249.73.131 - - [11/Sep/2025:05:27:30 -0700] "GET /products/26442980 HTTP/1.1" 200 6216 "-" "Mozilla/5.0 (Linux; Android 6.0.1; Nexus 5X Build/MMB29P) AppleWebKit/537.36 (KHTML, like Gecko) Chrome/139.0.7258.154 Mobile Safari/537.36 (compatible; Googlebot/2.1; +http://www.google.com/bot.html)" 47 **0/47836**
20.171.207.229 - - [11/Sep/2025:05:27:31 -0700] "GET /admin-post.php?path=//proc/self/root/proc/thread-self/root/proc/thread-self/root/proc/thread-self/root/proc/thread-self/root/proc/self/root/proc/self/root/proc/thread-self/root/proc/self/cwd/old/public/app-assets/js/scripts&viewfile=//proc/self/root/proc/thread-self/root/proc/thread-self/root/proc/thread-self/root/proc/thread-self/root/proc/self/root/proc/self/root/proc/thread-self/root/proc/self/cwd/old/public/app-assets/js/scripts/media-gallery-page.min.js HTTP/2.0" 200 2937 "-" "Mozilla/5.0 AppleWebKit/537.36 (KHTML, like Gecko; compatible; GPTBot/1.2; +https://openai.com/gptbot)" 56 **0/56839**
20.171.207.207 - - [11/Sep/2025:05:27:31 -0700] "GET /school-access?path=/home/o5t6x7pgljbm/public_html/rewardsforeducation.com/wp-includes&viewfile=/home/o5t6x7pgljbm/public_html/rewardsforeducation.com/wp-includes/registration.php HTTP/2.0" 200 2609 "-" "Mozilla/5.0 AppleWebKit/537.36 (KHTML, like Gecko; compatible; GPTBot/1.2; +https://openai.com/gptbot)" 61 **0/61951**
66.249.73.130 - - [11/Sep/2025:05:27:31 -0700] "GET /products/17637113 HTTP/1.1" 200 6216 "-" "Mozilla/5.0 (Linux; Android 6.0.1; Nexus 5X Build/MMB29P) AppleWebKit/537.36 (KHTML, like Gecko) Chrome/139.0.7258.154 Mobile Safari/537.36 (compatible; Googlebot/2.1; +http://www.google.com/bot.html)" 56 **0/56364**
20.171.207.207 - - [11/Sep/2025:05:27:32 -0700] "GET /school-access?path=/home/o5t6x7pgljbm/public_html/rewardsforeducation.com/wp-includes&viewfile=/home/o5t6x7pgljbm/public_html/rewardsforeducation.com/wp-includes/widgets.php HTTP/2.0" 200 17964 "-" "Mozilla/5.0 AppleWebKit/537.36 (KHTML, like Gecko; compatible; GPTBot/1.2; +https://openai.com/gptbot)" 53 **0/53893**
20.171.207.229 - - [11/Sep/2025:05:27:32 -0700] "GET /admin-post.php?path=//proc/self/root/proc/thread-self/root/proc/thread-self/root/proc/thread-self/root/proc/thread-self/root/proc/self/root/proc/self/root/proc/self/root/proc/thread-self/root/proc/self/root/proc/self/cwd/admin/database/factories HTTP/2.0" 200 2861 "-" "Mozilla/5.0 AppleWebKit/537.36 (KHTML, like Gecko; compatible; GPTBot/1.2; +https://openai.com/gptbot)" 56 **0/56625**
66.249.73.129 - - [11/Sep/2025:05:27:32 -0700] "GET /products/27053013 HTTP/1.1" 200 6216 "-" "Mozilla/5.0 (Linux; Android 6.0.1; Nexus 5X Build/MMB29P) AppleWebKit/537.36 (KHTML, like Gecko) Chrome/139.0.7258.154 Mobile Safari/537.36 (compatible; Googlebot/2.1; +http://www.google.com/bot.html)" 54 **0/54564**
20.171.207.207 - - [11/Sep/2025:05:27:33 -0700] "GET /school-access?path=/home/o5t6x7pgljbm/public_html/rewardsforeducation.com/wp-includes/blocks&viewfile=/home/o5t6x7pgljbm/public_html/rewardsforeducation.com/wp-includes/blocks/comment-reply-link.php HTTP/2.0" 200 3237 "-" "Mozilla/5.0 AppleWebKit/537.36 (KHTML, like Gecko; compatible; GPTBot/1.2; +https://openai.com/gptbot)" 50 **0/50479**
20.171.207.229 - - [11/Sep/2025:05:27:34 -0700] "GET /admin-post.php?path=//proc/self/root/proc/thread-self/root/proc/thread-self/root/proc/thread-self/root/proc/thread-self/root/proc/self/root/proc/self/root/proc/self/root/proc/thread-self/cwd/old/vendor/ramsey/collection/src&viewfile=//proc/self/root/proc/thread-self/root/proc/thread-self/root/proc/thread-self/root/proc/thread-self/root/proc/self/root/proc/self/root/proc/self/root/proc/thread-self/cwd/old/vendor/ramsey/collection/src/GenericArray.php HTTP/2.0" 200 2909 "-" "Mozilla/5.0 AppleWebKit/537.36 (KHTML, like Gecko; compatible; GPTBot/1.2; +https://openai.com/gptbot)" 48 **0/48682**
20.171.207.207 - - [11/Sep/2025:05:27:34 -0700] "GET /school-access?path=/home/o5t6x7pgljbm/public_html/rewardsforeducation.com/wp-includes/blocks/navigation-link HTTP/2.0" 200 2910 "-" "Mozilla/5.0 AppleWebKit/537.36 (KHTML, like Gecko; compatible; GPTBot/1.2; +https://openai.com/gptbot)" 54 **0/54043**
66.249.73.131 - - [11/Sep/2025:05:27:34 -0700] "GET /products/28246502 HTTP/1.1" 200 6216 "-" "Mozilla/5.0 (Linux; Android 6.0.1; Nexus 5X Build/MMB29P) AppleWebKit/537.36 (KHTML, like Gecko) Chrome/139.0.7258.154 Mobile Safari/537.36 (compatible; Googlebot/2.1; +http://www.google.com/bot.html)" 62 **0/62482**
66.249.73.130 - - [11/Sep/2025:05:27:35 -0700] "GET /products/27807246 HTTP/1.1" 200 6216 "-" "Mozilla/5.0 (Linux; Android 6.0.1; Nexus 5X Build/MMB29P) AppleWebKit/537.36 (KHTML, like Gecko) Chrome/139.0.7258.154 Mobile Safari/537.36 (compatible; Googlebot/2.1; +http://www.google.com/bot.html)" 63 **0/63743**
20.171.207.229 - - [11/Sep/2025:05:27:35 -0700] "GET /admin-post.php?path=//proc/self/root/proc/thread-self/root/proc/thread-self/root/proc/thread-self/root/proc/thread-self/root/proc/self/root/proc/self/root/proc/self/root/proc/self/root/proc/self/root/proc/self/cwd/admin/vendor/phpoption/phpoption HTTP/2.0" 200 3044 "-" "Mozilla/5.0 AppleWebKit/537.36 (KHTML, like Gecko; compatible; GPTBot/1.2; +https://openai.com/gptbot)" 50 **0/50942**
20.171.207.207 - - [11/Sep/2025:05:27:35 -0700] "GET /school-access?path=/home/o5t6x7pgljbm/public_html/rewardsforeducation.com/wp-includes/blocks/query-pagination HTTP/2.0" 200 2896 "-" "Mozilla/5.0 AppleWebKit/537.36 (KHTML, like Gecko; compatible; GPTBot/1.2; +https://openai.com/gptbot)" 48 **0/48892**
66.249.73.130 - - [11/Sep/2025:05:27:36 -0700] "GET /products/21442380 HTTP/1.1" 200 6216 "-" "Mozilla/5.0 (Linux; Android 6.0.1; Nexus 5X Build/MMB29P) AppleWebKit/537.36 (KHTML, like Gecko) Chrome/139.0.7258.154 Mobile Safari/537.36 (compatible; Googlebot/2.1; +http://www.google.com/bot.html)" 72 **0/72499**
20.171.207.207 - - [11/Sep/2025:05:27:37 -0700] "GET /school-access?path=/home/o5t6x7pgljbm/public_html/rewardsforeducation.com/wp-includes&viewfile=/home/o5t6x7pgljbm/public_html/rewardsforeducation.com/wp-includes/class-phpmailer.php HTTP/2.0" 200 2733 "-" "Mozilla/5.0 AppleWebKit/537.36 (KHTML, like Gecko; compatible; GPTBot/1.2; +https://openai.com/gptbot)" 43 **0/43200**
20.171.207.229 - - [11/Sep/2025:05:27:37 -0700] "GET /admin-post.php?path=//proc/self/root/proc/thread-self/root/proc/thread-self/root/proc/thread-self/root/proc/thread-self/root/proc/self/root/proc/self/root/proc/thread-self/root/proc/self/root/proc/self/root/proc/self/cwd/admin/database/factories HTTP/2.0" 200 2863 "-" "Mozilla/5.0 AppleWebKit/537.36 (KHTML, like Gecko; compatible; GPTBot/1.2; +https://openai.com/gptbot)" 51 **0/51161**
66.249.73.128 - - [11/Sep/2025:05:27:37 -0700] "GET /products/26919302 HTTP/1.1" 200 6216 "-" "Mozilla/5.0 (Linux; Android 6.0.1; Nexus 5X Build/MMB29P) AppleWebKit/537.36 (KHTML, like Gecko) Chrome/139.0.7258.154 Mobile Safari/537.36 (compatible; Googlebot/2.1; +http://www.google.com/bot.html)" 60 **0/60238**
66.249.73.131 - - [11/Sep/2025:05:27:37 -0700] "GET /products/23601646 HTTP/1.1" 200 6216 "-" "Mozilla/5.0 (Linux; Android 6.0.1; Nexus 5X Build/MMB29P) AppleWebKit/537.36 (KHTML, like Gecko) Chrome/139.0.7258.154 Mobile Safari/537.36 (compatible; Googlebot/2.1; +http://www.google.com/bot.html)" 59 **0/59471**
20.171.207.207 - - [11/Sep/2025:05:27:38 -0700] "GET /school-access?path=/home/o5t6x7pgljbm/public_html/rewardsforeducation.com/wp-includes/blocks/preformatted HTTP/2.0" 200 2807 "-" "Mozilla/5.0 AppleWebKit/537.36 (KHTML, like Gecko; compatible; GPTBot/1.2; +https://openai.com/gptbot)" 55 **0/55432**
66.249.73.128 - - [11/Sep/2025:05:27:38 -0700] "GET /products/26417879 HTTP/1.1" 200 6216 "-" "Mozilla/5.0 (Linux; Android 6.0.1; Nexus 5X Build/MMB29P) AppleWebKit/537.36 (KHTML, like Gecko) Chrome/139.0.7258.154 Mobile Safari/537.36 (compatible; Googlebot/2.1; +http://www.google.com/bot.html)" 61 **0/61718**
20.171.207.229 - - [11/Sep/2025:05:27:39 -0700] "GET /admin-post.php?path=//proc/self/root/proc/thread-self/root/proc/thread-self/root/proc/thread-self/root/proc/thread-self/root/proc/self/root/proc/self/root/proc/self/root/proc/self/root/proc/self/root/proc/thread-self/cwd/admin/database/factories HTTP/2.0" 200 2859 "-" "Mozilla/5.0 AppleWebKit/537.36 (KHTML, like Gecko; compatible; GPTBot/1.2; +https://openai.com/gptbot)" 60 **0/60705**
20.171.207.207 - - [11/Sep/2025:05:27:39 -0700] "GET /school-access?path=/home/o5t6x7pgljbm/public_html/rewardsforeducation.com/wp-includes/fonts&viewfile=/home/o5t6x7pgljbm/public_html/rewardsforeducation.com/wp-includes/fonts/dashicons.ttf HTTP/2.0" 200 32886 "-" "Mozilla/5.0 AppleWebKit/537.36 (KHTML, like Gecko; compatible; GPTBot/1.2; +https://openai.com/gptbot)" 75 **0/75418**
66.249.73.129 - - [11/Sep/2025:05:27:40 -0700] "GET /products/21098480 HTTP/1.1" 200 6216 "-" "Mozilla/5.0 (Linux; Android 6.0.1; Nexus 5X Build/MMB29P) AppleWebKit/537.36 (KHTML, like Gecko) Chrome/139.0.7258.154 Mobile Safari/537.36 (compatible; Googlebot/2.1; +http://www.google.com/bot.html)" 61 **0/61639**
20.171.207.207 - - [11/Sep/2025:05:27:40 -0700] "GET /school-access?path=/home/o5t6x7pgljbm/public_html/rewardsforeducation.com/wp-includes/blocks/html HTTP/2.0" 200 2810 "-" "Mozilla/5.0 AppleWebKit/537.36 (KHTML, like Gecko; compatible; GPTBot/1.2; +https://openai.com/gptbot)" 58 **0/58760**
66.249.73.130 - - [11/Sep/2025:05:27:40 -0700] "GET /products/5626868 HTTP/1.1" 200 6216 "-" "Mozilla/5.0 (Linux; Android 6.0.1; Nexus 5X Build/MMB29P) AppleWebKit/537.36 (KHTML, like Gecko) Chrome/139.0.7258.154 Mobile Safari/537.36 (compatible; Googlebot/2.1; +http://www.google.com/bot.html)" 52 **0/52510**
20.171.207.229 - - [11/Sep/2025:05:27:40 -0700] "GET /admin-post.php?path=//proc/self/root/proc/thread-self/root/proc/thread-self/root/proc/thread-self/root/proc/thread-self/root/proc/self/root/proc/self/root/proc/self/root/proc/self/root/proc/thread-self/root/proc/self/cwd/admin/database/factories HTTP/2.0" 200 2860 "-" "Mozilla/5.0 AppleWebKit/537.36 (KHTML, like Gecko; compatible; GPTBot/1.2; +https://openai.com/gptbot)" 64 **0/64578**
20.171.207.207 - - [11/Sep/2025:05:27:41 -0700] "GET /school-access?path=/home/o5t6x7pgljbm/public_html/rewardsforeducation.com/wp-includes/blocks/comments-pagination-next HTTP/2.0" 200 2704 "-" "Mozilla/5.0 AppleWebKit/537.36 (KHTML, like Gecko; compatible; GPTBot/1.2; +https://openai.com/gptbot)" 48 **0/48245**
66.249.73.132 - - [11/Sep/2025:05:27:41 -0700] "GET /products/25874913 HTTP/1.1" 200 6216 "-" "Mozilla/5.0 (Linux; Android 6.0.1; Nexus 5X Build/MMB29P) AppleWebKit/537.36 (KHTML, like Gecko) Chrome/139.0.7258.154 Mobile Safari/537.36 (compatible; Googlebot/2.1; +http://www.google.com/bot.html)" 51 **0/51715**
66.249.73.132 - - [11/Sep/2025:05:27:41 -0700] "GET /products/25989602 HTTP/1.1" 200 6216 "-" "Mozilla/5.0 (Linux; Android 6.0.1; Nexus 5X Build/MMB29P) AppleWebKit/537.36 (KHTML, like Gecko) Chrome/139.0.7258.154 Mobile Safari/537.36 (compatible; Googlebot/2.1; +http://www.google.com/bot.html)" 47 **0/47791**
20.171.207.229 - - [11/Sep/2025:05:27:41 -0700] "GET /admin-post.php?path=//proc/self/root/proc/thread-self/root/proc/thread-self/root/proc/thread-self/root/proc/thread-self/root/proc/self/root/etc/fonts/conf.d HTTP/2.0" 200 3881 "-" "Mozilla/5.0 AppleWebKit/537.36 (KHTML, like Gecko; compatible; GPTBot/1.2; +https://openai.com/gptbot)" 56 **0/56312**
20.171.207.207 - - [11/Sep/2025:05:27:42 -0700] "GET /school-access?path=/home/o5t6x7pgljbm/public_html/rewardsforeducation.com/wp-includes/images&viewfile=/home/o5t6x7pgljbm/public_html/rewardsforeducation.com/wp-includes/images/arrow-pointer-blue-2x.png HTTP/2.0" 200 3662 "-" "Mozilla/5.0 AppleWebKit/537.36 (KHTML, like Gecko; compatible; GPTBot/1.2; +https://openai.com/gptbot)" 51 **0/51971**
66.249.73.129 - - [11/Sep/2025:05:27:42 -0700] "GET /products/24881291 HTTP/1.1" 200 6216 "-" "Mozilla/5.0 (Linux; Android 6.0.1; Nexus 5X Build/MMB29P) AppleWebKit/537.36 (KHTML, like Gecko) Chrome/139.0.7258.154 Mobile Safari/537.36 (compatible; Googlebot/2.1; +http://www.google.com/bot.html)" 52 **0/52553**
20.171.207.229 - - [11/Sep/2025:05:27:43 -0700] "GET /admin-post.php?path=//proc/self/root/proc/thread-self/root/proc/thread-self/root/proc/thread-self/root/proc/thread-self/root/proc/self/root/proc/self/root/proc/self/root/proc/self/cwd/admin/storage/framework/cache/data/cf/de HTTP/2.0" 200 2895 "-" "Mozilla/5.0 AppleWebKit/537.36 (KHTML, like Gecko; compatible; GPTBot/1.2; +https://openai.com/gptbot)" 54 **0/54130**
20.171.207.207 - - [11/Sep/2025:05:27:43 -0700] "GET /school-access?path=/home/o5t6x7pgljbm/public_html/rewardsforeducation.com/wp-includes/images&viewfile=/home/o5t6x7pgljbm/public_html/rewardsforeducation.com/wp-includes/images/icon-pointer-flag-2x.png HTTP/2.0" 200 3818 "-" "Mozilla/5.0 AppleWebKit/537.36 (KHTML, like Gecko; compatible; GPTBot/1.2; +https://openai.com/gptbot)" 53 **0/53447**
66.249.73.129 - - [11/Sep/2025:05:27:44 -0700] "GET /products/28498213 HTTP/1.1" 200 6216 "-" "Mozilla/5.0 (Linux; Android 6.0.1; Nexus 5X Build/MMB29P) AppleWebKit/537.36 (KHTML, like Gecko) Chrome/139.0.7258.154 Mobile Safari/537.36 (compatible; Googlebot/2.1; +http://www.google.com/bot.html)" 52 **0/52217**
20.171.207.207 - - [11/Sep/2025:05:27:44 -0700] "GET /school-access?path=/home/o5t6x7pgljbm/public_html/rewardsforeducation.com/wp-includes/images&viewfile=/home/o5t6x7pgljbm/public_html/rewardsforeducation.com/wp-includes/images/xit-2x.gif HTTP/2.0" 200 3000 "-" "Mozilla/5.0 AppleWebKit/537.36 (KHTML, like Gecko; compatible; GPTBot/1.2; +https://openai.com/gptbot)" 48 **0/48361**
20.171.207.229 - - [11/Sep/2025:05:27:44 -0700] "GET /admin-post.php?path=//proc/self/root/proc/thread-self/root/proc/thread-self/root/proc/thread-self/root/proc/thread-self/root/proc/self/root/proc/self/root/proc/self/root/proc/self/root/proc/self/root/proc/self/cwd/admin/vendor/doctrine/inflector/docs HTTP/2.0" 200 2811 "-" "Mozilla/5.0 AppleWebKit/537.36 (KHTML, like Gecko; compatible; GPTBot/1.2; +https://openai.com/gptbot)" 47 **0/47564**
66.249.73.130 - - [11/Sep/2025:05:27:45 -0700] "GET /products/5228791 HTTP/1.1" 200 6216 "-" "Mozilla/5.0 (Linux; Android 6.0.1; Nexus 5X Build/MMB29P) AppleWebKit/537.36 (KHTML, like Gecko) Chrome/139.0.7258.154 Mobile Safari/537.36 (compatible; Googlebot/2.1; +http://www.google.com/bot.html)" 52 **0/52851**
66.249.73.130 - - [11/Sep/2025:05:27:45 -0700] "GET /products/5480013 HTTP/1.1" 200 6216 "-" "Mozilla/5.0 (Linux; Android 6.0.1; Nexus 5X Build/MMB29P) AppleWebKit/537.36 (KHTML, like Gecko) Chrome/139.0.7258.154 Mobile Safari/537.36 (compatible; Googlebot/2.1; +http://www.google.com/bot.html)" 62 **0/62742**
66.249.73.130 - - [11/Sep/2025:05:27:45 -0700] "GET /products/28216846?path=/home/o5t6x7pgljbm/bin HTTP/1.1" 200 2270 "-" "Mozilla/5.0 (Linux; Android 6.0.1; Nexus 5X Build/MMB29P) AppleWebKit/537.36 (KHTML, like Gecko) Chrome/139.0.7258.154 Mobile Safari/537.36 (compatible; GoogleOther)" 46 **0/46230**
20.171.207.207 - - [11/Sep/2025:05:27:45 -0700] "GET /school-access?path=/home/o5t6x7pgljbm/public_html/rewardsforeducation.com/wp-includes/images&viewfile=/home/o5t6x7pgljbm/public_html/rewardsforeducation.com/wp-includes/images/down_arrow-2x.gif HTTP/2.0" 200 2620 "-" "Mozilla/5.0 AppleWebKit/537.36 (KHTML, like Gecko; compatible; GPTBot/1.2; +https://openai.com/gptbot)" 63 **0/63673**
20.171.207.229 - - [11/Sep/2025:05:27:46 -0700] "GET /admin-post.php?path=//proc/self/root/proc/thread-self/root/proc/thread-self/root/proc/thread-self/root/proc/thread-self/root/proc/self/root/etc/crypto-policies HTTP/2.0" 200 2973 "-" "Mozilla/5.0 AppleWebKit/537.36 (KHTML, like Gecko; compatible; GPTBot/1.2; +https://openai.com/gptbot)" 52 **0/52884**
66.249.73.129 - - [11/Sep/2025:05:27:46 -0700] "GET /products/21738302 HTTP/1.1" 200 6216 "-" "Mozilla/5.0 (Linux; Android 6.0.1; Nexus 5X Build/MMB29P) AppleWebKit/537.36 (KHTML, like Gecko) Chrome/139.0.7258.154 Mobile Safari/537.36 (compatible; Googlebot/2.1; +http://www.google.com/bot.html)" 43 **0/43712**
20.171.207.207 - - [11/Sep/2025:05:27:46 -0700] "GET /school-access?path=/home/o5t6x7pgljbm/public_html/rewardsforeducation.com/wp-includes/images&viewfile=/home/o5t6x7pgljbm/public_html/rewardsforeducation.com/wp-includes/images/rss-2x.png HTTP/2.0" 200 3739 "-" "Mozilla/5.0 AppleWebKit/537.36 (KHTML, like Gecko; compatible; GPTBot/1.2; +https://openai.com/gptbot)" 46 **0/46074**
20.171.207.229 - - [11/Sep/2025:05:27:47 -0700] "GET /admin-post.php?path=//proc/self/root/proc/thread-self/root/proc/thread-self/root/proc/thread-self/root/proc/thread-self/root/proc/self/root/opt/alt/sqlite HTTP/2.0" 200 2671 "-" "Mozilla/5.0 AppleWebKit/537.36 (KHTML, like Gecko; compatible; GPTBot/1.2; +https://openai.com/gptbot)" 46 **0/46706**
66.249.73.130 - - [11/Sep/2025:05:27:47 -0700] "GET /products/23108846 HTTP/1.1" 200 6216 "-" "Mozilla/5.0 (Linux; Android 6.0.1; Nexus 5X Build/MMB29P) AppleWebKit/537.36 (KHTML, like Gecko) Chrome/139.0.7258.154 Mobile Safari/537.36 (compatible; Googlebot/2.1; +http://www.google.com/bot.html)" 48 **0/48246**
20.171.207.207 - - [11/Sep/2025:05:27:48 -0700] "GET /school-access?path=/home/o5t6x7pgljbm/public_html/rewardsforeducation.com/wp-includes/blocks/post-content HTTP/2.0" 200 2894 "-" "Mozilla/5.0 AppleWebKit/537.36 (KHTML, like Gecko; compatible; GPTBot/1.2; +https://openai.com/gptbot)" 39 **0/39525**
66.249.73.132 - - [11/Sep/2025:05:27:49 -0700] "GET /products/18995013 HTTP/1.1" 200 6216 "-" "Mozilla/5.0 (Linux; Android 6.0.1; Nexus 5X Build/MMB29P) AppleWebKit/537.36 (KHTML, like Gecko) Chrome/139.0.7258.154 Mobile Safari/537.36 (compatible; Googlebot/2.1; +http://www.google.com/bot.html)" 51 **0/51899**
20.171.207.229 - - [11/Sep/2025:05:27:49 -0700] "GET /admin-post.php?path=//proc/self/root/proc/thread-self/root/proc/thread-self/root/proc/thread-self/root/proc/thread-self/root/proc/self/root/proc/self/root/proc/self/root/proc/thread-self/root/proc/self/root/proc/self/cwd/admin/database/factories&viewfile=//proc/self/root/proc/thread-self/root/proc/thread-self/root/proc/thread-self/root/proc/thread-self/root/proc/self/root/proc/self/root/proc/self/root/proc/thread-self/root/proc/self/root/proc/self/cwd/admin/database/factories/UserFactory.php HTTP/2.0" 200 3084 "-" "Mozilla/5.0 AppleWebKit/537.36 (KHTML, like Gecko; compatible; GPTBot/1.2; +https://openai.com/gptbot)" 49 **0/49231**
66.249.73.131 - - [11/Sep/2025:05:27:49 -0700] "GET /products/31420202 HTTP/1.1" 200 6216 "-" "Mozilla/5.0 (Linux; Android 6.0.1; Nexus 5X Build/MMB29P) AppleWebKit/537.36 (KHTML, like Gecko) Chrome/139.0.7258.154 Mobile Safari/537.36 (compatible; Googlebot/2.1; +http://www.google.com/bot.html)" 56 **0/56871**
20.171.207.207 - - [11/Sep/2025:05:27:49 -0700] "GET /school-access?path=/home/o5t6x7pgljbm/public_html/rewardsforeducation.com/wp-includes/images&viewfile=/home/o5t6x7pgljbm/public_html/rewardsforeducation.com/wp-includes/images/toggle-arrow-2x.png HTTP/2.0" 200 2849 "-" "Mozilla/5.0 AppleWebKit/537.36 (KHTML, like Gecko; compatible; GPTBot/1.2; +https://openai.com/gptbot)" 50 **0/50330**
66.249.73.132 - - [11/Sep/2025:05:27:49 -0700] "GET /products/1967235?path=/home/o5t6x7pgljbm/public_html/privacy-policy HTTP/1.1" 200 2854 "-" "Mozilla/5.0 (Linux; Android 6.0.1; Nexus 5X Build/MMB29P) AppleWebKit/537.36 (KHTML, like Gecko) Chrome/139.0.7258.154 Mobile Safari/537.36 (compatible; Googlebot/2.1; +http://www.google.com/bot.html)" 62 **0/62361**
66.249.73.129 - - [11/Sep/2025:05:27:49 -0700] "GET /products/25037202 HTTP/1.1" 200 6216 "-" "Mozilla/5.0 (Linux; Android 6.0.1; Nexus 5X Build/MMB29P) AppleWebKit/537.36 (KHTML, like Gecko) Chrome/139.0.7258.154 Mobile Safari/537.36 (compatible; Googlebot/2.1; +http://www.google.com/bot.html)" 50 **0/50232**
20.171.207.207 - - [11/Sep/2025:05:27:50 -0700] "GET /school-access?path=/home/o5t6x7pgljbm/public_html/rewardsforeducation.com/wp-includes/images&viewfile=/home/o5t6x7pgljbm/public_html/rewardsforeducation.com/wp-includes/images/blank.gif HTTP/2.0" 200 2546 "-" "Mozilla/5.0 AppleWebKit/537.36 (KHTML, like Gecko; compatible; GPTBot/1.2; +https://openai.com/gptbot)" 55 **0/55207**
20.171.207.229 - - [11/Sep/2025:05:27:50 -0700] "GET /admin-post.php?path=//proc/self/root/proc/thread-self/root/proc/thread-self/root/proc/thread-self/root/proc/thread-self/root/proc/self/root/etc/gcrypt HTTP/2.0" 200 2723 "-" "Mozilla/5.0 AppleWebKit/537.36 (KHTML, like Gecko; compatible; GPTBot/1.2; +https://openai.com/gptbot)" 46 **0/46095**
66.249.73.132 - - [11/Sep/2025:05:27:50 -0700] "GET /products/22243802 HTTP/1.1" 200 6216 "-" "Mozilla/5.0 (Linux; Android 6.0.1; Nexus 5X Build/MMB29P) AppleWebKit/537.36 (KHTML, like Gecko) Chrome/139.0.7258.154 Mobile Safari/537.36 (compatible; Googlebot/2.1; +http://www.google.com/bot.html)" 55 **0/55243**
20.171.207.207 - - [11/Sep/2025:05:27:51 -0700] "GET /school-access?path=/home/o5t6x7pgljbm/public_html/rewardsforeducation.com/wp-includes/blocks&viewfile=/home/o5t6x7pgljbm/public_html/rewardsforeducation.com/wp-includes/blocks/comments-pagination-previous.php HTTP/2.0" 200 3075 "-" "Mozilla/5.0 AppleWebKit/537.36 (KHTML, like Gecko; compatible; GPTBot/1.2; +https://openai.com/gptbot)" 52 **0/52597**
66.249.73.128 - - [11/Sep/2025:05:27:52 -0700] "GET /products/26751135 HTTP/1.1" 200 6216 "-" "Mozilla/5.0 (Linux; Android 6.0.1; Nexus 5X Build/MMB29P) AppleWebKit/537.36 (KHTML, like Gecko) Chrome/139.0.7258.154 Mobile Safari/537.36 (compatible; Googlebot/2.1; +http://www.google.com/bot.html)" 49 **0/49190**
66.249.73.132 - - [11/Sep/2025:05:27:52 -0700] "GET /products/30078746 HTTP/1.1" 200 6216 "-" "Mozilla/5.0 (Linux; Android 6.0.1; Nexus 5X Build/MMB29P) AppleWebKit/537.36 (KHTML, like Gecko) Chrome/139.0.7258.154 Mobile Safari/537.36 (compatible; Googlebot/2.1; +http://www.google.com/bot.html)" 62 **0/62206**
20.171.207.229 - - [11/Sep/2025:05:27:52 -0700] "GET /admin-post.php?path=//proc/self/root/proc/thread-self/root/proc/thread-self/root/proc/thread-self/root/proc/thread-self/root/proc/self/root/proc/self/root/proc/self/root/proc/self/root/proc/self/root/proc/self/cwd/admin/vendor/phpoption/phpoption/src HTTP/2.0" 200 2810 "-" "Mozilla/5.0 AppleWebKit/537.36 (KHTML, like Gecko; compatible; GPTBot/1.2; +https://openai.com/gptbot)" 56 **0/56686**
20.171.207.207 - - [11/Sep/2025:05:27:52 -0700] "GET /school-access?path=/home/o5t6x7pgljbm/public_html/rewardsforeducation.com/wp-includes/blocks&viewfile=/home/o5t6x7pgljbm/public_html/rewardsforeducation.com/wp-includes/blocks/comments-pagination.php HTTP/2.0" 200 2965 "-" "Mozilla/5.0 AppleWebKit/537.36 (KHTML, like Gecko; compatible; GPTBot/1.2; +https://openai.com/gptbot)" 49 **0/49612**
66.249.73.131 - - [11/Sep/2025:05:27:53 -0700] "GET /products/26225391 HTTP/1.1" 200 6216 "-" "Mozilla/5.0 (Linux; Android 6.0.1; Nexus 5X Build/MMB29P) AppleWebKit/537.36 (KHTML, like Gecko) Chrome/139.0.7258.154 Mobile Safari/537.36 (compatible; Googlebot/2.1; +http://www.google.com/bot.html)" 74 **0/74548**
20.171.207.229 - - [11/Sep/2025:05:27:53 -0700] "GET /admin-post.php?path=//proc/self/root/proc/thread-self/root/proc/thread-self/root/proc/thread-self/root/proc/thread-self/root/proc/self/root/proc/self/root/proc/self/root/proc/thread-self/cwd/admin/storage/framework/cache/data/de HTTP/2.0" 200 2858 "-" "Mozilla/5.0 AppleWebKit/537.36 (KHTML, like Gecko; compatible; GPTBot/1.2; +https://openai.com/gptbot)" 50 **0/50253**
20.171.207.207 - - [11/Sep/2025:05:27:54 -0700] "GET /school-access?path=/home/o5t6x7pgljbm/public_html/rewardsforeducation.com/wp-includes/blocks&viewfile=/home/o5t6x7pgljbm/public_html/rewardsforeducation.com/wp-includes/blocks/comments-title.php HTTP/2.0" 200 3306 "-" "Mozilla/5.0 AppleWebKit/537.36 (KHTML, like Gecko; compatible; GPTBot/1.2; +https://openai.com/gptbot)" 43 **0/43345**
66.249.73.130 - - [11/Sep/2025:05:27:54 -0700] "GET /products/21857280 HTTP/1.1" 200 6216 "-" "Mozilla/5.0 (Linux; Android 6.0.1; Nexus 5X Build/MMB29P) AppleWebKit/537.36 (KHTML, like Gecko) Chrome/139.0.7258.154 Mobile Safari/537.36 (compatible; Googlebot/2.1; +http://www.google.com/bot.html)" 52 **0/52697**
66.249.73.131 - - [11/Sep/2025:05:27:54 -0700] "GET /products/25979079 HTTP/1.1" 200 6216 "-" "Mozilla/5.0 (Linux; Android 6.0.1; Nexus 5X Build/MMB29P) AppleWebKit/537.36 (KHTML, like Gecko) Chrome/139.0.7258.154 Mobile Safari/537.36 (compatible; Googlebot/2.1; +http://www.google.com/bot.html)" 49 **0/49291**
20.171.207.207 - - [11/Sep/2025:05:27:55 -0700] "GET /school-access?path=/home/o5t6x7pgljbm/public_html/rewardsforeducation.com/wp-includes/fonts&viewfile=/home/o5t6x7pgljbm/public_html/rewardsforeducation.com/wp-includes/fonts/dashicons.eot HTTP/2.0" 200 32925 "-" "Mozilla/5.0 AppleWebKit/537.36 (KHTML, like Gecko; compatible; GPTBot/1.2; +https://openai.com/gptbot)" 49 **0/49484**
20.171.207.229 - - [11/Sep/2025:05:27:55 -0700] "GET /admin-post.php?path=//proc/self/root/proc/thread-self/root/proc/thread-self/root/proc/thread-self/root/proc/thread-self/root/proc/self/root/proc/self/root/usr/bin HTTP/2.0" 200 16220 "-" "Mozilla/5.0 AppleWebKit/537.36 (KHTML, like Gecko; compatible; GPTBot/1.2; +https://openai.com/gptbot)" 252 **0/252827**
66.249.73.132 - - [11/Sep/2025:05:27:55 -0700] "GET /products/5352957 HTTP/1.1" 200 6216 "-" "Mozilla/5.0 (Linux; Android 6.0.1; Nexus 5X Build/MMB29P) AppleWebKit/537.36 (KHTML, like Gecko) Chrome/139.0.7258.154 Mobile Safari/537.36 (compatible; Googlebot/2.1; +http://www.google.com/bot.html)" 43 **0/43151**
20.171.207.207 - - [11/Sep/2025:05:27:56 -0700] "GET /school-access?path=/home/o5t6x7pgljbm/public_html/rewardsforeducation.com/wp-includes/blocks&viewfile=/home/o5t6x7pgljbm/public_html/rewardsforeducation.com/wp-includes/blocks/latest-comments.php HTTP/2.0" 200 4235 "-" "Mozilla/5.0 AppleWebKit/537.36 (KHTML, like Gecko; compatible; GPTBot/1.2; +https://openai.com/gptbot)" 51 **0/51229**
66.249.73.128 - - [11/Sep/2025:05:27:57 -0700] "GET /products/24860213 HTTP/1.1" 200 6216 "-" "Mozilla/5.0 (Linux; Android 6.0.1; Nexus 5X Build/MMB29P) AppleWebKit/537.36 (KHTML, like Gecko) Chrome/139.0.7258.154 Mobile Safari/537.36 (compatible; Googlebot/2.1; +http://www.google.com/bot.html)" 48 **0/48886**
66.249.73.128 - - [11/Sep/2025:05:27:57 -0700] "GET /products/26160535 HTTP/1.1" 200 6216 "-" "Mozilla/5.0 (Linux; Android 6.0.1; Nexus 5X Build/MMB29P) AppleWebKit/537.36 (KHTML, like Gecko) Chrome/139.0.7258.154 Mobile Safari/537.36 (compatible; Googlebot/2.1; +http://www.google.com/bot.html)" 44 **0/44848**
20.171.207.207 - - [11/Sep/2025:05:27:57 -0700] "GET /school-access?path=/home/o5t6x7pgljbm/public_html/rewardsforeducation.com/wp-includes/fonts&viewfile=/home/o5t6x7pgljbm/public_html/rewardsforeducation.com/wp-includes/fonts/dashicons.woff HTTP/2.0" 200 24085 "-" "Mozilla/5.0 AppleWebKit/537.36 (KHTML, like Gecko; compatible; GPTBot/1.2; +https://openai.com/gptbot)" 93 **0/93504**
20.171.207.229 - - [11/Sep/2025:05:27:57 -0700] "GET /admin-post.php?path=//proc/self/root/proc/thread-self/root/proc/thread-self/root/proc/thread-self/root/proc/thread-self/root/proc/self/root/proc/self/root/usr/include HTTP/2.0" 200 10265 "-" "Mozilla/5.0 AppleWebKit/537.36 (KHTML, like Gecko; compatible; GPTBot/1.2; +https://openai.com/gptbot)" 221 **0/221484**
66.249.73.132 - - [11/Sep/2025:05:27:58 -0700] "GET /products/23076380 HTTP/1.1" 200 6216 "-" "Mozilla/5.0 (Linux; Android 6.0.1; Nexus 5X Build/MMB29P) AppleWebKit/537.36 (KHTML, like Gecko) Chrome/139.0.7258.154 Mobile Safari/537.36 (compatible; Googlebot/2.1; +http://www.google.com/bot.html)" 53 **0/53849**
