66.249.73.129 - - [11/Sep/2025:06:07:16 -0700] "GET /products/3217791 HTTP/1.1" 200 6216 "-" "Mozilla/5.0 (Linux; Android 6.0.1; Nexus 5X Build/MMB29P) AppleWebKit/537.36 (KHTML, like Gecko) Chrome/139.0.7258.154 Mobile Safari/537.36 (compatible; Googlebot/2.1; +http://www.google.com/bot.html)" 59 **0/59041**
66.249.73.129 - - [11/Sep/2025:06:07:20 -0700] "GET /products/31181524?path=/home/o5t6x7pgljbm/bin HTTP/1.1" 200 2270 "-" "Mozilla/5.0 (Linux; Android 6.0.1; Nexus 5X Build/MMB29P) AppleWebKit/537.36 (KHTML, like Gecko) Chrome/139.0.7258.154 Mobile Safari/537.36 (compatible; GoogleOther)" 54 **0/54399**
66.249.73.129 - - [11/Sep/2025:06:07:20 -0700] "GET /products/28084179 HTTP/1.1" 200 6216 "-" "Mozilla/5.0 (Linux; Android 6.0.1; Nexus 5X Build/MMB29P) AppleWebKit/537.36 (KHTML, like Gecko) Chrome/139.0.7258.154 Mobile Safari/537.36 (compatible; Googlebot/2.1; +http://www.google.com/bot.html)" 50 **0/50690**
20.171.207.207 - - [11/Sep/2025:06:07:26 -0700] "GET /privacy-policy/privacy-policy.html?path=//proc/irq HTTP/2.0" 200 3565 "-" "Mozilla/5.0 AppleWebKit/537.36 (KHTML, like Gecko; compatible; GPTBot/1.2; +https://openai.com/gptbot)" 49 **0/49002**
66.249.73.129 - - [11/Sep/2025:06:07:26 -0700] "GET /products/29158446 HTTP/1.1" 200 6216 "-" "Mozilla/5.0 (Linux; Android 6.0.1; Nexus 5X Build/MMB29P) AppleWebKit/537.36 (KHTML, like Gecko) Chrome/139.0.7258.154 Mobile Safari/537.36 (compatible; Googlebot/2.1; +http://www.google.com/bot.html)" 36 **0/36299**
20.171.207.207 - - [11/Sep/2025:06:07:27 -0700] "GET /privacy-policy/privacy-policy.html?path=//proc/tty HTTP/2.0" 200 2806 "-" "Mozilla/5.0 AppleWebKit/537.36 (KHTML, like Gecko; compatible; GPTBot/1.2; +https://openai.com/gptbot)" 43 **0/43488**
20.171.207.207 - - [11/Sep/2025:06:07:29 -0700] "GET /privacy-policy/privacy-policy.html?path=//proc/sys HTTP/2.0" 200 2772 "-" "Mozilla/5.0 AppleWebKit/537.36 (KHTML, like Gecko; compatible; GPTBot/1.2; +https://openai.com/gptbot)" 37 **0/37373**
66.249.73.129 - - [11/Sep/2025:06:07:31 -0700] "GET /products/30716246 HTTP/1.1" 200 6216 "-" "Mozilla/5.0 (Linux; Android 6.0.1; Nexus 5X Build/MMB29P) AppleWebKit/537.36 (KHTML, like Gecko) Chrome/139.0.7258.154 Mobile Safari/537.36 (compatible; Googlebot/2.1; +http://www.google.com/bot.html)" 47 **0/47373**
20.171.207.207 - - [11/Sep/2025:06:07:33 -0700] "GET /privacy-policy/privacy-policy.html?path=//var/log HTTP/2.0" 200 2778 "-" "Mozilla/5.0 AppleWebKit/537.36 (KHTML, like Gecko; compatible; GPTBot/1.2; +https://openai.com/gptbot)" 54 **0/54634**
20.171.207.207 - - [11/Sep/2025:06:07:35 -0700] "GET /privacy-policy/privacy-policy.html?path=//etc/pki HTTP/2.0" 200 2782 "-" "Mozilla/5.0 AppleWebKit/537.36 (KHTML, like Gecko; compatible; GPTBot/1.2; +https://openai.com/gptbot)" 42 **0/42451**
66.249.73.129 - - [11/Sep/2025:06:07:35 -0700] "GET /products/22594746 HTTP/1.1" 200 6216 "-" "Mozilla/5.0 (Linux; Android 6.0.1; Nexus 5X Build/MMB29P) AppleWebKit/537.36 (KHTML, like Gecko) Chrome/139.0.7258.154 Mobile Safari/537.36 (compatible; Googlebot/2.1; +http://www.google.com/bot.html)" 44 **0/44451**
20.171.207.207 - - [11/Sep/2025:06:07:40 -0700] "GET /privacy-policy/privacy-policy.html?path=//proc/lve HTTP/2.0" 200 2967 "-" "Mozilla/5.0 AppleWebKit/537.36 (KHTML, like Gecko; compatible; GPTBot/1.2; +https://openai.com/gptbot)" 46 **0/46883**
66.249.73.129 - - [11/Sep/2025:06:07:41 -0700] "GET /products/26222113 HTTP/1.1" 200 6216 "-" "Mozilla/5.0 (Linux; Android 6.0.1; Nexus 5X Build/MMB29P) AppleWebKit/537.36 (KHTML, like Gecko) Chrome/139.0.7258.154 Mobile Safari/537.36 (compatible; Googlebot/2.1; +http://www.google.com/bot.html)" 54 **0/54906**
20.171.207.207 - - [11/Sep/2025:06:07:43 -0700] "GET /privacy-policy/privacy-policy.html?path=//var/lve HTTP/2.0" 200 2816 "-" "Mozilla/5.0 AppleWebKit/537.36 (KHTML, like Gecko; compatible; GPTBot/1.2; +https://openai.com/gptbot)" 45 **0/45272**
20.171.207.207 - - [11/Sep/2025:06:07:44 -0700] "GET /privacy-policy/privacy-policy.html?path=//var/opt HTTP/2.0" 200 2535 "-" "Mozilla/5.0 AppleWebKit/537.36 (KHTML, like Gecko; compatible; GPTBot/1.2; +https://openai.com/gptbot)" 61 **0/61668**
66.249.73.129 - - [11/Sep/2025:06:07:45 -0700] "GET /products/29833757 HTTP/1.1" 200 6216 "-" "Mozilla/5.0 (Linux; Android 6.0.1; Nexus 5X Build/MMB29P) AppleWebKit/537.36 (KHTML, like Gecko) Chrome/139.0.7258.154 Mobile Safari/537.36 (compatible; Googlebot/2.1; +http://www.google.com/bot.html)" 56 **0/56231**
20.171.207.207 - - [11/Sep/2025:06:07:45 -0700] "GET /privacy-policy/privacy-policy.html?path=//var/tmp HTTP/2.0" 200 26882 "-" "Mozilla/5.0 AppleWebKit/537.36 (KHTML, like Gecko; compatible; GPTBot/1.2; +https://openai.com/gptbot)" 97 **0/97907**
185.191.171.4 - - [11/Sep/2025:06:07:46 -0700] "GET /events/2023-07-21/ HTTP/1.1" 200 7548 "-" "Mozilla/5.0 (compatible; SemrushBot/7~bl; +http://www.semrush.com/bot.html)" 49 **0/49165**
57.141.2.58 - - [11/Sep/2025:06:07:48 -0700] "GET /shopdetail/541715343 HTTP/2.0" 200 157330 "-" "meta-externalagent/1.1 (+https://developers.facebook.com/docs/sharing/webmasters/crawler)" 52 **0/52735**
157.55.39.8 - - [11/Sep/2025:06:07:48 -0700] "GET /products/22017235 HTTP/2.0" 200 6216 "-" "Mozilla/5.0 AppleWebKit/537.36 (KHTML, like Gecko; compatible; bingbot/2.0; +http://www.bing.com/bingbot.htm) Chrome/116.0.1938.76 Safari/537.36" 50 **0/50719**
157.55.39.8 - - [11/Sep/2025:06:07:48 -0700] "GET /products/16977680 HTTP/2.0" 200 6216 "-" "Mozilla/5.0 AppleWebKit/537.36 (KHTML, like Gecko; compatible; bingbot/2.0; +http://www.bing.com/bingbot.htm) Chrome/116.0.1938.76 Safari/537.36" 44 **0/44574**
20.171.207.207 - - [11/Sep/2025:06:07:48 -0700] "GET /privacy-policy/privacy-policy.html?path=//proc/fs/xfs HTTP/2.0" 200 2613 "-" "Mozilla/5.0 AppleWebKit/537.36 (KHTML, like Gecko; compatible; GPTBot/1.2; +https://openai.com/gptbot)" 48 **0/48862**
66.249.73.129 - - [11/Sep/2025:06:07:50 -0700] "GET /products/26822291 HTTP/1.1" 200 6216 "-" "Mozilla/5.0 (Linux; Android 6.0.1; Nexus 5X Build/MMB29P) AppleWebKit/537.36 (KHTML, like Gecko) Chrome/139.0.7258.154 Mobile Safari/537.36 (compatible; Googlebot/2.1; +http://www.google.com/bot.html)" 47 **0/47681**
207.46.13.130 - - [11/Sep/2025:06:07:54 -0700] "GET /products/25006991 HTTP/2.0" 200 6216 "-" "Mozilla/5.0 AppleWebKit/537.36 (KHTML, like Gecko; compatible; bingbot/2.0; +http://www.bing.com/bingbot.htm) Chrome/116.0.1938.76 Safari/537.36" 45 **0/45909**
20.171.207.207 - - [11/Sep/2025:06:07:54 -0700] "GET /privacy-policy/privacy-policy.html?path=//etc/scl/conf HTTP/2.0" 200 2881 "-" "Mozilla/5.0 AppleWebKit/537.36 (KHTML, like Gecko; compatible; GPTBot/1.2; +https://openai.com/gptbot)" 45 **0/45805**
207.46.13.130 - - [11/Sep/2025:06:07:54 -0700] "GET /products/22611457 HTTP/2.0" 200 6216 "-" "Mozilla/5.0 AppleWebKit/537.36 (KHTML, like Gecko; compatible; bingbot/2.0; +http://www.bing.com/bingbot.htm) Chrome/116.0.1938.76 Safari/537.36" 50 **0/50818**
20.171.207.207 - - [11/Sep/2025:06:07:55 -0700] "GET /privacy-policy/privacy-policy.html?path=//proc/sys/debug HTTP/2.0" 200 2631 "-" "Mozilla/5.0 AppleWebKit/537.36 (KHTML, like Gecko; compatible; GPTBot/1.2; +https://openai.com/gptbot)" 53 **0/53036**
66.249.73.129 - - [11/Sep/2025:06:07:56 -0700] "GET /products/27201668 HTTP/1.1" 200 6216 "-" "Mozilla/5.0 (Linux; Android 6.0.1; Nexus 5X Build/MMB29P) AppleWebKit/537.36 (KHTML, like Gecko) Chrome/139.0.7258.154 Mobile Safari/537.36 (compatible; Googlebot/2.1; +http://www.google.com/bot.html)" 51 **0/51225**
20.171.207.207 - - [11/Sep/2025:06:07:56 -0700] "GET /privacy-policy/privacy-policy.html?path=//proc/lve/per-lve HTTP/2.0" 200 2099 "-" "Mozilla/5.0 AppleWebKit/537.36 (KHTML, like Gecko; compatible; GPTBot/1.2; +https://openai.com/gptbot)" 39 **0/39859**
20.171.207.207 - - [11/Sep/2025:06:07:59 -0700] "GET /privacy-policy/privacy-policy.html?path=//proc/fs/nfsd HTTP/2.0" 200 2262 "-" "Mozilla/5.0 AppleWebKit/537.36 (KHTML, like Gecko; compatible; GPTBot/1.2; +https://openai.com/gptbot)" 49 **0/49062**
66.249.73.130 - - [11/Sep/2025:06:08:00 -0700] "GET /products/31246002 HTTP/1.1" 200 6216 "-" "Mozilla/5.0 (Linux; Android 6.0.1; Nexus 5X Build/MMB29P) AppleWebKit/537.36 (KHTML, like Gecko) Chrome/139.0.7258.154 Mobile Safari/537.36 (compatible; Googlebot/2.1; +http://www.google.com/bot.html)" 50 **0/50506**
216.73.216.124 - - [11/Sep/2025:06:08:01 -0700] "GET /index.php?path=%2Fhome%2Fo5t6x7pgljbm%2Fpublic_html%2Fadmin%2Fstorage%2Fframework%2Fcache%2Fdata HTTP/2.0" 200 6968 "-" "Mozilla/5.0 AppleWebKit/537.36 (KHTML, like Gecko; compatible; ClaudeBot/1.0; +claudebot@anthropic.com)" 86 **0/86630**
20.171.207.207 - - [11/Sep/2025:06:08:02 -0700] "GET /privacy-policy/privacy-policy.html?path=//var/tmp&viewfile=//var/tmp/upload-vgd1xm HTTP/2.0" 200 3158 "-" "Mozilla/5.0 AppleWebKit/537.36 (KHTML, like Gecko; compatible; GPTBot/1.2; +https://openai.com/gptbot)" 61 **0/61892**
20.171.207.207 - - [11/Sep/2025:06:08:03 -0700] "GET /privacy-policy/privacy-policy.html?path=//var/tmp&viewfile=//var/tmp/upload-jMlmw8 HTTP/2.0" 200 3159 "-" "Mozilla/5.0 AppleWebKit/537.36 (KHTML, like Gecko; compatible; GPTBot/1.2; +https://openai.com/gptbot)" 42 **0/42347**
20.171.207.229 - - [11/Sep/2025:06:08:04 -0700] "GET /admin-post.php?path=//proc/self/root/proc/thread-self/root/proc/thread-self/root/proc/thread-self/root/proc/thread-self/root/proc/self/root/proc/self/root/run/cagefs HTTP/2.0" 200 2761 "-" "Mozilla/5.0 AppleWebKit/537.36 (KHTML, like Gecko; compatible; GPTBot/1.2; +https://openai.com/gptbot)" 47 **0/47058**
20.171.207.207 - - [11/Sep/2025:06:08:05 -0700] "GET /privacy-policy/privacy-policy.html?path=//var/tmp&viewfile=//var/tmp/upload-XT2Tov HTTP/2.0" 200 3159 "-" "Mozilla/5.0 AppleWebKit/537.36 (KHTML, like Gecko; compatible; GPTBot/1.2; +https://openai.com/gptbot)" 46 **0/46004**
20.171.207.207 - - [11/Sep/2025:06:08:06 -0700] "GET /privacy-policy/privacy-policy.html?path=//var/tmp&viewfile=//var/tmp/upload-fStx9c HTTP/2.0" 200 3158 "-" "Mozilla/5.0 AppleWebKit/537.36 (KHTML, like Gecko; compatible; GPTBot/1.2; +https://openai.com/gptbot)" 46 **0/46760**
66.249.73.130 - - [11/Sep/2025:06:08:06 -0700] "GET /products/27072002 HTTP/1.1" 200 6216 "-" "Mozilla/5.0 (Linux; Android 6.0.1; Nexus 5X Build/MMB29P) AppleWebKit/537.36 (KHTML, like Gecko) Chrome/139.0.7258.154 Mobile Safari/537.36 (compatible; Googlebot/2.1; +http://www.google.com/bot.html)" 55 **0/55485**
20.171.207.207 - - [11/Sep/2025:06:08:08 -0700] "GET /privacy-policy/privacy-policy.html?path=//var/tmp&viewfile=//var/tmp/upload-2nyqcd HTTP/2.0" 200 3158 "-" "Mozilla/5.0 AppleWebKit/537.36 (KHTML, like Gecko; compatible; GPTBot/1.2; +https://openai.com/gptbot)" 42 **0/42285**
20.171.207.229 - - [11/Sep/2025:06:08:09 -0700] "GET /admin-post.php?path=//proc/self/root/proc/thread-self/root/proc/thread-self/root/proc/thread-self/root/proc/thread-self/root/proc/self/root/proc/self/task HTTP/2.0" 200 2668 "-" "Mozilla/5.0 AppleWebKit/537.36 (KHTML, like Gecko; compatible; GPTBot/1.2; +https://openai.com/gptbot)" 49 **0/49800**
167.114.139.8 - - [11/Sep/2025:06:08:10 -0700] "GET /shopdetail/90604130484 HTTP/2.0" 200 6216 "-" "Mozilla/5.0 (compatible; AhrefsBot/7.0; +http://ahrefs.com/robot/)" 50 **0/50943**
66.249.73.129 - - [11/Sep/2025:06:08:10 -0700] "GET /products/28504324 HTTP/1.1" 200 6216 "-" "Mozilla/5.0 (Linux; Android 6.0.1; Nexus 5X Build/MMB29P) AppleWebKit/537.36 (KHTML, like Gecko) Chrome/139.0.7258.154 Mobile Safari/537.36 (compatible; Googlebot/2.1; +http://www.google.com/bot.html)" 62 **0/62590**
20.171.207.207 - - [11/Sep/2025:06:08:14 -0700] "GET /privacy-policy/privacy-policy.html?path=//var/tmp&viewfile=//var/tmp/upload-cPehO6 HTTP/2.0" 200 3158 "-" "Mozilla/5.0 AppleWebKit/537.36 (KHTML, like Gecko; compatible; GPTBot/1.2; +https://openai.com/gptbot)" 41 **0/41190**
20.171.207.229 - - [11/Sep/2025:06:08:15 -0700] "GET /admin-post.php?path=//proc/self/root/proc/thread-self/root/proc/thread-self/root/proc/thread-self/root/proc/thread-self/root/proc/self/root/proc/self/cwd/routes HTTP/2.0" 200 2920 "-" "Mozilla/5.0 AppleWebKit/537.36 (KHTML, like Gecko; compatible; GPTBot/1.2; +https://openai.com/gptbot)" 48 **0/48948**
20.171.207.207 - - [11/Sep/2025:06:08:15 -0700] "GET /privacy-policy/privacy-policy.html?path=//var/tmp&viewfile=//var/tmp/upload-cwt9zH HTTP/2.0" 200 3159 "-" "Mozilla/5.0 AppleWebKit/537.36 (KHTML, like Gecko; compatible; GPTBot/1.2; +https://openai.com/gptbot)" 50 **0/50578**
66.249.73.129 - - [11/Sep/2025:06:08:15 -0700] "GET /products/22717791 HTTP/1.1" 200 6216 "-" "Mozilla/5.0 (Linux; Android 6.0.1; Nexus 5X Build/MMB29P) AppleWebKit/537.36 (KHTML, like Gecko) Chrome/139.0.7258.154 Mobile Safari/537.36 (compatible; Googlebot/2.1; +http://www.google.com/bot.html)" 52 **0/52432**
20.171.207.207 - - [11/Sep/2025:06:08:16 -0700] "GET /privacy-policy/privacy-policy.html?path=//proc/lve&viewfile=//proc/lve/defaults HTTP/2.0" 200 2403 "-" "Mozilla/5.0 AppleWebKit/537.36 (KHTML, like Gecko; compatible; GPTBot/1.2; +https://openai.com/gptbot)" 57 **0/57948**
20.171.207.207 - - [11/Sep/2025:06:08:17 -0700] "GET /privacy-policy/privacy-policy.html?path=//var/tmp&viewfile=//var/tmp/upload-VEc8Er HTTP/2.0" 200 3162 "-" "Mozilla/5.0 AppleWebKit/537.36 (KHTML, like Gecko; compatible; GPTBot/1.2; +https://openai.com/gptbot)" 55 **0/55488**
20.171.207.229 - - [11/Sep/2025:06:08:19 -0700] "GET /admin-post.php?path=//proc/self/root/proc/thread-self/root/proc/thread-self/root/proc/thread-self/root/proc/thread-self/root/proc/self/root/proc/self/root/lib/motd.d HTTP/2.0" 200 2393 "-" "Mozilla/5.0 AppleWebKit/537.36 (KHTML, like Gecko; compatible; GPTBot/1.2; +https://openai.com/gptbot)" 58 **0/58780**
20.171.207.207 - - [11/Sep/2025:06:08:20 -0700] "GET /privacy-policy/privacy-policy.html?path=//var/tmp&viewfile=//var/tmp/upload-9uojlY HTTP/2.0" 200 3159 "-" "Mozilla/5.0 AppleWebKit/537.36 (KHTML, like Gecko; compatible; GPTBot/1.2; +https://openai.com/gptbot)" 107 **0/107341**
66.249.73.129 - - [11/Sep/2025:06:08:21 -0700] "GET /products/22945791 HTTP/1.1" 200 6216 "-" "Mozilla/5.0 (Linux; Android 6.0.1; Nexus 5X Build/MMB29P) AppleWebKit/537.36 (KHTML, like Gecko) Chrome/139.0.7258.154 Mobile Safari/537.36 (compatible; Googlebot/2.1; +http://www.google.com/bot.html)" 55 **0/55990**
66.249.73.129 - - [11/Sep/2025:06:08:23 -0700] "GET /products/12771180?path=/home/o5t6x7pgljbm/www HTTP/1.1" 200 6212 "-" "Mozilla/5.0 (Linux; Android 6.0.1; Nexus 5X Build/MMB29P) AppleWebKit/537.36 (KHTML, like Gecko) Chrome/139.0.7258.154 Mobile Safari/537.36 (compatible; GoogleOther)" 55 **0/55986**
20.171.207.229 - - [11/Sep/2025:06:08:23 -0700] "GET /admin-post.php?path=//proc/self/root/proc/thread-self/root/proc/thread-self/root/proc/thread-self/root/proc/thread-self/root/proc/self/root/var/log HTTP/2.0" 200 2907 "-" "Mozilla/5.0 AppleWebKit/537.36 (KHTML, like Gecko; compatible; GPTBot/1.2; +https://openai.com/gptbot)" 51 **0/51648**
20.171.207.229 - - [11/Sep/2025:06:08:26 -0700] "GET /admin-post.php?path=//proc/self/root/proc/thread-self/root/proc/thread-self/root/proc/thread-self/root/proc/thread-self/root/proc/self/root/proc/sys/crypto HTTP/2.0" 200 2787 "-" "Mozilla/5.0 AppleWebKit/537.36 (KHTML, like Gecko; compatible; GPTBot/1.2; +https://openai.com/gptbot)" 41 **0/41413**
66.249.73.129 - - [11/Sep/2025:06:08:27 -0700] "GET /products/28238868 HTTP/1.1" 200 6216 "-" "Mozilla/5.0 (Linux; Android 6.0.1; Nexus 5X Build/MMB29P) AppleWebKit/537.36 (KHTML, like Gecko) Chrome/139.0.7258.154 Mobile Safari/537.36 (compatible; Googlebot/2.1; +http://www.google.com/bot.html)" 52 **0/52597**
20.171.207.229 - - [11/Sep/2025:06:08:30 -0700] "GET /admin-post.php?path=//proc/self/root/proc/thread-self/root/proc/thread-self/root/proc/thread-self/root/proc/thread-self/root/proc/self/root/proc/irq HTTP/2.0" 200 3727 "-" "Mozilla/5.0 AppleWebKit/537.36 (KHTML, like Gecko; compatible; GPTBot/1.2; +https://openai.com/gptbot)" 157 **0/157491**
66.249.73.129 - - [11/Sep/2025:06:08:31 -0700] "GET /products/22218379 HTTP/1.1" 200 6216 "-" "Mozilla/5.0 (Linux; Android 6.0.1; Nexus 5X Build/MMB29P) AppleWebKit/537.36 (KHTML, like Gecko) Chrome/139.0.7258.154 Mobile Safari/537.36 (compatible; Googlebot/2.1; +http://www.google.com/bot.html)" 58 **0/58547**
20.171.207.229 - - [11/Sep/2025:06:08:33 -0700] "GET /admin-post.php?path=//proc/self/root/proc/thread-self/root/proc/thread-self/root/proc/thread-self/root/proc/thread-self/root/proc/self/root/proc/thread-self/cwd/admin/vendor/symfony/http-kernel HTTP/2.0" 200 3806 "-" "Mozilla/5.0 AppleWebKit/537.36 (KHTML, like Gecko; compatible; GPTBot/1.2; +https://openai.com/gptbot)" 42 **0/42581**
20.171.207.229 - - [11/Sep/2025:06:08:35 -0700] "GET /admin-post.php?path=//proc/self/root/proc/thread-self/root/proc/thread-self/root/proc/thread-self/root/proc/thread-self/root/proc/self/root/proc/self/root/lib/kernel HTTP/2.0" 200 2682 "-" "Mozilla/5.0 AppleWebKit/537.36 (KHTML, like Gecko; compatible; GPTBot/1.2; +https://openai.com/gptbot)" 57 **0/57841**
66.249.73.129 - - [11/Sep/2025:06:08:36 -0700] "GET /products/22528735 HTTP/1.1" 200 6216 "-" "Mozilla/5.0 (Linux; Android 6.0.1; Nexus 5X Build/MMB29P) AppleWebKit/537.36 (KHTML, like Gecko) Chrome/139.0.7258.154 Mobile Safari/537.36 (compatible; Googlebot/2.1; +http://www.google.com/bot.html)" 41 **0/41905**
20.171.207.229 - - [11/Sep/2025:06:08:39 -0700] "GET /admin-post.php?path=//proc/self/root/proc/thread-self/root/proc/thread-self/root/proc/thread-self/root/proc/thread-self/root/proc/self/root/proc/self/root/usr/libexec HTTP/2.0" 200 3290 "-" "Mozilla/5.0 AppleWebKit/537.36 (KHTML, like Gecko; compatible; GPTBot/1.2; +https://openai.com/gptbot)" 47 **0/47657**
66.249.73.129 - - [11/Sep/2025:06:08:40 -0700] "GET /products/23148380 HTTP/1.1" 200 6216 "-" "Mozilla/5.0 (Linux; Android 6.0.1; Nexus 5X Build/MMB29P) AppleWebKit/537.36 (KHTML, like Gecko) Chrome/139.0.7258.154 Mobile Safari/537.36 (compatible; Googlebot/2.1; +http://www.google.com/bot.html)" 61 **0/61609**
20.171.207.229 - - [11/Sep/2025:06:08:40 -0700] "GET /admin-post.php?path=//proc/self/root/proc/thread-self/root/proc/thread-self/root/proc/thread-self/root/proc/thread-self/root/proc/self/root/lib/rpm HTTP/2.0" 200 3427 "-" "Mozilla/5.0 AppleWebKit/537.36 (KHTML, like Gecko; compatible; GPTBot/1.2; +https://openai.com/gptbot)" 47 **0/47796**
20.171.207.207 - - [11/Sep/2025:06:08:40 -0700] "GET /privacy-policy/privacy-policy.html?path=//etc/pki/java HTTP/2.0" 200 2594 "-" "Mozilla/5.0 AppleWebKit/537.36 (KHTML, like Gecko; compatible; GPTBot/1.2; +https://openai.com/gptbot)" 46 **0/46493**
20.171.207.229 - - [11/Sep/2025:06:08:42 -0700] "GET /admin-post.php?path=//proc/self/root/proc/thread-self/root/proc/thread-self/root/proc/thread-self/root/proc/thread-self/root/proc/self/root/opt/alt/libheif HTTP/2.0" 200 2717 "-" "Mozilla/5.0 AppleWebKit/537.36 (KHTML, like Gecko; compatible; GPTBot/1.2; +https://openai.com/gptbot)" 52 **0/52289**
20.171.207.229 - - [11/Sep/2025:06:08:44 -0700] "GET /admin-post.php?path=//proc/self/root/proc/thread-self/root/proc/thread-self/root/proc/thread-self/root/proc/thread-self/root/proc/self/root/proc/thread-self/cwd/admin/resources/views/vendor/laratrust/panel/roles-assignment HTTP/2.0" 200 2890 "-" "Mozilla/5.0 AppleWebKit/537.36 (KHTML, like Gecko; compatible; GPTBot/1.2; +https://openai.com/gptbot)" 35 **0/35399**
66.249.73.129 - - [11/Sep/2025:06:08:44 -0700] "GET /products/22877380 HTTP/1.1" 200 6216 "-" "Mozilla/5.0 (Linux; Android 6.0.1; Nexus 5X Build/MMB29P) AppleWebKit/537.36 (KHTML, like Gecko) Chrome/139.0.7258.154 Mobile Safari/537.36 (compatible; Googlebot/2.1; +http://www.google.com/bot.html)" 47 **0/47211**
66.249.74.34 - - [11/Sep/2025:06:08:45 -0700] "GET /hikaru.php?shopdetail/6972246800 HTTP/1.1" 200 1 "-" "Mozilla/5.0 (Linux; Android 6.0.1; Nexus 5X Build/MMB29P) AppleWebKit/537.36 (KHTML, like Gecko) Chrome/139.0.7258.154 Mobile Safari/537.36 (compatible; Googlebot/2.1; +http://www.google.com/bot.html)" 30 **0/30816**
20.171.207.229 - - [11/Sep/2025:06:08:45 -0700] "GET /admin-post.php?path=//proc/self/root/proc/thread-self/root/proc/thread-self/root/proc/thread-self/root/proc/thread-self/root/proc/self/root/proc/self/root/opt/liblve HTTP/2.0" 200 2862 "-" "Mozilla/5.0 AppleWebKit/537.36 (KHTML, like Gecko; compatible; GPTBot/1.2; +https://openai.com/gptbot)" 43 **0/43980**
20.171.207.229 - - [11/Sep/2025:06:08:47 -0700] "GET /admin-post.php?path=//proc/self/root/proc/thread-self/root/proc/thread-self/root/proc/thread-self/root/proc/thread-self/root/proc/self/root/etc/ld.so.conf.d HTTP/2.0" 200 3041 "-" "Mozilla/5.0 AppleWebKit/537.36 (KHTML, like Gecko; compatible; GPTBot/1.2; +https://openai.com/gptbot)" 45 **0/45926**
20.171.207.207 - - [11/Sep/2025:06:08:48 -0700] "GET /privacy-policy/privacy-policy.html?path=//etc/pki/nssdb HTTP/2.0" 200 2713 "-" "Mozilla/5.0 AppleWebKit/537.36 (KHTML, like Gecko; compatible; GPTBot/1.2; +https://openai.com/gptbot)" 58 **0/58093**
20.171.207.229 - - [11/Sep/2025:06:08:48 -0700] "GET /admin-post.php?path=//proc/self/root/proc/thread-self/root/proc/thread-self/root/proc/thread-self/root/proc/thread-self/root/proc/self/root/proc/bus HTTP/2.0" 200 2676 "-" "Mozilla/5.0 AppleWebKit/537.36 (KHTML, like Gecko; compatible; GPTBot/1.2; +https://openai.com/gptbot)" 51 **0/51405**
66.249.73.129 - - [11/Sep/2025:06:08:49 -0700] "GET /products/21132057 HTTP/1.1" 200 6216 "-" "Mozilla/5.0 (Linux; Android 6.0.1; Nexus 5X Build/MMB29P) AppleWebKit/537.36 (KHTML, like Gecko) Chrome/139.0.7258.154 Mobile Safari/537.36 (compatible; Googlebot/2.1; +http://www.google.com/bot.html)" 51 **0/51998**
20.171.207.207 - - [11/Sep/2025:06:08:50 -0700] "GET /privacy-policy/privacy-policy.html?path=//etc/fonts HTTP/2.0" 200 2761 "-" "Mozilla/5.0 AppleWebKit/537.36 (KHTML, like Gecko; compatible; GPTBot/1.2; +https://openai.com/gptbot)" 57 **0/57266**
20.171.207.229 - - [11/Sep/2025:06:08:50 -0700] "GET /admin-post.php?path=//proc/self/root/proc/thread-self/root/proc/thread-self/root/proc/thread-self/root/proc/thread-self/root/proc/self/root/proc/self/root/usr/lib HTTP/2.0" 200 4152 "-" "Mozilla/5.0 AppleWebKit/537.36 (KHTML, like Gecko; compatible; GPTBot/1.2; +https://openai.com/gptbot)" 67 **0/67236**
57.141.2.57 - - [11/Sep/2025:06:08:50 -0700] "GET /shopdetail/6527643642 HTTP/2.0" 200 157330 "-" "meta-externalagent/1.1 (+https://developers.facebook.com/docs/sharing/webmasters/crawler)" 64 **0/64271**
20.171.207.229 - - [11/Sep/2025:06:08:51 -0700] "GET /admin-post.php?path=//proc/self/root/proc/thread-self/root/proc/thread-self/root/proc/thread-self/root/proc/thread-self/root/proc/self/root/proc/thread-self/cwd/admin/vendor/spatie/ignition/resources/views HTTP/2.0" 200 2832 "-" "Mozilla/5.0 AppleWebKit/537.36 (KHTML, like Gecko; compatible; GPTBot/1.2; +https://openai.com/gptbot)" 40 **0/40348**
20.171.207.229 - - [11/Sep/2025:06:08:53 -0700] "GET /admin-post.php?path=//proc/self/root/proc/thread-self/root/proc/thread-self/root/proc/thread-self/root/proc/thread-self/root/proc/self/root/proc/self/cwd/assets HTTP/2.0" 200 2905 "-" "Mozilla/5.0 AppleWebKit/537.36 (KHTML, like Gecko; compatible; GPTBot/1.2; +https://openai.com/gptbot)" 44 **0/44544**
66.249.73.129 - - [11/Sep/2025:06:08:55 -0700] "GET /products/30402635 HTTP/1.1" 200 6216 "-" "Mozilla/5.0 (Linux; Android 6.0.1; Nexus 5X Build/MMB29P) AppleWebKit/537.36 (KHTML, like Gecko) Chrome/139.0.7258.154 Mobile Safari/537.36 (compatible; Googlebot/2.1; +http://www.google.com/bot.html)" 62 **0/62444**
52.167.144.183 - - [11/Sep/2025:06:08:58 -0700] "GET /products/5377035 HTTP/2.0" 200 6216 "-" "Mozilla/5.0 AppleWebKit/537.36 (KHTML, like Gecko; compatible; bingbot/2.0; +http://www.bing.com/bingbot.htm) Chrome/116.0.1938.76 Safari/537.36" 47 **0/47975**
20.171.207.207 - - [11/Sep/2025:06:08:58 -0700] "GET /privacy-policy/privacy-policy.html?path=//var/lib/mysql HTTP/2.0" 200 20527 "-" "Mozilla/5.0 AppleWebKit/537.36 (KHTML, like Gecko; compatible; GPTBot/1.2; +https://openai.com/gptbot)" 71 **0/71497**
20.171.207.229 - - [11/Sep/2025:06:08:58 -0700] "GET /admin-post.php?path=//proc/self/root/proc/thread-self/root/proc/thread-self/root/proc/thread-self/root/proc/thread-self/root/proc/self/root/proc/self/root/run/systemd HTTP/2.0" 200 2676 "-" "Mozilla/5.0 AppleWebKit/537.36 (KHTML, like Gecko; compatible; GPTBot/1.2; +https://openai.com/gptbot)" 49 **0/49830**
66.249.73.129 - - [11/Sep/2025:06:08:59 -0700] "GET /products/22843624?viewfile=/home/o5t6x7pgljbm/public_html/e.php&path=/home/o5t6x7pgljbm/public_html HTTP/1.1" 200 2545 "-" "Mozilla/5.0 (Linux; Android 6.0.1; Nexus 5X Build/MMB29P) AppleWebKit/537.36 (KHTML, like Gecko) Chrome/139.0.7258.154 Mobile Safari/537.36 (compatible; GoogleOther)" 38 **0/38270**
66.249.73.130 - - [11/Sep/2025:06:08:59 -0700] "GET /products/16858424 HTTP/1.1" 200 6216 "-" "Mozilla/5.0 (Linux; Android 6.0.1; Nexus 5X Build/MMB29P) AppleWebKit/537.36 (KHTML, like Gecko) Chrome/139.0.7258.154 Mobile Safari/537.36 (compatible; Googlebot/2.1; +http://www.google.com/bot.html)" 62 **0/62642**
20.171.207.229 - - [11/Sep/2025:06:09:01 -0700] "GET /admin-post.php?path=//proc/self/root/proc/thread-self/root/proc/thread-self/root/proc/thread-self/root/proc/thread-self/root/proc/self/root/proc/thread-self/cwd/admin/vendor/symfony/var-dumper HTTP/2.0" 200 3250 "-" "Mozilla/5.0 AppleWebKit/537.36 (KHTML, like Gecko; compatible; GPTBot/1.2; +https://openai.com/gptbot)" 60 **0/60688**
20.171.207.229 - - [11/Sep/2025:06:09:03 -0700] "GET /admin-post.php?path=//proc/self/root/proc/thread-self/root/proc/thread-self/root/proc/thread-self/root/proc/thread-self/root/proc/self/root/lib/rpm/fileattrs HTTP/2.0" 200 2842 "-" "Mozilla/5.0 AppleWebKit/537.36 (KHTML, like Gecko; compatible; GPTBot/1.2; +https://openai.com/gptbot)" 75 **0/75644**
20.171.207.207 - - [11/Sep/2025:06:09:04 -0700] "GET /privacy-policy/privacy-policy.html?path=//etc/pki/nssdb&viewfile=//etc/pki/nssdb/pkcs11.txt HTTP/2.0" 200 2693 "-" "Mozilla/5.0 AppleWebKit/537.36 (KHTML, like Gecko; compatible; GPTBot/1.2; +https://openai.com/gptbot)" 47 **0/47534**
20.171.207.229 - - [11/Sep/2025:06:09:05 -0700] "GET /admin-post.php?path=//proc/self/root/proc/thread-self/root/proc/thread-self/root/proc/thread-self/root/proc/thread-self/root/proc/self/root/proc/thread-self/cwd/admin/vendor/sebastian/code-unit/.psalm HTTP/2.0" 200 2855 "-" "Mozilla/5.0 AppleWebKit/537.36 (KHTML, like Gecko; compatible; GPTBot/1.2; +https://openai.com/gptbot)" 40 **0/40803**
216.73.216.124 - - [11/Sep/2025:06:09:05 -0700] "GET /index.php?path=%2Fhome%2Fo5t6x7pgljbm%2Fpublic_html%2Fvendor%2Fsebastian%2Fcomplexity%2F.psalm&viewfile=%2Fhome%2Fo5t6x7pgljbm%2Fpublic_html%2Fvendor%2Fsebastian%2Fcomplexity%2F.psalm%2Fbaseline.xml HTTP/2.0" 200 2591 "-" "Mozilla/5.0 AppleWebKit/537.36 (KHTML, like Gecko; compatible; ClaudeBot/1.0; +claudebot@anthropic.com)" 54 **0/54784**
20.171.207.229 - - [11/Sep/2025:06:09:06 -0700] "GET /admin-post.php?path=//proc/self/root/proc/thread-self/root/proc/thread-self/root/proc/thread-self/root/proc/thread-self/root/proc/self/root/proc/self/root/run/dbus HTTP/2.0" 200 2392 "-" "Mozilla/5.0 AppleWebKit/537.36 (KHTML, like Gecko; compatible; GPTBot/1.2; +https://openai.com/gptbot)" 43 **0/43596**
66.249.73.131 - - [11/Sep/2025:06:09:07 -0700] "GET /products/9357691 HTTP/1.1" 200 6216 "-" "Mozilla/5.0 (Linux; Android 6.0.1; Nexus 5X Build/MMB29P) AppleWebKit/537.36 (KHTML, like Gecko) Chrome/139.0.7258.154 Mobile Safari/537.36 (compatible; Googlebot/2.1; +http://www.google.com/bot.html)" 60 **0/60356**
20.171.207.229 - - [11/Sep/2025:06:09:08 -0700] "GET /admin-post.php?path=//proc/self/root/proc/thread-self/root/proc/thread-self/root/proc/thread-self/root/proc/thread-self/root/proc/self/root/proc/self/root/bin HTTP/2.0" 200 16181 "-" "Mozilla/5.0 AppleWebKit/537.36 (KHTML, like Gecko; compatible; GPTBot/1.2; +https://openai.com/gptbot)" 281 **0/281485**
20.171.207.229 - - [11/Sep/2025:06:09:09 -0700] "GET /admin-post.php?path=//proc/self/root/proc/thread-self/root/proc/thread-self/root/proc/thread-self/root/proc/thread-self/root/proc/self/root/var/cache HTTP/2.0" 200 2973 "-" "Mozilla/5.0 AppleWebKit/537.36 (KHTML, like Gecko; compatible; GPTBot/1.2; +https://openai.com/gptbot)" 46 **0/46055**
20.171.207.229 - - [11/Sep/2025:06:09:11 -0700] "GET /admin-post.php?path=//proc/self/root/proc/thread-self/root/proc/thread-self/root/proc/thread-self/root/proc/thread-self/root/proc/self/root/proc/bus/pci HTTP/2.0" 200 2967 "-" "Mozilla/5.0 AppleWebKit/537.36 (KHTML, like Gecko; compatible; GPTBot/1.2; +https://openai.com/gptbot)" 55 **0/55049**
20.171.207.207 - - [11/Sep/2025:06:09:11 -0700] "GET /privacy-policy/privacy-policy.html?path=//etc/pki/tls HTTP/2.0" 200 2890 "-" "Mozilla/5.0 AppleWebKit/537.36 (KHTML, like Gecko; compatible; GPTBot/1.2; +https://openai.com/gptbot)" 43 **0/43293**
66.249.73.130 - - [11/Sep/2025:06:09:12 -0700] "GET /products/29087257 HTTP/1.1" 200 6216 "-" "Mozilla/5.0 (Linux; Android 6.0.1; Nexus 5X Build/MMB29P) AppleWebKit/537.36 (KHTML, like Gecko) Chrome/139.0.7258.154 Mobile Safari/537.36 (compatible; Googlebot/2.1; +http://www.google.com/bot.html)" 60 **0/60705**
20.171.207.229 - - [11/Sep/2025:06:09:12 -0700] "GET /admin-post.php?path=//proc/self/root/proc/thread-self/root/proc/thread-self/root/proc/thread-self/root/proc/thread-self/root/proc/self/root/proc/self/cwd/wol HTTP/2.0" 200 2790 "-" "Mozilla/5.0 AppleWebKit/537.36 (KHTML, like Gecko; compatible; GPTBot/1.2; +https://openai.com/gptbot)" 37 **0/37234**
20.171.207.207 - - [11/Sep/2025:06:09:14 -0700] "GET /privacy-policy/privacy-policy.html?path=//proc/self HTTP/2.0" 200 3941 "-" "Mozilla/5.0 AppleWebKit/537.36 (KHTML, like Gecko; compatible; GPTBot/1.2; +https://openai.com/gptbot)" 59 **0/59214**
20.171.207.229 - - [11/Sep/2025:06:09:14 -0700] "GET /admin-post.php?path=//proc/self/root/proc/thread-self/root/proc/thread-self/root/proc/thread-self/root/proc/thread-self/root/proc/self/root/proc/self/root/usr/lib/locale HTTP/2.0" 200 3579 "-" "Mozilla/5.0 AppleWebKit/537.36 (KHTML, like Gecko; compatible; GPTBot/1.2; +https://openai.com/gptbot)" 67 **0/67136**
20.171.207.207 - - [11/Sep/2025:06:09:15 -0700] "GET /privacy-policy/privacy-policy.html?path=//etc/cl.nodejs HTTP/2.0" 200 2642 "-" "Mozilla/5.0 AppleWebKit/537.36 (KHTML, like Gecko; compatible; GPTBot/1.2; +https://openai.com/gptbot)" 44 **0/44519**
66.249.73.130 - - [11/Sep/2025:06:09:15 -0700] "GET /products/28151857?viewfile=/home/o5t6x7pgljbm/public_html/.editorconfig&path=/home/o5t6x7pgljbm/public_html HTTP/1.1" 200 2563 "-" "Mozilla/5.0 (Linux; Android 6.0.1; Nexus 5X Build/MMB29P) AppleWebKit/537.36 (KHTML, like Gecko) Chrome/139.0.7258.154 Mobile Safari/537.36 (compatible; GoogleOther)" 40 **0/40920**
20.171.207.229 - - [11/Sep/2025:06:09:15 -0700] "GET /admin-post.php?path=//proc/self/root/proc/thread-self/root/proc/thread-self/root/proc/thread-self/root/proc/thread-self/root/proc/self/root/proc/self/root/usr/lib/modules HTTP/2.0" 200 2849 "-" "Mozilla/5.0 AppleWebKit/537.36 (KHTML, like Gecko; compatible; GPTBot/1.2; +https://openai.com/gptbot)" 42 **0/42742**
20.171.207.207 - - [11/Sep/2025:06:09:16 -0700] "GET /privacy-policy/privacy-policy.html?path=//var/lib/mysql/wordpress23 HTTP/2.0" 200 2113 "-" "Mozilla/5.0 AppleWebKit/537.36 (KHTML, like Gecko; compatible; GPTBot/1.2; +https://openai.com/gptbot)" 60 **0/60221**
66.249.73.129 - - [11/Sep/2025:06:09:16 -0700] "GET /products/30067157 HTTP/1.1" 200 6216 "-" "Mozilla/5.0 (Linux; Android 6.0.1; Nexus 5X Build/MMB29P) AppleWebKit/537.36 (KHTML, like Gecko) Chrome/139.0.7258.154 Mobile Safari/537.36 (compatible; Googlebot/2.1; +http://www.google.com/bot.html)" 50 **0/50061**
20.171.207.207 - - [11/Sep/2025:06:09:17 -0700] "GET /privacy-policy/privacy-policy.html?path=//var/lib/mysql/z4zvuwr8 HTTP/2.0" 200 2113 "-" "Mozilla/5.0 AppleWebKit/537.36 (KHTML, like Gecko; compatible; GPTBot/1.2; +https://openai.com/gptbot)" 47 **0/47260**
20.171.207.229 - - [11/Sep/2025:06:09:17 -0700] "GET /admin-post.php?path=//proc/self/root/proc/thread-self/root/proc/thread-self/root/proc/thread-self/root/proc/thread-self/root/proc/self/root/proc/self/root/usr/lib/tuned HTTP/2.0" 200 3443 "-" "Mozilla/5.0 AppleWebKit/537.36 (KHTML, like Gecko; compatible; GPTBot/1.2; +https://openai.com/gptbot)" 54 **0/54593**
20.171.207.207 - - [11/Sep/2025:06:09:18 -0700] "GET /privacy-policy/privacy-policy.html?path=//var/lib/mysql/i9709704_enbw1 HTTP/2.0" 200 2119 "-" "Mozilla/5.0 AppleWebKit/537.36 (KHTML, like Gecko; compatible; GPTBot/1.2; +https://openai.com/gptbot)" 61 **0/61027**
52.167.144.183 - - [11/Sep/2025:06:09:18 -0700] "GET /products/25766435 HTTP/2.0" 200 6216 "-" "Mozilla/5.0 AppleWebKit/537.36 (KHTML, like Gecko; compatible; bingbot/2.0; +http://www.bing.com/bingbot.htm) Chrome/116.0.1938.76 Safari/537.36" 45 **0/45094**
20.171.207.229 - - [11/Sep/2025:06:09:19 -0700] "GET /admin-post.php?path=//proc/self/root/proc/thread-self/root/proc/thread-self/root/proc/thread-self/root/proc/thread-self/root/proc/self/root/proc/self/root/usr/lib/motd.d HTTP/2.0" 200 2405 "-" "Mozilla/5.0 AppleWebKit/537.36 (KHTML, like Gecko; compatible; GPTBot/1.2; +https://openai.com/gptbot)" 71 **0/71890**
20.171.207.207 - - [11/Sep/2025:06:09:19 -0700] "GET /privacy-policy/privacy-policy.html?path=//var/lib/mysql/i9728705_dbaz1 HTTP/2.0" 200 2119 "-" "Mozilla/5.0 AppleWebKit/537.36 (KHTML, like Gecko; compatible; GPTBot/1.2; +https://openai.com/gptbot)" 52 **0/52381**
20.171.207.207 - - [11/Sep/2025:06:09:20 -0700] "GET /privacy-policy/privacy-policy.html?path=//var/lib/mysql/i9345942_xsjh1 HTTP/2.0" 200 2120 "-" "Mozilla/5.0 AppleWebKit/537.36 (KHTML, like Gecko; compatible; GPTBot/1.2; +https://openai.com/gptbot)" 57 **0/57465**
20.171.207.229 - - [11/Sep/2025:06:09:20 -0700] "GET /admin-post.php?path=//proc/self/root/proc/thread-self/root/proc/thread-self/root/proc/thread-self/root/proc/thread-self/root/proc/self/root/proc/self/root/usr/lib/rpm HTTP/2.0" 200 3459 "-" "Mozilla/5.0 AppleWebKit/537.36 (KHTML, like Gecko; compatible; GPTBot/1.2; +https://openai.com/gptbot)" 52 **0/52533**
66.249.73.129 - - [11/Sep/2025:06:09:21 -0700] "GET /products/27970435 HTTP/1.1" 200 6216 "-" "Mozilla/5.0 (Linux; Android 6.0.1; Nexus 5X Build/MMB29P) AppleWebKit/537.36 (KHTML, like Gecko) Chrome/139.0.7258.154 Mobile Safari/537.36 (compatible; Googlebot/2.1; +http://www.google.com/bot.html)" 49 **0/49845**
20.171.207.207 - - [11/Sep/2025:06:09:21 -0700] "GET /privacy-policy/privacy-policy.html?path=//var/lib/mysql/i9649879_ewck1 HTTP/2.0" 200 2119 "-" "Mozilla/5.0 AppleWebKit/537.36 (KHTML, like Gecko; compatible; GPTBot/1.2; +https://openai.com/gptbot)" 44 **0/44777**
20.171.207.207 - - [11/Sep/2025:06:09:23 -0700] "GET /privacy-policy/privacy-policy.html?path=//var/lib/mysql/i9685391_dufa1 HTTP/2.0" 200 2120 "-" "Mozilla/5.0 AppleWebKit/537.36 (KHTML, like Gecko; compatible; GPTBot/1.2; +https://openai.com/gptbot)" 55 **0/55645**
20.171.207.229 - - [11/Sep/2025:06:09:23 -0700] "GET /admin-post.php?path=//proc/self/root/proc/thread-self/root/proc/thread-self/root/proc/thread-self/root/proc/thread-self/root/proc/self/root/proc/self/root/usr/lib/gcc HTTP/2.0" 200 2708 "-" "Mozilla/5.0 AppleWebKit/537.36 (KHTML, like Gecko; compatible; GPTBot/1.2; +https://openai.com/gptbot)" 55 **0/55366**
20.171.207.207 - - [11/Sep/2025:06:09:24 -0700] "GET /privacy-policy/privacy-policy.html?path=//var/lib/mysql/i9709626_xcdf1 HTTP/2.0" 200 2119 "-" "Mozilla/5.0 AppleWebKit/537.36 (KHTML, like Gecko; compatible; GPTBot/1.2; +https://openai.com/gptbot)" 37 **0/37031**
20.171.207.229 - - [11/Sep/2025:06:09:25 -0700] "GET /admin-post.php?path=//proc/self/root/proc/thread-self/root/proc/thread-self/root/proc/thread-self/root/proc/thread-self/root/proc/self/root/proc/self/root/lib/dracut HTTP/2.0" 200 3149 "-" "Mozilla/5.0 AppleWebKit/537.36 (KHTML, like Gecko; compatible; GPTBot/1.2; +https://openai.com/gptbot)" 49 **0/49657**
66.249.73.129 - - [11/Sep/2025:06:09:25 -0700] "GET /products/17992702?viewfile=/home/o5t6x7pgljbm/.wget-hsts&path=/home/o5t6x7pgljbm HTTP/1.1" 200 2535 "-" "Mozilla/5.0 (Linux; Android 6.0.1; Nexus 5X Build/MMB29P) AppleWebKit/537.36 (KHTML, like Gecko) Chrome/139.0.7258.154 Mobile Safari/537.36 (compatible; GoogleOther)" 66 **0/66714**
20.171.207.207 - - [11/Sep/2025:06:09:25 -0700] "GET /privacy-policy/privacy-policy.html?path=//var/lib/mysql/i9710900_jxgw1 HTTP/2.0" 200 2119 "-" "Mozilla/5.0 AppleWebKit/537.36 (KHTML, like Gecko; compatible; GPTBot/1.2; +https://openai.com/gptbot)" 45 **0/45974**
20.171.207.207 - - [11/Sep/2025:06:09:26 -0700] "GET /privacy-policy/privacy-policy.html?path=//var/lib/mysql/i9638251_tuwo1 HTTP/2.0" 200 2120 "-" "Mozilla/5.0 AppleWebKit/537.36 (KHTML, like Gecko; compatible; GPTBot/1.2; +https://openai.com/gptbot)" 46 **0/46859**
20.171.207.229 - - [11/Sep/2025:06:09:27 -0700] "GET /admin-post.php?path=//proc/self/root/proc/thread-self/root/proc/thread-self/root/proc/thread-self/root/proc/thread-self/root/proc/self/root/proc/self/root/usr/lib/dracut HTTP/2.0" 200 3160 "-" "Mozilla/5.0 AppleWebKit/537.36 (KHTML, like Gecko; compatible; GPTBot/1.2; +https://openai.com/gptbot)" 51 **0/51551**
66.249.73.129 - - [11/Sep/2025:06:09:27 -0700] "GET /products/7134435 HTTP/1.1" 200 6216 "-" "Mozilla/5.0 (Linux; Android 6.0.1; Nexus 5X Build/MMB29P) AppleWebKit/537.36 (KHTML, like Gecko) Chrome/139.0.7258.154 Mobile Safari/537.36 (compatible; Googlebot/2.1; +http://www.google.com/bot.html)" 54 **0/54104**
142.44.220.170 - - [11/Sep/2025:06:09:27 -0700] "GET /shopdetail/54171172477 HTTP/2.0" 200 6216 "-" "Mozilla/5.0 (compatible; AhrefsBot/7.0; +http://ahrefs.com/robot/)" 54 **0/54613**
20.171.207.207 - - [11/Sep/2025:06:09:27 -0700] "GET /privacy-policy/privacy-policy.html?path=//var/lib/mysql/i9697578_gosw1 HTTP/2.0" 200 2119 "-" "Mozilla/5.0 AppleWebKit/537.36 (KHTML, like Gecko; compatible; GPTBot/1.2; +https://openai.com/gptbot)" 50 **0/50346**
20.171.207.229 - - [11/Sep/2025:06:09:28 -0700] "GET /admin-post.php?path=//proc/self/root/proc/thread-self/root/proc/thread-self/root/proc/thread-self/root/proc/thread-self/root/proc/self/root/proc/self/root/bin&viewfile=//proc/self/root/proc/thread-self/root/proc/thread-self/root/proc/thread-self/root/proc/thread-self/root/proc/self/root/proc/self/root/bin/sort HTTP/2.0" 200 52249 "-" "Mozilla/5.0 AppleWebKit/537.36 (KHTML, like Gecko; compatible; GPTBot/1.2; +https://openai.com/gptbot)" 73 **0/73593**
20.171.207.207 - - [11/Sep/2025:06:09:28 -0700] "GET /privacy-policy/privacy-policy.html?path=//var/lib/mysql/i9634118_nfnq1 HTTP/2.0" 200 2118 "-" "Mozilla/5.0 AppleWebKit/537.36 (KHTML, like Gecko; compatible; GPTBot/1.2; +https://openai.com/gptbot)" 44 **0/44848**
20.171.207.229 - - [11/Sep/2025:06:09:30 -0700] "GET /admin-post.php?path=//proc/self/root/proc/thread-self/root/proc/thread-self/root/proc/thread-self/root/proc/thread-self/root/proc/self/root/var/cache/man HTTP/2.0" 200 3214 "-" "Mozilla/5.0 AppleWebKit/537.36 (KHTML, like Gecko; compatible; GPTBot/1.2; +https://openai.com/gptbot)" 67 **0/67273**
20.171.207.207 - - [11/Sep/2025:06:09:30 -0700] "GET /privacy-policy/privacy-policy.html?path=//var/lib/mysql/i9728705_ezyo1 HTTP/2.0" 200 2119 "-" "Mozilla/5.0 AppleWebKit/537.36 (KHTML, like Gecko; compatible; GPTBot/1.2; +https://openai.com/gptbot)" 47 **0/47367**
20.171.207.207 - - [11/Sep/2025:06:09:31 -0700] "GET /privacy-policy/privacy-policy.html?path=//var/lib/mysql/i9848018_xzqn1 HTTP/2.0" 200 2119 "-" "Mozilla/5.0 AppleWebKit/537.36 (KHTML, like Gecko; compatible; GPTBot/1.2; +https://openai.com/gptbot)" 42 **0/42705**
20.171.207.229 - - [11/Sep/2025:06:09:31 -0700] "GET /admin-post.php?path=//proc/self/root/proc/thread-self/root/proc/thread-self/root/proc/thread-self/root/proc/thread-self/root/proc/self/root/proc/self/root/bin&viewfile=//proc/self/root/proc/thread-self/root/proc/thread-self/root/proc/thread-self/root/proc/thread-self/root/proc/self/root/proc/self/root/bin/addr2line HTTP/2.0" 200 13789 "-" "Mozilla/5.0 AppleWebKit/537.36 (KHTML, like Gecko; compatible; GPTBot/1.2; +https://openai.com/gptbot)" 46 **0/46767**
20.171.207.207 - - [11/Sep/2025:06:09:32 -0700] "GET /privacy-policy/privacy-policy.html?path=//var/lib/mysql/i9704074_hjnk1 HTTP/2.0" 200 2118 "-" "Mozilla/5.0 AppleWebKit/537.36 (KHTML, like Gecko; compatible; GPTBot/1.2; +https://openai.com/gptbot)" 34 **0/34473**
20.171.207.229 - - [11/Sep/2025:06:09:33 -0700] "GET /admin-post.php?path=//proc/self/root/proc/thread-self/root/proc/thread-self/root/proc/thread-self/root/proc/thread-self/root/proc/self/root/proc/self/cwd/resources HTTP/2.0" 200 2957 "-" "Mozilla/5.0 AppleWebKit/537.36 (KHTML, like Gecko; compatible; GPTBot/1.2; +https://openai.com/gptbot)" 49 **0/49085**
20.171.207.207 - - [11/Sep/2025:06:09:33 -0700] "GET /privacy-policy/privacy-policy.html?path=//var/lib/mysql/i9685391_fzbz1 HTTP/2.0" 200 2119 "-" "Mozilla/5.0 AppleWebKit/537.36 (KHTML, like Gecko; compatible; GPTBot/1.2; +https://openai.com/gptbot)" 34 **0/34271**
20.171.207.229 - - [11/Sep/2025:06:09:34 -0700] "GET /admin-post.php?path=//proc/self/root/proc/thread-self/root/proc/thread-self/root/proc/thread-self/root/proc/thread-self/root/proc/self/root/usr/selector.etc HTTP/2.0" 200 2717 "-" "Mozilla/5.0 AppleWebKit/537.36 (KHTML, like Gecko; compatible; GPTBot/1.2; +https://openai.com/gptbot)" 47 **0/47397**
66.249.73.129 - - [11/Sep/2025:06:09:34 -0700] "GET /products/29945491 HTTP/1.1" 200 6216 "-" "Mozilla/5.0 (Linux; Android 6.0.1; Nexus 5X Build/MMB29P) AppleWebKit/537.36 (KHTML, like Gecko) Chrome/139.0.7258.154 Mobile Safari/537.36 (compatible; Googlebot/2.1; +http://www.google.com/bot.html)" 49 **0/49701**
20.171.207.207 - - [11/Sep/2025:06:09:35 -0700] "GET /privacy-policy/privacy-policy.html?path=//var/lib/mysql/i9719027_wbze1 HTTP/2.0" 200 2119 "-" "Mozilla/5.0 AppleWebKit/537.36 (KHTML, like Gecko; compatible; GPTBot/1.2; +https://openai.com/gptbot)" 48 **0/48708**
20.171.207.229 - - [11/Sep/2025:06:09:36 -0700] "GET /admin-post.php?path=//proc/self/root/proc/thread-self/root/proc/thread-self/root/proc/thread-self/root/proc/thread-self/root/proc/self/root/opt/alt/zeromq HTTP/2.0" 200 2676 "-" "Mozilla/5.0 AppleWebKit/537.36 (KHTML, like Gecko; compatible; GPTBot/1.2; +https://openai.com/gptbot)" 50 **0/50078**
20.171.207.207 - - [11/Sep/2025:06:09:36 -0700] "GET /privacy-policy/privacy-policy.html?path=//var/lib/mysql/i9636995_c3bs1 HTTP/2.0" 200 2118 "-" "Mozilla/5.0 AppleWebKit/537.36 (KHTML, like Gecko; compatible; GPTBot/1.2; +https://openai.com/gptbot)" 47 **0/47738**
20.171.207.207 - - [11/Sep/2025:06:09:37 -0700] "GET /privacy-policy/privacy-policy.html?path=//var/lib/mysql/i9764627_cca11 HTTP/2.0" 200 2119 "-" "Mozilla/5.0 AppleWebKit/537.36 (KHTML, like Gecko; compatible; GPTBot/1.2; +https://openai.com/gptbot)" 90 **0/90525**
20.171.207.229 - - [11/Sep/2025:06:09:37 -0700] "GET /admin-post.php?path=//proc/self/root/proc/thread-self/root/proc/thread-self/root/proc/thread-self/root/proc/thread-self/root/proc/self/root/var/tmp HTTP/2.0" 200 28671 "-" "Mozilla/5.0 AppleWebKit/537.36 (KHTML, like Gecko; compatible; GPTBot/1.2; +https://openai.com/gptbot)" 422 **0/422213**
66.249.74.35 - - [11/Sep/2025:06:09:38 -0700] "GET /shopdetail/69492298747?path=/home/o5t6x7pgljbm/public_html/countyacademy.com/wp-content/plugins/colibri-page-builder/utils HTTP/1.1" 200 2975 "-" "Mozilla/5.0 (Linux; Android 6.0.1; Nexus 5X Build/MMB29P) AppleWebKit/537.36 (KHTML, like Gecko) Chrome/139.0.7258.154 Mobile Safari/537.36 (compatible; GoogleOther)" 90 **0/90931**
66.249.73.129 - - [11/Sep/2025:06:09:38 -0700] "GET /products/28599968 HTTP/1.1" 200 6216 "-" "Mozilla/5.0 (Linux; Android 6.0.1; Nexus 5X Build/MMB29P) AppleWebKit/537.36 (KHTML, like Gecko) Chrome/139.0.7258.154 Mobile Safari/537.36 (compatible; Googlebot/2.1; +http://www.google.com/bot.html)" 42 **0/42440**
20.171.207.207 - - [11/Sep/2025:06:09:39 -0700] "GET /privacy-policy/privacy-policy.html?path=//var/lib/mysql/i9728978_fh7b1 HTTP/2.0" 200 2120 "-" "Mozilla/5.0 AppleWebKit/537.36 (KHTML, like Gecko; compatible; GPTBot/1.2; +https://openai.com/gptbot)" 46 **0/46500**
20.171.207.229 - - [11/Sep/2025:06:09:39 -0700] "GET /admin-post.php?path=//proc/self/root/proc/thread-self/root/proc/thread-self/root/proc/thread-self/root/proc/thread-self/root/proc/self/root/proc/self/root/usr/lib/rpm/platform HTTP/2.0" 200 3746 "-" "Mozilla/5.0 AppleWebKit/537.36 (KHTML, like Gecko; compatible; GPTBot/1.2; +https://openai.com/gptbot)" 65 **0/65848**
20.171.207.207 - - [11/Sep/2025:06:09:40 -0700] "GET /privacy-policy/privacy-policy.html?path=//var/lib/mysql/i9710900_lw0j1 HTTP/2.0" 200 2120 "-" "Mozilla/5.0 AppleWebKit/537.36 (KHTML, like Gecko; compatible; GPTBot/1.2; +https://openai.com/gptbot)" 56 **0/56083**
20.171.207.229 - - [11/Sep/2025:06:09:41 -0700] "GET /admin-post.php?path=//proc/self/root/proc/thread-self/root/proc/thread-self/root/proc/thread-self/root/proc/thread-self/root/proc/self/root/proc/self/root/usr/lib/rpm/redhat HTTP/2.0" 200 3249 "-" "Mozilla/5.0 AppleWebKit/537.36 (KHTML, like Gecko; compatible; GPTBot/1.2; +https://openai.com/gptbot)" 57 **0/57693**
20.171.207.207 - - [11/Sep/2025:06:09:41 -0700] "GET /privacy-policy/privacy-policy.html?path=//var/lib/mysql/i9704074_z4yw1 HTTP/2.0" 200 2119 "-" "Mozilla/5.0 AppleWebKit/537.36 (KHTML, like Gecko; compatible; GPTBot/1.2; +https://openai.com/gptbot)" 51 **0/51637**
20.171.207.207 - - [11/Sep/2025:06:09:42 -0700] "GET /privacy-policy/privacy-policy.html?path=//var/lib/mysql/i9718011_hy5p1 HTTP/2.0" 200 2119 "-" "Mozilla/5.0 AppleWebKit/537.36 (KHTML, like Gecko; compatible; GPTBot/1.2; +https://openai.com/gptbot)" 50 **0/50578**
20.171.207.229 - - [11/Sep/2025:06:09:42 -0700] "GET /admin-post.php?path=//proc/self/root/proc/thread-self/root/proc/thread-self/root/proc/thread-self/root/proc/thread-self/root/proc/self/root/proc/self/root/usr/lib/rpm/fileattrs HTTP/2.0" 200 2880 "-" "Mozilla/5.0 AppleWebKit/537.36 (KHTML, like Gecko; compatible; GPTBot/1.2; +https://openai.com/gptbot)" 51 **0/51292**
66.249.73.129 - - [11/Sep/2025:06:09:43 -0700] "GET /products/9105179 HTTP/1.1" 200 6216 "-" "Mozilla/5.0 (Linux; Android 6.0.1; Nexus 5X Build/MMB29P) AppleWebKit/537.36 (KHTML, like Gecko) Chrome/139.0.7258.154 Mobile Safari/537.36 (compatible; Googlebot/2.1; +http://www.google.com/bot.html)" 49 **0/49781**
20.171.207.207 - - [11/Sep/2025:06:09:43 -0700] "GET /privacy-policy/privacy-policy.html?path=//var/lib/mysql/i9717130_bvi51 HTTP/2.0" 200 2118 "-" "Mozilla/5.0 AppleWebKit/537.36 (KHTML, like Gecko; compatible; GPTBot/1.2; +https://openai.com/gptbot)" 43 **0/43358**
20.171.207.229 - - [11/Sep/2025:06:09:44 -0700] "GET /admin-post.php?path=//proc/self/root/proc/thread-self/root/proc/thread-self/root/proc/thread-self/root/proc/thread-self/root/proc/self/root/proc/thread-self/cwd/app HTTP/2.0" 200 3042 "-" "Mozilla/5.0 AppleWebKit/537.36 (KHTML, like Gecko; compatible; GPTBot/1.2; +https://openai.com/gptbot)" 47 **0/47302**
20.171.207.207 - - [11/Sep/2025:06:09:44 -0700] "GET /privacy-policy/privacy-policy.html?path=//var/lib/mysql/i9742841_no4c1 HTTP/2.0" 200 2120 "-" "Mozilla/5.0 AppleWebKit/537.36 (KHTML, like Gecko; compatible; GPTBot/1.2; +https://openai.com/gptbot)" 37 **0/37776**
20.171.207.207 - - [11/Sep/2025:06:09:45 -0700] "GET /privacy-policy/privacy-policy.html?path=//var/lib/mysql/i9710900_cvz81 HTTP/2.0" 200 2119 "-" "Mozilla/5.0 AppleWebKit/537.36 (KHTML, like Gecko; compatible; GPTBot/1.2; +https://openai.com/gptbot)" 49 **0/49890**
20.171.207.207 - - [11/Sep/2025:06:09:46 -0700] "GET /privacy-policy/privacy-policy.html?path=//var/lib/mysql/i9703700_xqp01 HTTP/2.0" 200 2118 "-" "Mozilla/5.0 AppleWebKit/537.36 (KHTML, like Gecko; compatible; GPTBot/1.2; +https://openai.com/gptbot)" 37 **0/37665**
20.171.207.207 - - [11/Sep/2025:06:09:48 -0700] "GET /privacy-policy/privacy-policy.html?path=//var/lib/mysql/i9676382_amo71 HTTP/2.0" 200 2120 "-" "Mozilla/5.0 AppleWebKit/537.36 (KHTML, like Gecko; compatible; GPTBot/1.2; +https://openai.com/gptbot)" 58 **0/58675**
66.249.73.129 - - [11/Sep/2025:06:09:48 -0700] "GET /products/18927491 HTTP/1.1" 200 6216 "-" "Mozilla/5.0 (Linux; Android 6.0.1; Nexus 5X Build/MMB29P) AppleWebKit/537.36 (KHTML, like Gecko) Chrome/139.0.7258.154 Mobile Safari/537.36 (compatible; Googlebot/2.1; +http://www.google.com/bot.html)" 49 **0/49490**
20.171.207.207 - - [11/Sep/2025:06:09:49 -0700] "GET /privacy-policy/privacy-policy.html?path=//var/lib/mysql/i9718011_v9nb1 HTTP/2.0" 200 2119 "-" "Mozilla/5.0 AppleWebKit/537.36 (KHTML, like Gecko; compatible; GPTBot/1.2; +https://openai.com/gptbot)" 39 **0/39307**
20.171.207.229 - - [11/Sep/2025:06:09:50 -0700] "GET /admin-post.php?path=//proc/self/root/proc/thread-self/root/proc/thread-self/root/proc/thread-self/root/proc/thread-self/root/proc/self/root/etc/default HTTP/2.0" 200 2758 "-" "Mozilla/5.0 AppleWebKit/537.36 (KHTML, like Gecko; compatible; GPTBot/1.2; +https://openai.com/gptbot)" 44 **0/44668**
20.171.207.207 - - [11/Sep/2025:06:09:50 -0700] "GET /privacy-policy/privacy-policy.html?path=//var/lib/mysql/i10063828_smsp1 HTTP/2.0" 200 2119 "-" "Mozilla/5.0 AppleWebKit/537.36 (KHTML, like Gecko; compatible; GPTBot/1.2; +https://openai.com/gptbot)" 56 **0/56536**
20.171.207.207 - - [11/Sep/2025:06:09:51 -0700] "GET /privacy-policy/privacy-policy.html?path=//var/lib/mysql/i9705773_qap41 HTTP/2.0" 200 2119 "-" "Mozilla/5.0 AppleWebKit/537.36 (KHTML, like Gecko; compatible; GPTBot/1.2; +https://openai.com/gptbot)" 43 **0/43517**
20.171.207.229 - - [11/Sep/2025:06:09:52 -0700] "GET /admin-post.php?path=//proc/self/root/proc/thread-self/root/proc/thread-self/root/proc/thread-self/root/proc/thread-self/root/proc/self/root/proc/self/fdinfo HTTP/2.0" 200 2846 "-" "Mozilla/5.0 AppleWebKit/537.36 (KHTML, like Gecko; compatible; GPTBot/1.2; +https://openai.com/gptbot)" 54 **0/54627**
