20.171.207.207 - - [11/Sep/2025:05:41:39 -0700] "GET //product//hoodie-with-zipper/%22?path=/home/o5t6x7pgljbm/public_html/sias-uganda.com&viewfile=/home/o5t6x7pgljbm/public_html/sias-uganda.com/deleteme.wpa25048d613084c35a9968b97429ab1bd.php HTTP/2.0" 200 6246 "-" "Mozilla/5.0 AppleWebKit/537.36 (KHTML, like Gecko; compatible; GPTBot/1.2; +https://openai.com/gptbot)" 53 **0/53605**
66.249.73.130 - - [11/Sep/2025:05:41:40 -0700] "GET /products/18575468 HTTP/1.1" 200 6216 "-" "Mozilla/5.0 (Linux; Android 6.0.1; Nexus 5X Build/MMB29P) AppleWebKit/537.36 (KHTML, like Gecko) Chrome/139.0.7258.154 Mobile Safari/537.36 (compatible; Googlebot/2.1; +http://www.google.com/bot.html)" 60 **0/60012**
20.171.207.229 - - [11/Sep/2025:05:41:40 -0700] "GET /admin-post.php?path=//proc/self/root/proc/thread-self/root/proc/thread-self/root/proc/thread-self/root/proc/thread-self/root/proc/self/root/proc/thread-self/cwd/public/app-assets/vendors/chartist-js/scss/settings HTTP/2.0" 200 2843 "-" "Mozilla/5.0 AppleWebKit/537.36 (KHTML, like Gecko; compatible; GPTBot/1.2; +https://openai.com/gptbot)" 53 **0/53244**
20.171.207.207 - - [11/Sep/2025:05:41:41 -0700] "GET //product//hoodie-with-zipper/%22?path=/home/o5t6x7pgljbm/public_html/sias-uganda.com&viewfile=/home/o5t6x7pgljbm/public_html/sias-uganda.com/deleteme.wp2ce8e6766d5b487a918d956b155b6a4a.php HTTP/2.0" 200 6244 "-" "Mozilla/5.0 AppleWebKit/537.36 (KHTML, like Gecko; compatible; GPTBot/1.2; +https://openai.com/gptbot)" 50 **0/50273**
20.171.207.229 - - [11/Sep/2025:05:41:42 -0700] "GET /admin-post.php?path=//proc/self/root/proc/thread-self/root/proc/thread-self/root/proc/thread-self/root/proc/thread-self/root/proc/self/root/proc/self/cwd/public/app-assets/vendors/data-tables/extensions HTTP/2.0" 200 2996 "-" "Mozilla/5.0 AppleWebKit/537.36 (KHTML, like Gecko; compatible; GPTBot/1.2; +https://openai.com/gptbot)" 61 **0/61275**
20.171.207.207 - - [11/Sep/2025:05:41:42 -0700] "GET //product//hoodie-with-zipper/%22?path=/home/o5t6x7pgljbm/public_html/sias-uganda.com&viewfile=/home/o5t6x7pgljbm/public_html/sias-uganda.com/wp-comments-post.php HTTP/2.0" 200 3481 "-" "Mozilla/5.0 AppleWebKit/537.36 (KHTML, like Gecko; compatible; GPTBot/1.2; +https://openai.com/gptbot)" 36 **0/36539**
20.171.207.207 - - [11/Sep/2025:05:41:43 -0700] "GET /phpMyAdmin6.0/index.php?path=/home/o5t6x7pgljbm/public_html/rewardsforeducation.com&viewfile=/home/o5t6x7pgljbm/public_html/rewardsforeducation.com/deleteme.wp78de131e129249a68a1475f0f14112cc.php HTTP/2.0" 200 6246 "-" "Mozilla/5.0 AppleWebKit/537.36 (KHTML, like Gecko; compatible; GPTBot/1.2; +https://openai.com/gptbot)" 43 **0/43058**
20.171.207.229 - - [11/Sep/2025:05:41:43 -0700] "GET /admin-post.php?path=//proc/self/root/proc/thread-self/root/proc/thread-self/root/proc/thread-self/root/proc/thread-self/root/proc/self/root/proc/thread-self/cwd/public/src/sass/themes/vertical-gradient-menu-template HTTP/2.0" 200 2930 "-" "Mozilla/5.0 AppleWebKit/537.36 (KHTML, like Gecko; compatible; GPTBot/1.2; +https://openai.com/gptbot)" 47 **0/47015**
66.249.73.131 - - [11/Sep/2025:05:41:44 -0700] "GET /products/11195813?viewfile=/home/o5t6x7pgljbm/.wget-hsts&path=/home/o5t6x7pgljbm HTTP/1.1" 200 2535 "-" "Mozilla/5.0 (Linux; Android 6.0.1; Nexus 5X Build/MMB29P) AppleWebKit/537.36 (KHTML, like Gecko) Chrome/139.0.7258.154 Mobile Safari/537.36 (compatible; GoogleOther)" 42 **0/42630**
20.171.207.207 - - [11/Sep/2025:05:41:44 -0700] "GET /phpMyAdmin-3/index.php?path=/home/o5t6x7pgljbm/public_html/rewardsforeducation.com&viewfile=/home/o5t6x7pgljbm/public_html/rewardsforeducation.com/deleteme.wp30ae10f2aa294880835e98614f8284c5.php HTTP/2.0" 200 6247 "-" "Mozilla/5.0 AppleWebKit/537.36 (KHTML, like Gecko; compatible; GPTBot/1.2; +https://openai.com/gptbot)" 48 **0/48089**
20.171.207.229 - - [11/Sep/2025:05:41:44 -0700] "GET /admin-post.php?path=//proc/self/root/proc/thread-self/root/proc/thread-self/root/proc/thread-self/root/proc/thread-self/root/proc/self/root/proc/self/cwd/public/app-assets/vendors/quill/assets/bubble HTTP/2.0" 200 2857 "-" "Mozilla/5.0 AppleWebKit/537.36 (KHTML, like Gecko; compatible; GPTBot/1.2; +https://openai.com/gptbot)" 50 **0/50132**
20.171.207.207 - - [11/Sep/2025:05:41:45 -0700] "GET /phpMyAdmin6.0/index.php?path=/home/o5t6x7pgljbm/public_html/rewardsforeducation.com&viewfile=/home/o5t6x7pgljbm/public_html/rewardsforeducation.com/deleteme.wpb0e91306410243c8a0523e36158c01c6.php HTTP/2.0" 200 6247 "-" "Mozilla/5.0 AppleWebKit/537.36 (KHTML, like Gecko; compatible; GPTBot/1.2; +https://openai.com/gptbot)" 63 **0/63583**
20.171.207.229 - - [11/Sep/2025:05:41:45 -0700] "GET /admin-post.php?path=//proc/self/root/proc/thread-self/root/proc/thread-self/root/proc/thread-self/root/proc/thread-self/root/proc/self/root/proc/self/cwd/public/app-assets/vendors/quill/ui HTTP/2.0" 200 2913 "-" "Mozilla/5.0 AppleWebKit/537.36 (KHTML, like Gecko; compatible; GPTBot/1.2; +https://openai.com/gptbot)" 48 **0/48974**
66.249.73.129 - - [11/Sep/2025:05:41:46 -0700] "GET /products/16632091 HTTP/1.1" 200 6216 "-" "Mozilla/5.0 (Linux; Android 6.0.1; Nexus 5X Build/MMB29P) AppleWebKit/537.36 (KHTML, like Gecko) Chrome/139.0.7258.154 Mobile Safari/537.36 (compatible; Googlebot/2.1; +http://www.google.com/bot.html)" 74 **0/74491**
66.249.73.129 - - [11/Sep/2025:05:41:46 -0700] "GET /products/8159302?viewfile=/home/o5t6x7pgljbm/public_html/2.php&path=/home/o5t6x7pgljbm/public_html HTTP/1.1" 200 2426 "-" "Mozilla/5.0 (Linux; Android 6.0.1; Nexus 5X Build/MMB29P) AppleWebKit/537.36 (KHTML, like Gecko) Chrome/139.0.7258.154 Mobile Safari/537.36 (compatible; GoogleOther)" 81 **0/81866**
20.171.207.207 - - [11/Sep/2025:05:41:46 -0700] "GET /phpMyAdmin-4/index.php?path=/home/o5t6x7pgljbm/public_html/rewardsforeducation.com&viewfile=/home/o5t6x7pgljbm/public_html/rewardsforeducation.com/deleteme.wpb0e91306410243c8a0523e36158c01c6.php HTTP/2.0" 200 6247 "-" "Mozilla/5.0 AppleWebKit/537.36 (KHTML, like Gecko; compatible; GPTBot/1.2; +https://openai.com/gptbot)" 65 **0/65207**
20.171.207.229 - - [11/Sep/2025:05:41:47 -0700] "GET /admin-post.php?path=//proc/self/root/proc/thread-self/root/proc/thread-self/root/proc/thread-self/root/proc/thread-self/root/proc/self/root/proc/self/cwd/public/app-assets/vendors/flag-icon HTTP/2.0" 200 2989 "-" "Mozilla/5.0 AppleWebKit/537.36 (KHTML, like Gecko; compatible; GPTBot/1.2; +https://openai.com/gptbot)" 53 **0/53885**
20.171.207.207 - - [11/Sep/2025:05:41:47 -0700] "GET /phpMyAdmin-4/index.php?path=/home/o5t6x7pgljbm/public_html/rewardsforeducation.com&viewfile=/home/o5t6x7pgljbm/public_html/rewardsforeducation.com/deleteme.wp00237d6e29b3437a8981b4b584c2eb46.php HTTP/2.0" 200 6249 "-" "Mozilla/5.0 AppleWebKit/537.36 (KHTML, like Gecko; compatible; GPTBot/1.2; +https://openai.com/gptbot)" 53 **0/53859**
20.171.207.229 - - [11/Sep/2025:05:41:48 -0700] "GET /admin-post.php?path=//proc/self/root/proc/thread-self/root/proc/thread-self/root/proc/thread-self/root/proc/thread-self/root/proc/self/root/proc/self/cwd/public/app-assets/fonts/material-design-icons HTTP/2.0" 200 2969 "-" "Mozilla/5.0 AppleWebKit/537.36 (KHTML, like Gecko; compatible; GPTBot/1.2; +https://openai.com/gptbot)" 62 **0/62681**
20.171.207.207 - - [11/Sep/2025:05:41:48 -0700] "GET /phpMyAdmin-4/index.php?path=/home/o5t6x7pgljbm/public_html/rewardsforeducation.com&viewfile=/home/o5t6x7pgljbm/public_html/rewardsforeducation.com/deleteme.wp78de131e129249a68a1475f0f14112cc.php HTTP/2.0" 200 6246 "-" "Mozilla/5.0 AppleWebKit/537.36 (KHTML, like Gecko; compatible; GPTBot/1.2; +https://openai.com/gptbot)" 51 **0/51890**
20.171.207.207 - - [11/Sep/2025:05:41:50 -0700] "GET /phpMyAdmin6.0/index.php?path=/home/o5t6x7pgljbm/public_html/rewardsforeducation.com&viewfile=/home/o5t6x7pgljbm/public_html/rewardsforeducation.com/deleteme.wp00237d6e29b3437a8981b4b584c2eb46.php HTTP/2.0" 200 6249 "-" "Mozilla/5.0 AppleWebKit/537.36 (KHTML, like Gecko; compatible; GPTBot/1.2; +https://openai.com/gptbot)" 49 **0/49119**
66.249.73.131 - - [11/Sep/2025:05:41:50 -0700] "GET /products/20739068 HTTP/1.1" 200 6216 "-" "Mozilla/5.0 (Linux; Android 6.0.1; Nexus 5X Build/MMB29P) AppleWebKit/537.36 (KHTML, like Gecko) Chrome/139.0.7258.154 Mobile Safari/537.36 (compatible; Googlebot/2.1; +http://www.google.com/bot.html)" 52 **0/52603**
20.171.207.229 - - [11/Sep/2025:05:41:50 -0700] "GET /admin-post.php?path=//proc/self/root/proc/thread-self/root/proc/thread-self/root/proc/thread-self/root/proc/thread-self/root/proc/self/root/proc/thread-self/cwd/public/app-assets/vendors/materialize-stepper HTTP/2.0" 200 2842 "-" "Mozilla/5.0 AppleWebKit/537.36 (KHTML, like Gecko; compatible; GPTBot/1.2; +https://openai.com/gptbot)" 52 **0/52055**
20.171.207.207 - - [11/Sep/2025:05:41:51 -0700] "GET /phpMyAdmin-4/index.php?path=/home/o5t6x7pgljbm/public_html/rewardsforeducation.com&viewfile=/home/o5t6x7pgljbm/public_html/rewardsforeducation.com/deleteme.wp30ae10f2aa294880835e98614f8284c5.php HTTP/2.0" 200 6247 "-" "Mozilla/5.0 AppleWebKit/537.36 (KHTML, like Gecko; compatible; GPTBot/1.2; +https://openai.com/gptbot)" 50 **0/50909**
20.171.207.229 - - [11/Sep/2025:05:41:52 -0700] "GET /admin-post.php?path=//proc/self/root/proc/thread-self/root/proc/thread-self/root/proc/thread-self/root/proc/thread-self/root/proc/self/root/proc/thread-self/cwd/public/app-assets/vendors/data-tables/extensions/responsive HTTP/2.0" 200 3089 "-" "Mozilla/5.0 AppleWebKit/537.36 (KHTML, like Gecko; compatible; GPTBot/1.2; +https://openai.com/gptbot)" 95 **0/95330**
20.171.207.207 - - [11/Sep/2025:05:41:52 -0700] "GET /adminer/index.php?path=/home/o5t6x7pgljbm/public_html/countyacademy.com/cgi-bin HTTP/2.0" 200 2656 "-" "Mozilla/5.0 AppleWebKit/537.36 (KHTML, like Gecko; compatible; GPTBot/1.2; +https://openai.com/gptbot)" 64 **0/64695**
20.171.207.207 - - [11/Sep/2025:05:41:53 -0700] "GET /program/index.php?path=/home/o5t6x7pgljbm/public_html/countyacademy.com/cgi-bin HTTP/2.0" 200 2656 "-" "Mozilla/5.0 AppleWebKit/537.36 (KHTML, like Gecko; compatible; GPTBot/1.2; +https://openai.com/gptbot)" 41 **0/41040**
20.171.207.229 - - [11/Sep/2025:05:41:53 -0700] "GET /admin-post.php?path=//proc/self/root/proc/thread-self/root/proc/thread-self/root/proc/thread-self/root/proc/thread-self/root/proc/self/root/proc/self/cwd/public/app-assets/images/favicon HTTP/2.0" 200 3169 "-" "Mozilla/5.0 AppleWebKit/537.36 (KHTML, like Gecko; compatible; GPTBot/1.2; +https://openai.com/gptbot)" 49 **0/49395**
66.249.73.130 - - [11/Sep/2025:05:41:54 -0700] "GET /products/19665757 HTTP/1.1" 200 6216 "-" "Mozilla/5.0 (Linux; Android 6.0.1; Nexus 5X Build/MMB29P) AppleWebKit/537.36 (KHTML, like Gecko) Chrome/139.0.7258.154 Mobile Safari/537.36 (compatible; Googlebot/2.1; +http://www.google.com/bot.html)" 59 **0/59579**
20.171.207.207 - - [11/Sep/2025:05:41:54 -0700] "GET /shopdetail/62563117357?path=/home/o5t6x7pgljbm/public_html/sias-uganda.com/wp-includes/css&viewfile=/home/o5t6x7pgljbm/public_html/sias-uganda.com/wp-includes/css/wp-empty-template-alert.css HTTP/2.0" 200 2645 "-" "Mozilla/5.0 AppleWebKit/537.36 (KHTML, like Gecko; compatible; GPTBot/1.2; +https://openai.com/gptbot)" 74 **0/74043**
20.171.207.229 - - [11/Sep/2025:05:41:55 -0700] "GET /admin-post.php?path=//proc/self/root/proc/thread-self/root/proc/thread-self/root/proc/thread-self/root/proc/thread-self/root/proc/self/root/proc/thread-self/cwd/public/goal_images HTTP/2.0" 200 3057 "-" "Mozilla/5.0 AppleWebKit/537.36 (KHTML, like Gecko; compatible; GPTBot/1.2; +https://openai.com/gptbot)" 49 **0/49543**
66.249.73.129 - - [11/Sep/2025:05:41:56 -0700] "GET /products/2867246 HTTP/1.1" 200 6216 "-" "Mozilla/5.0 (Linux; Android 6.0.1; Nexus 5X Build/MMB29P) AppleWebKit/537.36 (KHTML, like Gecko) Chrome/139.0.7258.154 Mobile Safari/537.36 (compatible; Googlebot/2.1; +http://www.google.com/bot.html)" 52 **0/52304**
20.171.207.229 - - [11/Sep/2025:05:41:56 -0700] "GET /admin-post.php?path=//proc/self/root/proc/thread-self/root/proc/thread-self/root/proc/thread-self/root/proc/thread-self/root/proc/self/root/proc/thread-self/cwd/public/app-assets/vendors/quill/assets HTTP/2.0" 200 3133 "-" "Mozilla/5.0 AppleWebKit/537.36 (KHTML, like Gecko; compatible; GPTBot/1.2; +https://openai.com/gptbot)" 48 **0/48920**
20.171.207.207 - - [11/Sep/2025:05:41:56 -0700] "GET /_phpMyAdmin/index.php?path=/home/o5t6x7pgljbm/public_html/wp-includes/blocks/comment-author-name HTTP/2.0" 200 2771 "-" "Mozilla/5.0 AppleWebKit/537.36 (KHTML, like Gecko; compatible; GPTBot/1.2; +https://openai.com/gptbot)" 59 **0/59782**
20.171.207.229 - - [11/Sep/2025:05:41:58 -0700] "GET /admin-post.php?path=//proc/self/root/proc/thread-self/root/proc/thread-self/root/proc/thread-self/root/proc/thread-self/root/proc/self/root/proc/thread-self/cwd/public/app-assets/vendors/quill/fonts HTTP/2.0" 200 2877 "-" "Mozilla/5.0 AppleWebKit/537.36 (KHTML, like Gecko; compatible; GPTBot/1.2; +https://openai.com/gptbot)" 52 **0/52955**
20.171.207.207 - - [11/Sep/2025:05:41:59 -0700] "GET /donations/tag/help?path=/home/o5t6x7pgljbm/www/tuitioncoin.org&viewfile=/home/o5t6x7pgljbm/www/tuitioncoin.org/deleteme.wpbbfedcafefea413dacdacf052a86bb32.php HTTP/2.0" 200 5280 "-" "Mozilla/5.0 AppleWebKit/537.36 (KHTML, like Gecko; compatible; GPTBot/1.2; +https://openai.com/gptbot)" 48 **0/48564**
20.171.207.229 - - [11/Sep/2025:05:41:59 -0700] "GET /admin-post.php?path=//proc/self/root/proc/thread-self/root/proc/thread-self/root/proc/thread-self/root/proc/thread-self/root/proc/self/root/proc/self/cwd/public/app-assets/vendors/data-tables/extensions/responsive HTTP/2.0" 200 3085 "-" "Mozilla/5.0 AppleWebKit/537.36 (KHTML, like Gecko; compatible; GPTBot/1.2; +https://openai.com/gptbot)" 51 **0/51177**
157.55.39.195 - - [11/Sep/2025:05:42:00 -0700] "GET /products/7069879 HTTP/2.0" 200 6216 "-" "Mozilla/5.0 AppleWebKit/537.36 (KHTML, like Gecko; compatible; bingbot/2.0; +http://www.bing.com/bingbot.htm) Chrome/116.0.1938.76 Safari/537.36" 68 **0/68996**
20.171.207.207 - - [11/Sep/2025:05:42:00 -0700] "GET /donations/tag/help?path=/home/o5t6x7pgljbm/www/wp-includes&viewfile=/home/o5t6x7pgljbm/www/wp-includes/class-walker-page.php HTTP/2.0" 200 4450 "-" "Mozilla/5.0 AppleWebKit/537.36 (KHTML, like Gecko; compatible; GPTBot/1.2; +https://openai.com/gptbot)" 62 **0/62851**
66.249.73.129 - - [11/Sep/2025:05:42:01 -0700] "GET /products/25641102 HTTP/1.1" 200 6216 "-" "Mozilla/5.0 (Linux; Android 6.0.1; Nexus 5X Build/MMB29P) AppleWebKit/537.36 (KHTML, like Gecko) Chrome/139.0.7258.154 Mobile Safari/537.36 (compatible; Googlebot/2.1; +http://www.google.com/bot.html)" 69 **0/69264**
20.171.207.229 - - [11/Sep/2025:05:42:01 -0700] "GET /admin-post.php?path=//proc/self/root/proc/thread-self/root/proc/thread-self/root/proc/thread-self/root/proc/thread-self/root/proc/self/root/proc/thread-self/cwd/public/app-assets/vendors/jkanban HTTP/2.0" 200 2832 "-" "Mozilla/5.0 AppleWebKit/537.36 (KHTML, like Gecko; compatible; GPTBot/1.2; +https://openai.com/gptbot)" 64 **0/64424**
20.171.207.207 - - [11/Sep/2025:05:42:01 -0700] "GET /phpMyAdmin-5.2/index.php?path=/home/o5t6x7pgljbm/public_html/admin/database&viewfile=/home/o5t6x7pgljbm/public_html/admin/database/.gitignore HTTP/2.0" 200 2470 "-" "Mozilla/5.0 AppleWebKit/537.36 (KHTML, like Gecko; compatible; GPTBot/1.2; +https://openai.com/gptbot)" 62 **0/62076**
66.249.73.129 - - [11/Sep/2025:05:42:02 -0700] "GET /products/18955080?viewfile=/home/o5t6x7pgljbm/public_html/.gitattributes&path=/home/o5t6x7pgljbm/public_html HTTP/1.1" 200 2525 "-" "Mozilla/5.0 (Linux; Android 6.0.1; Nexus 5X Build/MMB29P) AppleWebKit/537.36 (KHTML, like Gecko) Chrome/139.0.7258.154 Mobile Safari/537.36 (compatible; GoogleOther)" 52 **0/52427**
20.171.207.229 - - [11/Sep/2025:05:42:03 -0700] "GET /admin-post.php?path=//proc/self/root/proc/thread-self/root/proc/thread-self/root/proc/thread-self/root/proc/thread-self/root/proc/self/root/proc/thread-self/cwd/public/app-assets/vendors/quill/ui HTTP/2.0" 200 2915 "-" "Mozilla/5.0 AppleWebKit/537.36 (KHTML, like Gecko; compatible; GPTBot/1.2; +https://openai.com/gptbot)" 72 **0/72156**
20.171.207.207 - - [11/Sep/2025:05:42:05 -0700] "GET /product-category/clothing/hoodies/?path=/home/o5t6x7pgljbm/public_html/becourage.org/wp-includes/sodium_compat/src/Core32&viewfile=/home/o5t6x7pgljbm/public_html/becourage.org/wp-includes/sodium_compat/src/Core32/Salsa20.php HTTP/2.0" 200 4308 "-" "Mozilla/5.0 AppleWebKit/537.36 (KHTML, like Gecko; compatible; GPTBot/1.2; +https://openai.com/gptbot)" 64 **0/64483**
20.171.207.229 - - [11/Sep/2025:05:42:05 -0700] "GET /admin-post.php?path=//proc/self/root/proc/thread-self/root/proc/thread-self/root/proc/thread-self/root/proc/thread-self/root/proc/self/root/proc/self/cwd/public/app-assets/vendors/quill/assets/icons HTTP/2.0" 200 4388 "-" "Mozilla/5.0 AppleWebKit/537.36 (KHTML, like Gecko; compatible; GPTBot/1.2; +https://openai.com/gptbot)" 62 **0/62598**
66.249.73.129 - - [11/Sep/2025:05:42:06 -0700] "GET /products/29359324 HTTP/1.1" 200 6216 "-" "Mozilla/5.0 (Linux; Android 6.0.1; Nexus 5X Build/MMB29P) AppleWebKit/537.36 (KHTML, like Gecko) Chrome/139.0.7258.154 Mobile Safari/537.36 (compatible; Googlebot/2.1; +http://www.google.com/bot.html)" 56 **0/56235**
20.171.207.207 - - [11/Sep/2025:05:42:06 -0700] "GET /product-category/clothing/hoodies/?path=/home/o5t6x7pgljbm/public_html/becourage.org/wp-includes/sodium_compat/src/Core32&viewfile=/home/o5t6x7pgljbm/public_html/becourage.org/wp-includes/sodium_compat/src/Core32/XChaCha20.php HTTP/2.0" 200 3007 "-" "Mozilla/5.0 AppleWebKit/537.36 (KHTML, like Gecko; compatible; GPTBot/1.2; +https://openai.com/gptbot)" 52 **0/52158**
20.171.207.207 - - [11/Sep/2025:05:42:07 -0700] "GET /product-category/clothing/hoodies/?path=/home/o5t6x7pgljbm/public_html/becourage.org/wp-includes/sodium_compat/src/Core32&viewfile=/home/o5t6x7pgljbm/public_html/becourage.org/wp-includes/sodium_compat/src/Core32/HSalsa20.php HTTP/2.0" 200 3604 "-" "Mozilla/5.0 AppleWebKit/537.36 (KHTML, like Gecko; compatible; GPTBot/1.2; +https://openai.com/gptbot)" 52 **0/52482**
20.171.207.207 - - [11/Sep/2025:05:42:08 -0700] "GET /product-category/clothing/hoodies/?path=/home/o5t6x7pgljbm/public_html/becourage.org/wp-includes/sodium_compat/src/Core32&viewfile=/home/o5t6x7pgljbm/public_html/becourage.org/wp-includes/sodium_compat/src/Core32/ChaCha20.php HTTP/2.0" 200 4606 "-" "Mozilla/5.0 AppleWebKit/537.36 (KHTML, like Gecko; compatible; GPTBot/1.2; +https://openai.com/gptbot)" 58 **0/58079**
20.171.207.207 - - [11/Sep/2025:05:42:09 -0700] "GET /product-category/clothing/hoodies/?path=/home/o5t6x7pgljbm/public_html/becourage.org/wp-includes/sodium_compat/src/Core32&viewfile=/home/o5t6x7pgljbm/public_html/becourage.org/wp-includes/sodium_compat/src/Core32/HChaCha20.php HTTP/2.0" 200 3381 "-" "Mozilla/5.0 AppleWebKit/537.36 (KHTML, like Gecko; compatible; GPTBot/1.2; +https://openai.com/gptbot)" 62 **0/62181**
20.171.207.207 - - [11/Sep/2025:05:42:10 -0700] "GET /product-category/clothing/hoodies/?path=/home/o5t6x7pgljbm/public_html/becourage.org/wp-includes/sodium_compat/src/Core32&viewfile=/home/o5t6x7pgljbm/public_html/becourage.org/wp-includes/sodium_compat/src/Core32/XSalsa20.php HTTP/2.0" 200 2938 "-" "Mozilla/5.0 AppleWebKit/537.36 (KHTML, like Gecko; compatible; GPTBot/1.2; +https://openai.com/gptbot)" 65 **0/65161**
20.171.207.229 - - [11/Sep/2025:05:42:11 -0700] "GET /admin-post.php?path=//proc/self/root/proc/thread-self/root/proc/thread-self/root/proc/thread-self/root/proc/thread-self/root/proc/self/root/proc/self/cwd/public/group_images HTTP/2.0" 200 4356 "-" "Mozilla/5.0 AppleWebKit/537.36 (KHTML, like Gecko; compatible; GPTBot/1.2; +https://openai.com/gptbot)" 50 **0/50586**
20.171.207.229 - - [11/Sep/2025:05:42:13 -0700] "GET /admin-post.php?path=//proc/self/root/proc/thread-self/root/proc/thread-self/root/proc/thread-self/root/proc/thread-self/root/proc/self/root/proc/thread-self/cwd/public/app-assets/vendors/magnific-popup HTTP/2.0" 200 2873 "-" "Mozilla/5.0 AppleWebKit/537.36 (KHTML, like Gecko; compatible; GPTBot/1.2; +https://openai.com/gptbot)" 64 **0/64983**
20.171.207.207 - - [11/Sep/2025:05:42:14 -0700] "GET /_phpMyAdmin/index.php?path=/home/o5t6x7pgljbm/public_html/wp-includes/blocks/comment-author-name&viewfile=/home/o5t6x7pgljbm/public_html/wp-includes/blocks/comment-author-name/block.json HTTP/2.0" 200 2962 "-" "Mozilla/5.0 AppleWebKit/537.36 (KHTML, like Gecko; compatible; GPTBot/1.2; +https://openai.com/gptbot)" 59 **0/59223**
66.249.74.34 - - [11/Sep/2025:05:42:14 -0700] "GET /shopdetail/69492298747?path=/home/o5t6x7pgljbm/etc/coinsforcollege.org/@pwcache HTTP/1.1" 200 2697 "-" "Mozilla/5.0 (Linux; Android 6.0.1; Nexus 5X Build/MMB29P) AppleWebKit/537.36 (KHTML, like Gecko) Chrome/139.0.7258.154 Mobile Safari/537.36 (compatible; GoogleOther)" 51 **0/51945**
66.249.73.129 - - [11/Sep/2025:05:42:15 -0700] "GET /products/19156780 HTTP/1.1" 200 6216 "-" "Mozilla/5.0 (Linux; Android 6.0.1; Nexus 5X Build/MMB29P) AppleWebKit/537.36 (KHTML, like Gecko) Chrome/139.0.7258.154 Mobile Safari/537.36 (compatible; Googlebot/2.1; +http://www.google.com/bot.html)" 53 **0/53767**
20.171.207.229 - - [11/Sep/2025:05:42:15 -0700] "GET /admin-post.php?path=//proc/self/root/proc/thread-self/root/proc/thread-self/root/proc/thread-self/root/proc/thread-self/root/proc/self/root/proc/thread-self/cwd/public/app-assets/vendors/data-tables/extensions/responsive/js HTTP/2.0" 200 2919 "-" "Mozilla/5.0 AppleWebKit/537.36 (KHTML, like Gecko; compatible; GPTBot/1.2; +https://openai.com/gptbot)" 102 **0/102114**
20.171.207.229 - - [11/Sep/2025:05:42:17 -0700] "GET /admin-post.php?path=//proc/self/root/proc/thread-self/root/proc/thread-self/root/proc/thread-self/root/proc/thread-self/root/proc/self/root/proc/thread-self/cwd/public/src/sass/themes/vertical-dark-menu-template HTTP/2.0" 200 2927 "-" "Mozilla/5.0 AppleWebKit/537.36 (KHTML, like Gecko; compatible; GPTBot/1.2; +https://openai.com/gptbot)" 57 **0/57494**
20.171.207.229 - - [11/Sep/2025:05:42:19 -0700] "GET /admin-post.php?path=//proc/self/root/proc/thread-self/root/proc/thread-self/root/proc/thread-self/root/proc/thread-self/root/proc/self/root/proc/thread-self/cwd/public/src/template-builder/contents/sidebar HTTP/2.0" 200 2850 "-" "Mozilla/5.0 AppleWebKit/537.36 (KHTML, like Gecko; compatible; GPTBot/1.2; +https://openai.com/gptbot)" 60 **0/60683**
66.249.73.129 - - [11/Sep/2025:05:42:20 -0700] "GET /products/14546280 HTTP/1.1" 200 6216 "-" "Mozilla/5.0 (Linux; Android 6.0.1; Nexus 5X Build/MMB29P) AppleWebKit/537.36 (KHTML, like Gecko) Chrome/139.0.7258.154 Mobile Safari/537.36 (compatible; Googlebot/2.1; +http://www.google.com/bot.html)" 69 **0/69737**
66.249.73.129 - - [11/Sep/2025:05:42:20 -0700] "GET /products/16187224?path=/home/o5t6x7pgljbm/bin HTTP/1.1" 200 2270 "-" "Mozilla/5.0 (Linux; Android 6.0.1; Nexus 5X Build/MMB29P) AppleWebKit/537.36 (KHTML, like Gecko) Chrome/139.0.7258.154 Mobile Safari/537.36 (compatible; GoogleOther)" 72 **0/72924**
20.171.207.229 - - [11/Sep/2025:05:42:21 -0700] "GET /admin-post.php?path=//proc/self/root/proc/thread-self/root/proc/thread-self/root/proc/thread-self/root/proc/thread-self/root/proc/self/root/proc/thread-self/cwd/public/app-assets/vendors/quill/assets/icons HTTP/2.0" 200 4382 "-" "Mozilla/5.0 AppleWebKit/537.36 (KHTML, like Gecko; compatible; GPTBot/1.2; +https://openai.com/gptbot)" 73 **0/73546**
20.171.207.207 - - [11/Sep/2025:05:42:22 -0700] "GET /sermone/god-is-listening?path=//dev HTTP/2.0" 200 2802 "-" "Mozilla/5.0 AppleWebKit/537.36 (KHTML, like Gecko; compatible; GPTBot/1.2; +https://openai.com/gptbot)" 94 **0/94408**
20.171.207.229 - - [11/Sep/2025:05:42:22 -0700] "GET /admin-post.php?path=//proc/self/root/proc/thread-self/root/proc/thread-self/root/proc/thread-self/root/proc/thread-self/root/proc/self/root/proc/thread-self/cwd/public/app-assets/vendors/quill/themes HTTP/2.0" 200 2874 "-" "Mozilla/5.0 AppleWebKit/537.36 (KHTML, like Gecko; compatible; GPTBot/1.2; +https://openai.com/gptbot)" 97 **0/97997**
66.249.73.129 - - [11/Sep/2025:05:42:24 -0700] "GET /products/24805491 HTTP/1.1" 200 6216 "-" "Mozilla/5.0 (Linux; Android 6.0.1; Nexus 5X Build/MMB29P) AppleWebKit/537.36 (KHTML, like Gecko) Chrome/139.0.7258.154 Mobile Safari/537.36 (compatible; Googlebot/2.1; +http://www.google.com/bot.html)" 61 **0/61862**
20.171.207.229 - - [11/Sep/2025:05:42:24 -0700] "GET /admin-post.php?path=//proc/self/root/proc/thread-self/root/proc/thread-self/root/proc/thread-self/root/proc/thread-self/root/proc/self/root/proc/thread-self/cwd/public/app-assets/vendors/quill/assets/snow HTTP/2.0" 200 2860 "-" "Mozilla/5.0 AppleWebKit/537.36 (KHTML, like Gecko; compatible; GPTBot/1.2; +https://openai.com/gptbot)" 57 **0/57923**
20.171.207.229 - - [11/Sep/2025:05:42:26 -0700] "GET /admin-post.php?path=//proc/self/root/proc/thread-self/root/proc/thread-self/root/proc/thread-self/root/proc/thread-self/root/proc/self/root/proc/self/cwd/public/app-assets/vendors/jkanban HTTP/2.0" 200 2831 "-" "Mozilla/5.0 AppleWebKit/537.36 (KHTML, like Gecko; compatible; GPTBot/1.2; +https://openai.com/gptbot)" 60 **0/60859**
20.171.207.229 - - [11/Sep/2025:05:42:27 -0700] "GET /admin-post.php?path=//proc/self/root/proc/thread-self/root/proc/thread-self/root/proc/thread-self/root/proc/thread-self/root/proc/self/root/proc/self/cwd/public/product_claim_files HTTP/2.0" 200 2911 "-" "Mozilla/5.0 AppleWebKit/537.36 (KHTML, like Gecko; compatible; GPTBot/1.2; +https://openai.com/gptbot)" 62 **0/62325**
20.171.207.229 - - [11/Sep/2025:05:42:29 -0700] "GET /admin-post.php?path=//proc/self/root/proc/thread-self/root/proc/thread-self/root/proc/thread-self/root/proc/thread-self/root/proc/self/root/proc/thread-self/cwd/public/src/template-builder/includes HTTP/2.0" 200 2955 "-" "Mozilla/5.0 AppleWebKit/537.36 (KHTML, like Gecko; compatible; GPTBot/1.2; +https://openai.com/gptbot)" 79 **0/79858**
66.249.73.129 - - [11/Sep/2025:05:42:29 -0700] "GET /products/18196157 HTTP/1.1" 200 6216 "-" "Mozilla/5.0 (Linux; Android 6.0.1; Nexus 5X Build/MMB29P) AppleWebKit/537.36 (KHTML, like Gecko) Chrome/139.0.7258.154 Mobile Safari/537.36 (compatible; Googlebot/2.1; +http://www.google.com/bot.html)" 91 **0/91474**
20.171.207.229 - - [11/Sep/2025:05:42:30 -0700] "GET /admin-post.php?path=//proc/self/root/proc/thread-self/root/proc/thread-self/root/proc/thread-self/root/proc/thread-self/root/proc/self/root/proc/self/cwd/public/college_images HTTP/2.0" 200 3556 "-" "Mozilla/5.0 AppleWebKit/537.36 (KHTML, like Gecko; compatible; GPTBot/1.2; +https://openai.com/gptbot)" 68 **0/68318**
20.171.207.229 - - [11/Sep/2025:05:42:32 -0700] "GET /admin-post.php?path=//proc/self/root/proc/thread-self/root/proc/thread-self/root/proc/thread-self/root/proc/thread-self/root/proc/self/root/proc/self/cwd/public/app-assets/vendors/waypoints HTTP/2.0" 200 2885 "-" "Mozilla/5.0 AppleWebKit/537.36 (KHTML, like Gecko; compatible; GPTBot/1.2; +https://openai.com/gptbot)" 91 **0/91809**
20.171.207.229 - - [11/Sep/2025:05:42:34 -0700] "GET /admin-post.php?path=//proc/self/root/proc/thread-self/root/proc/thread-self/root/proc/thread-self/root/proc/thread-self/root/proc/self/root/proc/thread-self/cwd/public/group_images HTTP/2.0" 200 4350 "-" "Mozilla/5.0 AppleWebKit/537.36 (KHTML, like Gecko; compatible; GPTBot/1.2; +https://openai.com/gptbot)" 81 **0/81130**
66.249.73.129 - - [11/Sep/2025:05:42:35 -0700] "GET /products/24079724 HTTP/1.1" 200 6216 "-" "Mozilla/5.0 (Linux; Android 6.0.1; Nexus 5X Build/MMB29P) AppleWebKit/537.36 (KHTML, like Gecko) Chrome/139.0.7258.154 Mobile Safari/537.36 (compatible; Googlebot/2.1; +http://www.google.com/bot.html)" 114 **0/114814**
20.171.207.229 - - [11/Sep/2025:05:42:36 -0700] "GET /admin-post.php?path=//proc/self/root/proc/thread-self/root/proc/thread-self/root/proc/thread-self/root/proc/thread-self/root/proc/self/root/proc/thread-self/cwd/public/college_images HTTP/2.0" 200 3559 "-" "Mozilla/5.0 AppleWebKit/537.36 (KHTML, like Gecko; compatible; GPTBot/1.2; +https://openai.com/gptbot)" 91 **0/91162**
20.171.207.229 - - [11/Sep/2025:05:42:38 -0700] "GET /admin-post.php?path=//proc/self/root/proc/thread-self/root/proc/thread-self/root/proc/thread-self/root/proc/thread-self/root/proc/self/root/proc/self/cwd/public/app-assets/vendors/jquery-validation HTTP/2.0" 200 3068 "-" "Mozilla/5.0 AppleWebKit/537.36 (KHTML, like Gecko; compatible; GPTBot/1.2; +https://openai.com/gptbot)" 59 **0/59890**
66.249.73.129 - - [11/Sep/2025:05:42:38 -0700] "GET /products/20522746 HTTP/1.1" 200 6216 "-" "Mozilla/5.0 (Linux; Android 6.0.1; Nexus 5X Build/MMB29P) AppleWebKit/537.36 (KHTML, like Gecko) Chrome/139.0.7258.154 Mobile Safari/537.36 (compatible; Googlebot/2.1; +http://www.google.com/bot.html)" 48 **0/48088**
20.171.207.229 - - [11/Sep/2025:05:42:39 -0700] "GET /admin-post.php?path=//proc/self/root/proc/thread-self/root/proc/thread-self/root/proc/thread-self/root/proc/thread-self/root/proc/self/root/proc/thread-self/cwd/public/product_images/thumb HTTP/2.0" 200 6957 "-" "Mozilla/5.0 AppleWebKit/537.36 (KHTML, like Gecko; compatible; GPTBot/1.2; +https://openai.com/gptbot)" 95 **0/95503**
15.235.98.102 - - [11/Sep/2025:05:42:39 -0700] "GET /shopdetail/6256312868 HTTP/2.0" 200 6216 "-" "Mozilla/5.0 (compatible; AhrefsBot/7.0; +http://ahrefs.com/robot/)" 58 **0/58708**
20.171.207.229 - - [11/Sep/2025:05:42:41 -0700] "GET /admin-post.php?path=//proc/self/root/proc/thread-self/root/proc/thread-self/root/proc/thread-self/root/proc/thread-self/root/proc/self/root/proc/thread-self/cwd/public/src/sass/themes/vertical-menu-nav-dark-template HTTP/2.0" 200 2932 "-" "Mozilla/5.0 AppleWebKit/537.36 (KHTML, like Gecko; compatible; GPTBot/1.2; +https://openai.com/gptbot)" 72 **0/72563**
20.171.207.229 - - [11/Sep/2025:05:42:42 -0700] "GET /admin-post.php?path=//proc/self/root/proc/thread-self/root/proc/thread-self/root/proc/thread-self/root/proc/thread-self/root/proc/self/root/proc/self/cwd/public/app-assets/vendors/quill/themes HTTP/2.0" 200 2872 "-" "Mozilla/5.0 AppleWebKit/537.36 (KHTML, like Gecko; compatible; GPTBot/1.2; +https://openai.com/gptbot)" 53 **0/53366**
66.249.73.129 - - [11/Sep/2025:05:42:43 -0700] "GET /products/27039924 HTTP/1.1" 200 6216 "-" "Mozilla/5.0 (Linux; Android 6.0.1; Nexus 5X Build/MMB29P) AppleWebKit/537.36 (KHTML, like Gecko) Chrome/139.0.7258.154 Mobile Safari/537.36 (compatible; Googlebot/2.1; +http://www.google.com/bot.html)" 49 **0/49807**
20.171.207.229 - - [11/Sep/2025:05:42:44 -0700] "GET /admin-post.php?path=//proc/self/root/proc/thread-self/root/proc/thread-self/root/proc/thread-self/root/proc/thread-self/root/proc/self/root/proc/self/cwd/public/app-assets/vendors/flag-icon/flags HTTP/2.0" 200 2769 "-" "Mozilla/5.0 AppleWebKit/537.36 (KHTML, like Gecko; compatible; GPTBot/1.2; +https://openai.com/gptbot)" 84 **0/84447**
20.171.207.229 - - [11/Sep/2025:05:42:45 -0700] "GET /admin-post.php?path=//proc/self/root/proc/thread-self/root/proc/thread-self/root/proc/thread-self/root/proc/thread-self/root/proc/self/root/proc/thread-self/cwd/public/src/sass/themes/horizontal-menu-template HTTP/2.0" 200 2928 "-" "Mozilla/5.0 AppleWebKit/537.36 (KHTML, like Gecko; compatible; GPTBot/1.2; +https://openai.com/gptbot)" 49 **0/49059**
20.171.207.229 - - [11/Sep/2025:05:42:46 -0700] "GET /admin-post.php?path=//proc/self/root/proc/thread-self/root/proc/thread-self/root/proc/thread-self/root/proc/thread-self/root/proc/self/root/proc/thread-self/cwd/public/app-assets/vendors/jquery-validation HTTP/2.0" 200 3072 "-" "Mozilla/5.0 AppleWebKit/537.36 (KHTML, like Gecko; compatible; GPTBot/1.2; +https://openai.com/gptbot)" 53 **0/53599**
66.249.73.129 - - [11/Sep/2025:05:42:47 -0700] "GET /products/21768124 HTTP/1.1" 200 6216 "-" "Mozilla/5.0 (Linux; Android 6.0.1; Nexus 5X Build/MMB29P) AppleWebKit/537.36 (KHTML, like Gecko) Chrome/139.0.7258.154 Mobile Safari/537.36 (compatible; Googlebot/2.1; +http://www.google.com/bot.html)" 63 **0/63271**
20.171.207.229 - - [11/Sep/2025:05:42:48 -0700] "GET /admin-post.php?path=//proc/self/root/proc/thread-self/root/proc/thread-self/root/proc/thread-self/root/proc/thread-self/root/proc/self/root/proc/self/cwd/public/college_images/thumb HTTP/2.0" 200 3316 "-" "Mozilla/5.0 AppleWebKit/537.36 (KHTML, like Gecko; compatible; GPTBot/1.2; +https://openai.com/gptbot)" 49 **0/49907**
20.171.207.229 - - [11/Sep/2025:05:42:50 -0700] "GET /admin-post.php?path=//proc/self/root/proc/thread-self/root/proc/thread-self/root/proc/thread-self/root/proc/thread-self/root/proc/self/root/proc/thread-self/cwd/public/src/sass/themes/vertical-modern-menu-template HTTP/2.0" 200 2928 "-" "Mozilla/5.0 AppleWebKit/537.36 (KHTML, like Gecko; compatible; GPTBot/1.2; +https://openai.com/gptbot)" 62 **0/62818**
20.171.207.229 - - [11/Sep/2025:05:42:51 -0700] "GET /admin-post.php?path=//proc/self/root/proc/thread-self/root/proc/thread-self/root/proc/thread-self/root/proc/thread-self/root/proc/self/root/proc/thread-self/cwd/public/group_images/thumb HTTP/2.0" 200 4057 "-" "Mozilla/5.0 AppleWebKit/537.36 (KHTML, like Gecko; compatible; GPTBot/1.2; +https://openai.com/gptbot)" 55 **0/55349**
66.249.73.129 - - [11/Sep/2025:05:42:53 -0700] "GET /products/17173335 HTTP/1.1" 200 6216 "-" "Mozilla/5.0 (Linux; Android 6.0.1; Nexus 5X Build/MMB29P) AppleWebKit/537.36 (KHTML, like Gecko) Chrome/139.0.7258.154 Mobile Safari/537.36 (compatible; Googlebot/2.1; +http://www.google.com/bot.html)" 57 **0/57868**
20.171.207.229 - - [11/Sep/2025:05:42:53 -0700] "GET /admin-post.php?path=//proc/self/root/proc/thread-self/root/proc/thread-self/root/proc/thread-self/root/proc/thread-self/root/proc/self/root/proc/thread-self/cwd/public/college_images/thumb HTTP/2.0" 200 3318 "-" "Mozilla/5.0 AppleWebKit/537.36 (KHTML, like Gecko; compatible; GPTBot/1.2; +https://openai.com/gptbot)" 53 **0/53833**
20.171.207.229 - - [11/Sep/2025:05:42:54 -0700] "GET /admin-post.php?path=//proc/self/root/proc/thread-self/root/proc/thread-self/root/proc/thread-self/root/proc/thread-self/root/proc/self/root/proc/self/cwd/public/app-assets/vendors/jquery-validation/localization HTTP/2.0" 200 5185 "-" "Mozilla/5.0 AppleWebKit/537.36 (KHTML, like Gecko; compatible; GPTBot/1.2; +https://openai.com/gptbot)" 108 **0/108747**
20.171.207.229 - - [11/Sep/2025:05:42:56 -0700] "GET /admin-post.php?path=//proc/self/root/proc/thread-self/root/proc/thread-self/root/proc/thread-self/root/proc/thread-self/root/proc/self/root/proc/self/cwd/public/app-assets/vendors/jstree/themes/default-dark HTTP/2.0" 200 2947 "-" "Mozilla/5.0 AppleWebKit/537.36 (KHTML, like Gecko; compatible; GPTBot/1.2; +https://openai.com/gptbot)" 58 **0/58356**
66.249.73.129 - - [11/Sep/2025:05:42:56 -0700] "GET /products/21148702 HTTP/1.1" 200 6216 "-" "Mozilla/5.0 (Linux; Android 6.0.1; Nexus 5X Build/MMB29P) AppleWebKit/537.36 (KHTML, like Gecko) Chrome/139.0.7258.154 Mobile Safari/537.36 (compatible; Googlebot/2.1; +http://www.google.com/bot.html)" 44 **0/44970**
20.171.207.229 - - [11/Sep/2025:05:42:58 -0700] "GET /admin-post.php?path=//proc/self/root/proc/thread-self/root/proc/thread-self/root/proc/thread-self/root/proc/thread-self/root/proc/self/root/proc/self/cwd/public/app-assets/vendors/jquery.nestable HTTP/2.0" 200 2849 "-" "Mozilla/5.0 AppleWebKit/537.36 (KHTML, like Gecko; compatible; GPTBot/1.2; +https://openai.com/gptbot)" 43 **0/43549**
157.55.39.195 - - [11/Sep/2025:05:42:59 -0700] "GET /products/8390035 HTTP/2.0" 200 6216 "-" "Mozilla/5.0 AppleWebKit/537.36 (KHTML, like Gecko; compatible; bingbot/2.0; +http://www.bing.com/bingbot.htm) Chrome/116.0.1938.76 Safari/537.36" 53 **0/53147**
20.171.207.229 - - [11/Sep/2025:05:43:00 -0700] "GET /admin-post.php?path=//proc/self/root/proc/thread-self/root/proc/thread-self/root/proc/thread-self/root/proc/thread-self/root/proc/self/root/proc/thread-self/cwd/public/app-assets/vendors/quill/assets/bubble HTTP/2.0" 200 2860 "-" "Mozilla/5.0 AppleWebKit/537.36 (KHTML, like Gecko; compatible; GPTBot/1.2; +https://openai.com/gptbot)" 72 **0/72151**
20.171.207.229 - - [11/Sep/2025:05:43:01 -0700] "GET /admin-post.php?path=//proc/self/root/proc/thread-self/root/proc/thread-self/root/proc/thread-self/root/proc/thread-self/root/proc/self/root/proc/self/cwd/public/group_images/thumb HTTP/2.0" 200 4055 "-" "Mozilla/5.0 AppleWebKit/537.36 (KHTML, like Gecko; compatible; GPTBot/1.2; +https://openai.com/gptbot)" 66 **0/66561**
66.249.73.131 - - [11/Sep/2025:05:43:03 -0700] "GET /products/21058780 HTTP/1.1" 200 6216 "-" "Mozilla/5.0 (Linux; Android 6.0.1; Nexus 5X Build/MMB29P) AppleWebKit/537.36 (KHTML, like Gecko) Chrome/139.0.7258.154 Mobile Safari/537.36 (compatible; Googlebot/2.1; +http://www.google.com/bot.html)" 61 **0/61397**
20.171.207.229 - - [11/Sep/2025:05:43:03 -0700] "GET /admin-post.php?path=//proc/self/root/proc/thread-self/root/proc/thread-self/root/proc/thread-self/root/proc/thread-self/root/proc/self/root/proc/self/cwd/public/product_images HTTP/2.0" 200 7436 "-" "Mozilla/5.0 AppleWebKit/537.36 (KHTML, like Gecko; compatible; GPTBot/1.2; +https://openai.com/gptbot)" 124 **0/124153**
52.167.144.210 - - [11/Sep/2025:05:43:04 -0700] "GET /products/3183391 HTTP/2.0" 200 6216 "-" "Mozilla/5.0 AppleWebKit/537.36 (KHTML, like Gecko; compatible; bingbot/2.0; +http://www.bing.com/bingbot.htm) Chrome/116.0.1938.76 Safari/537.36" 59 **0/59310**
20.171.207.229 - - [11/Sep/2025:05:43:04 -0700] "GET /admin-post.php?path=//proc/self/root/proc/thread-self/root/proc/thread-self/root/proc/thread-self/root/proc/thread-self/root/proc/self/root/proc/self/cwd/public/app-assets/vendors/data-tables/extensions/responsive/js HTTP/2.0" 200 2917 "-" "Mozilla/5.0 AppleWebKit/537.36 (KHTML, like Gecko; compatible; GPTBot/1.2; +https://openai.com/gptbot)" 56 **0/56086**
20.171.207.229 - - [11/Sep/2025:05:43:06 -0700] "GET /admin-post.php?path=//proc/self/root/proc/thread-self/root/proc/thread-self/root/proc/thread-self/root/proc/thread-self/root/proc/self/root/proc/thread-self/cwd/public/app-assets/vendors/jquery-validation/localization HTTP/2.0" 200 5194 "-" "Mozilla/5.0 AppleWebKit/537.36 (KHTML, like Gecko; compatible; GPTBot/1.2; +https://openai.com/gptbot)" 85 **0/85773**
20.171.207.229 - - [11/Sep/2025:05:43:07 -0700] "GET /admin-post.php?path=//proc/self/root/proc/thread-self/root/proc/thread-self/root/proc/thread-self/root/proc/thread-self/root/proc/self/root/proc/thread-self/cwd/public/app-assets/vendors/dropify/js HTTP/2.0" 200 2838 "-" "Mozilla/5.0 AppleWebKit/537.36 (KHTML, like Gecko; compatible; GPTBot/1.2; +https://openai.com/gptbot)" 56 **0/56239**
66.249.73.129 - - [11/Sep/2025:05:43:08 -0700] "GET /products/24351857 HTTP/1.1" 200 6216 "-" "Mozilla/5.0 (Linux; Android 6.0.1; Nexus 5X Build/MMB29P) AppleWebKit/537.36 (KHTML, like Gecko) Chrome/139.0.7258.154 Mobile Safari/537.36 (compatible; Googlebot/2.1; +http://www.google.com/bot.html)" 52 **0/52467**
20.171.207.229 - - [11/Sep/2025:05:43:09 -0700] "GET /admin-post.php?path=//proc/self/root/proc/thread-self/root/proc/thread-self/root/proc/thread-self/root/proc/thread-self/root/proc/self/root/proc/thread-self/cwd/public/app-assets/vendors/flag-icon HTTP/2.0" 200 2990 "-" "Mozilla/5.0 AppleWebKit/537.36 (KHTML, like Gecko; compatible; GPTBot/1.2; +https://openai.com/gptbot)" 67 **0/67467**
20.171.207.229 - - [11/Sep/2025:05:43:10 -0700] "GET /admin-post.php?path=//proc/self/root/proc/thread-self/root/proc/thread-self/root/proc/thread-self/root/proc/thread-self/root/proc/self/root/proc/self/cwd/public/app-assets/vendors/fullcalendar/js HTTP/2.0" 200 2930 "-" "Mozilla/5.0 AppleWebKit/537.36 (KHTML, like Gecko; compatible; GPTBot/1.2; +https://openai.com/gptbot)" 58 **0/58409**
20.171.207.229 - - [11/Sep/2025:05:43:12 -0700] "GET /admin-post.php?path=//proc/self/root/proc/thread-self/root/proc/thread-self/root/proc/thread-self/root/proc/thread-self/root/proc/self/root/proc/thread-self/cwd/public/profile_pics/thumb HTTP/2.0" 200 3453 "-" "Mozilla/5.0 AppleWebKit/537.36 (KHTML, like Gecko; compatible; GPTBot/1.2; +https://openai.com/gptbot)" 57 **0/57300**
20.171.207.229 - - [11/Sep/2025:05:43:13 -0700] "GET /admin-post.php?path=//proc/self/root/proc/thread-self/root/proc/thread-self/root/proc/thread-self/root/proc/thread-self/root/proc/self/root/proc/self/cwd/public/app-assets/vendors/fullcalendar/daygrid HTTP/2.0" 200 3030 "-" "Mozilla/5.0 AppleWebKit/537.36 (KHTML, like Gecko; compatible; GPTBot/1.2; +https://openai.com/gptbot)" 38 **0/38264**
66.249.74.35 - - [11/Sep/2025:05:43:14 -0700] "GET /hikaru.php?shopdetail/52717220743 HTTP/1.1" 200 1 "-" "Mozilla/5.0 (Linux; Android 6.0.1; Nexus 5X Build/MMB29P) AppleWebKit/537.36 (KHTML, like Gecko) Chrome/139.0.7258.154 Mobile Safari/537.36 (compatible; Googlebot/2.1; +http://www.google.com/bot.html)" 18 **0/18666**
20.171.207.229 - - [11/Sep/2025:05:43:15 -0700] "GET /admin-post.php?path=//proc/self/root/proc/thread-self/root/proc/thread-self/root/proc/thread-self/root/proc/thread-self/root/proc/self/root/proc/thread-self/cwd/public/app-assets/images/favicon HTTP/2.0" 200 3170 "-" "Mozilla/5.0 AppleWebKit/537.36 (KHTML, like Gecko; compatible; GPTBot/1.2; +https://openai.com/gptbot)" 51 **0/51105**
20.171.207.229 - - [11/Sep/2025:05:43:17 -0700] "GET /admin-post.php?path=//proc/self/root/proc/thread-self/root/proc/thread-self/root/proc/thread-self/root/proc/thread-self/root/proc/self/root/proc/self/cwd/public/task_claim_files HTTP/2.0" 200 3286 "-" "Mozilla/5.0 AppleWebKit/537.36 (KHTML, like Gecko; compatible; GPTBot/1.2; +https://openai.com/gptbot)" 69 **0/69311**
20.171.207.229 - - [11/Sep/2025:05:43:18 -0700] "GET /admin-post.php?path=//proc/self/root/proc/thread-self/root/proc/thread-self/root/proc/thread-self/root/proc/thread-self/root/proc/self/root/proc/self/cwd/public/app-assets/vendors/magnific-popup HTTP/2.0" 200 2872 "-" "Mozilla/5.0 AppleWebKit/537.36 (KHTML, like Gecko; compatible; GPTBot/1.2; +https://openai.com/gptbot)" 65 **0/65473**
66.249.73.129 - - [11/Sep/2025:05:43:19 -0700] "GET /products/28958013 HTTP/1.1" 200 6216 "-" "Mozilla/5.0 (Linux; Android 6.0.1; Nexus 5X Build/MMB29P) AppleWebKit/537.36 (KHTML, like Gecko) Chrome/139.0.7258.154 Mobile Safari/537.36 (compatible; Googlebot/2.1; +http://www.google.com/bot.html)" 58 **0/58157**
20.171.207.229 - - [11/Sep/2025:05:43:20 -0700] "GET /admin-post.php?path=//proc/self/root/proc/thread-self/root/proc/thread-self/root/proc/thread-self/root/proc/thread-self/root/proc/self/root/proc/thread-self/cwd/public/app-assets/vendors/waypoints HTTP/2.0" 200 2886 "-" "Mozilla/5.0 AppleWebKit/537.36 (KHTML, like Gecko; compatible; GPTBot/1.2; +https://openai.com/gptbot)" 70 **0/70567**
20.171.207.229 - - [11/Sep/2025:05:43:21 -0700] "GET /admin-post.php?path=//proc/self/root/proc/thread-self/root/proc/thread-self/root/proc/thread-self/root/proc/thread-self/root/proc/self/root/proc/self/cwd/public/lang HTTP/2.0" 200 2950 "-" "Mozilla/5.0 AppleWebKit/537.36 (KHTML, like Gecko; compatible; GPTBot/1.2; +https://openai.com/gptbot)" 46 **0/46860**
66.249.73.129 - - [11/Sep/2025:05:43:22 -0700] "GET /products/18878313 HTTP/1.1" 200 6216 "-" "Mozilla/5.0 (Linux; Android 6.0.1; Nexus 5X Build/MMB29P) AppleWebKit/537.36 (KHTML, like Gecko) Chrome/139.0.7258.154 Mobile Safari/537.36 (compatible; Googlebot/2.1; +http://www.google.com/bot.html)" 56 **0/56474**
66.249.73.129 - - [11/Sep/2025:05:43:23 -0700] "GET /products/13273346?path=/home/o5t6x7pgljbm/www HTTP/1.1" 200 6212 "-" "Mozilla/5.0 (Linux; Android 6.0.1; Nexus 5X Build/MMB29P) AppleWebKit/537.36 (KHTML, like Gecko) Chrome/139.0.7258.154 Mobile Safari/537.36 (compatible; GoogleOther)" 77 **0/77059**
20.171.207.229 - - [11/Sep/2025:05:43:24 -0700] "GET /admin-post.php?path=//proc/self/root/proc/thread-self/root/proc/thread-self/root/proc/thread-self/root/proc/thread-self/root/proc/self/root/proc/self/cwd/public/product_images/thumb HTTP/2.0" 200 6953 "-" "Mozilla/5.0 AppleWebKit/537.36 (KHTML, like Gecko; compatible; GPTBot/1.2; +https://openai.com/gptbot)" 78 **0/78320**
57.141.2.62 - - [11/Sep/2025:05:43:24 -0700] "GET /shopdetail/9060417002 HTTP/2.0" 200 157330 "-" "meta-externalagent/1.1 (+https://developers.facebook.com/docs/sharing/webmasters/crawler)" 55 **0/55623**
20.171.207.229 - - [11/Sep/2025:05:43:25 -0700] "GET /admin-post.php?path=//proc/self/root/proc/thread-self/root/proc/thread-self/root/proc/thread-self/root/proc/thread-self/root/proc/self/root/proc/thread-self/cwd/public/app-assets/vendors/jquery-validation/localization&viewfile=//proc/self/root/proc/thread-self/root/proc/thread-self/root/proc/thread-self/root/proc/thread-self/root/proc/self/root/proc/thread-self/cwd/public/app-assets/vendors/jquery-validation/localization/methods_nl.js HTTP/2.0" 200 2928 "-" "Mozilla/5.0 AppleWebKit/537.36 (KHTML, like Gecko; compatible; GPTBot/1.2; +https://openai.com/gptbot)" 51 **0/51568**
20.171.207.229 - - [11/Sep/2025:05:43:27 -0700] "GET /admin-post.php?path=//proc/self/root/proc/thread-self/root/proc/thread-self/root/proc/thread-self/root/proc/thread-self/root/proc/self/root/proc/thread-self/cwd/public/app-assets/vendors/flag-icon/flags HTTP/2.0" 200 2771 "-" "Mozilla/5.0 AppleWebKit/537.36 (KHTML, like Gecko; compatible; GPTBot/1.2; +https://openai.com/gptbot)" 60 **0/60083**
66.249.73.129 - - [11/Sep/2025:05:43:27 -0700] "GET /products/24840268 HTTP/1.1" 200 6216 "-" "Mozilla/5.0 (Linux; Android 6.0.1; Nexus 5X Build/MMB29P) AppleWebKit/537.36 (KHTML, like Gecko) Chrome/139.0.7258.154 Mobile Safari/537.36 (compatible; Googlebot/2.1; +http://www.google.com/bot.html)" 51 **0/51059**
20.171.207.229 - - [11/Sep/2025:05:43:29 -0700] "GET /admin-post.php?path=//proc/self/root/proc/thread-self/root/proc/thread-self/root/proc/thread-self/root/proc/thread-self/root/proc/self/root/proc/self/cwd/admin/resources HTTP/2.0" 200 3021 "-" "Mozilla/5.0 AppleWebKit/537.36 (KHTML, like Gecko; compatible; GPTBot/1.2; +https://openai.com/gptbot)" 61 **0/61439**
20.171.207.229 - - [11/Sep/2025:05:43:30 -0700] "GET /admin-post.php?path=//proc/self/root/proc/thread-self/root/proc/thread-self/root/proc/thread-self/root/proc/thread-self/root/proc/self/root/proc/thread-self/cwd/admin/resources HTTP/2.0" 200 3022 "-" "Mozilla/5.0 AppleWebKit/537.36 (KHTML, like Gecko; compatible; GPTBot/1.2; +https://openai.com/gptbot)" 58 **0/58546**
20.171.207.207 - - [11/Sep/2025:05:43:31 -0700] "GET /wp-admin/?path=//home/o5t6x7pgljbm/www/600billionaires.com/wp-includes/css&viewfile=//home/o5t6x7pgljbm/www/600billionaires.com/wp-includes/css/wp-auth-check-rtl.min.css HTTP/2.0" 200 3037 "-" "Mozilla/5.0 AppleWebKit/537.36 (KHTML, like Gecko; compatible; GPTBot/1.2; +https://openai.com/gptbot)" 59 **0/59051**
20.171.207.229 - - [11/Sep/2025:05:43:32 -0700] "GET /admin-post.php?path=//proc/self/root/proc/thread-self/root/proc/thread-self/root/proc/thread-self/root/proc/thread-self/root/proc/self/root/proc/thread-self/cwd/admin/config HTTP/2.0" 200 3454 "-" "Mozilla/5.0 AppleWebKit/537.36 (KHTML, like Gecko; compatible; GPTBot/1.2; +https://openai.com/gptbot)" 48 **0/48873**
20.171.207.207 - - [11/Sep/2025:05:43:32 -0700] "GET /program/index.php?path=/home/o5t6x7pgljbm/public_html/600billionaires.com/wp-includes/rest-api HTTP/2.0" 200 2961 "-" "Mozilla/5.0 AppleWebKit/537.36 (KHTML, like Gecko; compatible; GPTBot/1.2; +https://openai.com/gptbot)" 42 **0/42508**
66.249.73.129 - - [11/Sep/2025:05:43:32 -0700] "GET /products/21684591 HTTP/1.1" 200 6216 "-" "Mozilla/5.0 (Linux; Android 6.0.1; Nexus 5X Build/MMB29P) AppleWebKit/537.36 (KHTML, like Gecko) Chrome/139.0.7258.154 Mobile Safari/537.36 (compatible; Googlebot/2.1; +http://www.google.com/bot.html)" 51 **0/51955**
20.171.207.229 - - [11/Sep/2025:05:43:33 -0700] "GET /admin-post.php?path=//proc/self/root/proc/thread-self/root/proc/thread-self/root/proc/thread-self/root/proc/thread-self/root/proc/self/root/proc/thread-self/cwd/admin/lang HTTP/2.0" 200 2992 "-" "Mozilla/5.0 AppleWebKit/537.36 (KHTML, like Gecko; compatible; GPTBot/1.2; +https://openai.com/gptbot)" 57 **0/57723**
20.171.207.207 - - [11/Sep/2025:05:43:33 -0700] "GET /adminer/index.php?path=/home/o5t6x7pgljbm/public_html/600billionaires.com/wp-includes/rest-api HTTP/2.0" 200 2961 "-" "Mozilla/5.0 AppleWebKit/537.36 (KHTML, like Gecko; compatible; GPTBot/1.2; +https://openai.com/gptbot)" 51 **0/51487**
20.171.207.229 - - [11/Sep/2025:05:43:35 -0700] "GET /admin-post.php?path=//proc/self/root/proc/thread-self/root/proc/thread-self/root/proc/thread-self/root/proc/thread-self/root/proc/self/root/proc/self/cwd/admin/database HTTP/2.0" 200 3038 "-" "Mozilla/5.0 AppleWebKit/537.36 (KHTML, like Gecko; compatible; GPTBot/1.2; +https://openai.com/gptbot)" 54 **0/54360**
20.171.207.229 - - [11/Sep/2025:05:43:36 -0700] "GET /admin-post.php?path=//proc/self/root/proc/thread-self/root/proc/thread-self/root/proc/thread-self/root/proc/thread-self/root/proc/self/root/proc/thread-self/cwd/admin/vendor HTTP/2.0" 200 4171 "-" "Mozilla/5.0 AppleWebKit/537.36 (KHTML, like Gecko; compatible; GPTBot/1.2; +https://openai.com/gptbot)" 61 **0/61463**
66.249.73.129 - - [11/Sep/2025:05:43:37 -0700] "GET /products/18775646 HTTP/1.1" 200 6216 "-" "Mozilla/5.0 (Linux; Android 6.0.1; Nexus 5X Build/MMB29P) AppleWebKit/537.36 (KHTML, like Gecko) Chrome/139.0.7258.154 Mobile Safari/537.36 (compatible; Googlebot/2.1; +http://www.google.com/bot.html)" 86 **0/86794**
20.171.207.229 - - [11/Sep/2025:05:43:39 -0700] "GET /admin-post.php?path=//proc/self/root/proc/thread-self/root/proc/thread-self/root/proc/thread-self/root/proc/thread-self/root/proc/self/root/proc/thread-self/cwd/admin/tests HTTP/2.0" 200 3044 "-" "Mozilla/5.0 AppleWebKit/537.36 (KHTML, like Gecko; compatible; GPTBot/1.2; +https://openai.com/gptbot)" 63 **0/63729**
