20.171.207.229 - - [11/Sep/2025:05:28:45 -0700] "GET /admin-post.php?path=//proc/self/root/proc/thread-self/root/proc/thread-self/root/proc/thread-self/root/proc/thread-self/root/proc/self/root/proc/self/root/usr/include/net&viewfile=//proc/self/root/proc/thread-self/root/proc/thread-self/root/proc/thread-self/root/proc/thread-self/root/proc/self/root/proc/self/root/usr/include/net/if_ppp.h HTTP/2.0" 200 5256 "-" "Mozilla/5.0 AppleWebKit/537.36 (KHTML, like Gecko; compatible; GPTBot/1.2; +https://openai.com/gptbot)" 82 **0/82500**
66.249.73.129 - - [11/Sep/2025:05:28:46 -0700] "GET /products/28668580 HTTP/1.1" 200 6216 "-" "Mozilla/5.0 (Linux; Android 6.0.1; Nexus 5X Build/MMB29P) AppleWebKit/537.36 (KHTML, like Gecko) Chrome/139.0.7258.154 Mobile Safari/537.36 (compatible; Googlebot/2.1; +http://www.google.com/bot.html)" 49 **0/49888**
20.171.207.207 - - [11/Sep/2025:05:28:46 -0700] "GET /school-access?path=/home/o5t6x7pgljbm/public_html/rewardsforeducation.com/wp-includes&viewfile=/home/o5t6x7pgljbm/public_html/rewardsforeducation.com/wp-includes/sitemaps.php HTTP/2.0" 200 3459 "-" "Mozilla/5.0 AppleWebKit/537.36 (KHTML, like Gecko; compatible; GPTBot/1.2; +https://openai.com/gptbot)" 62 **0/62419**
66.249.73.128 - - [11/Sep/2025:05:28:47 -0700] "GET /products/29690546 HTTP/1.1" 200 6216 "-" "Mozilla/5.0 (Linux; Android 6.0.1; Nexus 5X Build/MMB29P) AppleWebKit/537.36 (KHTML, like Gecko) Chrome/139.0.7258.154 Mobile Safari/537.36 (compatible; Googlebot/2.1; +http://www.google.com/bot.html)" 67 **0/67168**
66.249.73.128 - - [11/Sep/2025:05:28:47 -0700] "GET /products/28070157 HTTP/1.1" 200 6216 "-" "Mozilla/5.0 (Linux; Android 6.0.1; Nexus 5X Build/MMB29P) AppleWebKit/537.36 (KHTML, like Gecko) Chrome/139.0.7258.154 Mobile Safari/537.36 (compatible; Googlebot/2.1; +http://www.google.com/bot.html)" 53 **0/53216**
20.171.207.207 - - [11/Sep/2025:05:28:48 -0700] "GET /school-access?path=/home/o5t6x7pgljbm/public_html/rewardsforeducation.com/wp-includes&viewfile=/home/o5t6x7pgljbm/public_html/rewardsforeducation.com/wp-includes/template.php HTTP/2.0" 200 6796 "-" "Mozilla/5.0 AppleWebKit/537.36 (KHTML, like Gecko; compatible; GPTBot/1.2; +https://openai.com/gptbot)" 71 **0/71160**
66.249.73.131 - - [11/Sep/2025:05:28:48 -0700] "GET /products/25335402?path=/home/o5t6x7pgljbm/bin HTTP/1.1" 200 2270 "-" "Mozilla/5.0 (Linux; Android 6.0.1; Nexus 5X Build/MMB29P) AppleWebKit/537.36 (KHTML, like Gecko) Chrome/139.0.7258.154 Mobile Safari/537.36 (compatible; GoogleOther)" 36 **0/36075**
20.171.207.229 - - [11/Sep/2025:05:28:48 -0700] "GET /admin-post.php?path=//proc/self/root/proc/thread-self/root/proc/thread-self/root/proc/thread-self/root/proc/thread-self/root/proc/self/root/proc/self/root/usr/include/net&viewfile=//proc/self/root/proc/thread-self/root/proc/thread-self/root/proc/thread-self/root/proc/thread-self/root/proc/self/root/proc/self/root/usr/include/net/ppp-comp.h HTTP/2.0" 200 2581 "-" "Mozilla/5.0 AppleWebKit/537.36 (KHTML, like Gecko; compatible; GPTBot/1.2; +https://openai.com/gptbot)" 52 **0/52615**
66.249.73.132 - - [11/Sep/2025:05:28:48 -0700] "GET /products/27665680 HTTP/1.1" 200 6216 "-" "Mozilla/5.0 (Linux; Android 6.0.1; Nexus 5X Build/MMB29P) AppleWebKit/537.36 (KHTML, like Gecko) Chrome/139.0.7258.154 Mobile Safari/537.36 (compatible; Googlebot/2.1; +http://www.google.com/bot.html)" 64 **0/64097**
66.249.73.130 - - [11/Sep/2025:05:28:49 -0700] "GET /products/5260579 HTTP/1.1" 200 6216 "-" "Mozilla/5.0 (Linux; Android 6.0.1; Nexus 5X Build/MMB29P) AppleWebKit/537.36 (KHTML, like Gecko) Chrome/139.0.7258.154 Mobile Safari/537.36 (compatible; Googlebot/2.1; +http://www.google.com/bot.html)" 54 **0/54594**
66.249.73.129 - - [11/Sep/2025:05:28:49 -0700] "GET /products/28476768 HTTP/1.1" 200 6216 "-" "Mozilla/5.0 (Linux; Android 6.0.1; Nexus 5X Build/MMB29P) AppleWebKit/537.36 (KHTML, like Gecko) Chrome/139.0.7258.154 Mobile Safari/537.36 (compatible; Googlebot/2.1; +http://www.google.com/bot.html)" 59 **0/59192**
20.171.207.207 - - [11/Sep/2025:05:28:49 -0700] "GET /school-access?path=/home/o5t6x7pgljbm/public_html/rewardsforeducation.com/wp-includes&viewfile=/home/o5t6x7pgljbm/public_html/rewardsforeducation.com/wp-includes/media-template.php HTTP/2.0" 200 14405 "-" "Mozilla/5.0 AppleWebKit/537.36 (KHTML, like Gecko; compatible; GPTBot/1.2; +https://openai.com/gptbot)" 58 **0/58547**
20.171.207.229 - - [11/Sep/2025:05:28:50 -0700] "GET /admin-post.php?path=//proc/self/root/proc/thread-self/root/proc/thread-self/root/proc/thread-self/root/proc/thread-self/root/proc/self/root/proc/self/root/usr/include/scsi/fc HTTP/2.0" 200 2840 "-" "Mozilla/5.0 AppleWebKit/537.36 (KHTML, like Gecko; compatible; GPTBot/1.2; +https://openai.com/gptbot)" 58 **0/58942**
66.249.73.132 - - [11/Sep/2025:05:28:50 -0700] "GET /products/3035691 HTTP/1.1" 200 6216 "-" "Mozilla/5.0 (Linux; Android 6.0.1; Nexus 5X Build/MMB29P) AppleWebKit/537.36 (KHTML, like Gecko) Chrome/139.0.7258.154 Mobile Safari/537.36 (compatible; Googlebot/2.1; +http://www.google.com/bot.html)" 52 **0/52073**
20.171.207.207 - - [11/Sep/2025:05:28:50 -0700] "GET /school-access?path=/home/o5t6x7pgljbm/public_html/rewardsforeducation.com/wp-includes&viewfile=/home/o5t6x7pgljbm/public_html/rewardsforeducation.com/wp-includes/deprecated.php HTTP/2.0" 200 43874 "-" "Mozilla/5.0 AppleWebKit/537.36 (KHTML, like Gecko; compatible; GPTBot/1.2; +https://openai.com/gptbot)" 78 **0/78125**
66.249.73.128 - - [11/Sep/2025:05:28:51 -0700] "GET /products/2313713 HTTP/1.1" 200 6216 "-" "Mozilla/5.0 (Linux; Android 6.0.1; Nexus 5X Build/MMB29P) AppleWebKit/537.36 (KHTML, like Gecko) Chrome/139.0.7258.154 Mobile Safari/537.36 (compatible; Googlebot/2.1; +http://www.google.com/bot.html)" 65 **0/65539**
20.171.207.229 - - [11/Sep/2025:05:28:51 -0700] "GET /admin-post.php?path=//proc/self/root/proc/thread-self/root/proc/thread-self/root/proc/thread-self/root/proc/thread-self/root/proc/self/root/proc/self/root/usr/include/openssl&viewfile=//proc/self/root/proc/thread-self/root/proc/thread-self/root/proc/thread-self/root/proc/thread-self/root/proc/self/root/proc/self/root/usr/include/openssl/x509.h HTTP/2.0" 200 10870 "-" "Mozilla/5.0 AppleWebKit/537.36 (KHTML, like Gecko; compatible; GPTBot/1.2; +https://openai.com/gptbot)" 44 **0/44477**
20.171.207.207 - - [11/Sep/2025:05:28:52 -0700] "GET /school-access?path=/home/o5t6x7pgljbm/public_html/rewardsforeducation.com/wp-includes/blocks/query-pagination&viewfile=/home/o5t6x7pgljbm/public_html/rewardsforeducation.com/wp-includes/blocks/query-pagination/style.min.css HTTP/2.0" 200 2671 "-" "Mozilla/5.0 AppleWebKit/537.36 (KHTML, like Gecko; compatible; GPTBot/1.2; +https://openai.com/gptbot)" 41 **0/41609**
66.249.73.130 - - [11/Sep/2025:05:28:52 -0700] "GET /products/25661068 HTTP/1.1" 200 6216 "-" "Mozilla/5.0 (Linux; Android 6.0.1; Nexus 5X Build/MMB29P) AppleWebKit/537.36 (KHTML, like Gecko) Chrome/139.0.7258.154 Mobile Safari/537.36 (compatible; Googlebot/2.1; +http://www.google.com/bot.html)" 41 **0/41522**
20.171.207.229 - - [11/Sep/2025:05:28:53 -0700] "GET /admin-post.php?path=//proc/self/root/proc/thread-self/root/proc/thread-self/root/proc/thread-self/root/proc/thread-self/root/proc/self/root/proc/thread-self/root/run/cagefs HTTP/2.0" 200 2762 "-" "Mozilla/5.0 AppleWebKit/537.36 (KHTML, like Gecko; compatible; GPTBot/1.2; +https://openai.com/gptbot)" 49 **0/49285**
20.171.207.207 - - [11/Sep/2025:05:28:54 -0700] "GET /school-access?path=/home/o5t6x7pgljbm/public_html/rewardsforeducation.com/wp-includes&viewfile=/home/o5t6x7pgljbm/public_html/rewardsforeducation.com/wp-includes/class-wp-post.php HTTP/2.0" 200 4106 "-" "Mozilla/5.0 AppleWebKit/537.36 (KHTML, like Gecko; compatible; GPTBot/1.2; +https://openai.com/gptbot)" 44 **0/44829**
66.249.73.131 - - [11/Sep/2025:05:28:54 -0700] "GET /products/23759757 HTTP/1.1" 200 6216 "-" "Mozilla/5.0 (Linux; Android 6.0.1; Nexus 5X Build/MMB29P) AppleWebKit/537.36 (KHTML, like Gecko) Chrome/139.0.7258.154 Mobile Safari/537.36 (compatible; Googlebot/2.1; +http://www.google.com/bot.html)" 50 **0/50649**
66.249.73.132 - - [11/Sep/2025:05:28:54 -0700] "GET /products/19362046 HTTP/1.1" 200 6216 "-" "Mozilla/5.0 (Linux; Android 6.0.1; Nexus 5X Build/MMB29P) AppleWebKit/537.36 (KHTML, like Gecko) Chrome/139.0.7258.154 Mobile Safari/537.36 (compatible; Googlebot/2.1; +http://www.google.com/bot.html)" 49 **0/49329**
20.171.207.229 - - [11/Sep/2025:05:28:54 -0700] "GET /admin-post.php?path=//proc/self/root/proc/thread-self/root/proc/thread-self/root/proc/thread-self/root/proc/thread-self/root/proc/self/root/proc/self/root/usr/include/sepol/cil HTTP/2.0" 200 2769 "-" "Mozilla/5.0 AppleWebKit/537.36 (KHTML, like Gecko; compatible; GPTBot/1.2; +https://openai.com/gptbot)" 57 **0/57094**
66.249.73.129 - - [11/Sep/2025:05:28:54 -0700] "GET /products/3324235 HTTP/1.1" 200 6216 "-" "Mozilla/5.0 (Linux; Android 6.0.1; Nexus 5X Build/MMB29P) AppleWebKit/537.36 (KHTML, like Gecko) Chrome/139.0.7258.154 Mobile Safari/537.36 (compatible; Googlebot/2.1; +http://www.google.com/bot.html)" 52 **0/52424**
66.249.73.129 - - [11/Sep/2025:05:28:55 -0700] "GET /products/29227691 HTTP/1.1" 200 6216 "-" "Mozilla/5.0 (Linux; Android 6.0.1; Nexus 5X Build/MMB29P) AppleWebKit/537.36 (KHTML, like Gecko) Chrome/139.0.7258.154 Mobile Safari/537.36 (compatible; Googlebot/2.1; +http://www.google.com/bot.html)" 51 **0/51576**
66.249.74.35 - - [11/Sep/2025:05:28:55 -0700] "GET /shopdetail/69492298747?path=/home/o5t6x7pgljbm/public_html/countyacademy.com/wp-content/plugins/elementor/core/admin/ui HTTP/1.1" 200 2672 "-" "Mozilla/5.0 (Linux; Android 6.0.1; Nexus 5X Build/MMB29P) AppleWebKit/537.36 (KHTML, like Gecko) Chrome/139.0.7258.154 Mobile Safari/537.36 (compatible; GoogleOther)" 65 **0/65268**
216.73.216.124 - - [11/Sep/2025:05:28:55 -0700] "GET /products/25214035?path=%2Fhome%2Fo5t6x7pgljbm%2Fpublic_html%2Fwp-content%2Fplugins%2Felementor-pro%2Fmodules%2Fassets-manager%2Fclasses HTTP/2.0" 200 2757 "-" "Mozilla/5.0 AppleWebKit/537.36 (KHTML, like Gecko; compatible; ClaudeBot/1.0; +claudebot@anthropic.com)" 92 **0/92038**
216.73.216.124 - - [11/Sep/2025:05:28:55 -0700] "GET /products/25214035?path=%2Fhome%2Fo5t6x7pgljbm%2Fpublic_html%2Fwp-content%2Fplugins%2Felementor-pro%2Fmodules%2Fwoocommerce%2Fskins HTTP/2.0" 200 2792 "-" "Mozilla/5.0 AppleWebKit/537.36 (KHTML, like Gecko; compatible; ClaudeBot/1.0; +claudebot@anthropic.com)" 105 **0/105061**
216.73.216.124 - - [11/Sep/2025:05:28:55 -0700] "GET /products/25214035?path=%2Fhome%2Fo5t6x7pgljbm%2Fpublic_html%2Fwp-content%2Fplugins%2Felementor-pro%2Fmodules%2Flink-in-bio%2Fbase HTTP/2.0" 200 2738 "-" "Mozilla/5.0 AppleWebKit/537.36 (KHTML, like Gecko; compatible; ClaudeBot/1.0; +claudebot@anthropic.com)" 118 **0/118929**
216.73.216.124 - - [11/Sep/2025:05:28:55 -0700] "GET /products/25214035?path=%2Fhome%2Fo5t6x7pgljbm%2Fpublic_html%2Fwp-content%2Fplugins%2Felementor-pro%2Fmodules%2Fgallery%2Fwidgets HTTP/2.0" 200 2713 "-" "Mozilla/5.0 AppleWebKit/537.36 (KHTML, like Gecko; compatible; ClaudeBot/1.0; +claudebot@anthropic.com)" 192 **0/192595**
216.73.216.124 - - [11/Sep/2025:05:28:55 -0700] "GET /index.php?path=%2Fhome%2Fo5t6x7pgljbm%2Fpublic_html%2Fwp-includes%2Fjs%2Fdist%2Fvendor&viewfile=%2Fhome%2Fo5t6x7pgljbm%2Fpublic_html%2Fwp-includes%2Fjs%2Fdist%2Fvendor%2Freact-dom.min.js.LICENSE.txt HTTP/2.0" 200 2647 "-" "Mozilla/5.0 AppleWebKit/537.36 (KHTML, like Gecko; compatible; ClaudeBot/1.0; +claudebot@anthropic.com)" 161 **0/161914**
216.73.216.124 - - [11/Sep/2025:05:28:56 -0700] "GET /index.php?path=%2Fhome%2Fo5t6x7pgljbm%2Fpublic_html%2Fwp-includes%2Fjs%2Fdist%2Fvendor&viewfile=%2Fhome%2Fo5t6x7pgljbm%2Fpublic_html%2Fwp-includes%2Fjs%2Fdist%2Fvendor%2Freact.min.js.LICENSE.txt HTTP/2.0" 200 2634 "-" "Mozilla/5.0 AppleWebKit/537.36 (KHTML, like Gecko; compatible; ClaudeBot/1.0; +claudebot@anthropic.com)" 144 **0/144011**
216.73.216.124 - - [11/Sep/2025:05:28:56 -0700] "GET /products/25214035?path=%2Fhome%2Fo5t6x7pgljbm%2Fpublic_html%2Fwp-content%2Fplugins%2Felementor-pro%2Fmodules%2Fblockquote%2Fwidgets HTTP/2.0" 200 2726 "-" "Mozilla/5.0 AppleWebKit/537.36 (KHTML, like Gecko; compatible; ClaudeBot/1.0; +claudebot@anthropic.com)" 147 **0/147795**
66.249.73.129 - - [11/Sep/2025:05:28:56 -0700] "GET /products/23277802 HTTP/1.1" 200 6216 "-" "Mozilla/5.0 (Linux; Android 6.0.1; Nexus 5X Build/MMB29P) AppleWebKit/537.36 (KHTML, like Gecko) Chrome/139.0.7258.154 Mobile Safari/537.36 (compatible; Googlebot/2.1; +http://www.google.com/bot.html)" 82 **0/82122**
216.73.216.124 - - [11/Sep/2025:05:28:56 -0700] "GET /products/25214035?path=%2Fhome%2Fo5t6x7pgljbm%2Fpublic_html%2Fwp-content%2Fplugins%2Felementor-pro%2Fmodules%2Fwoocommerce%2Fsettings HTTP/2.0" 200 2733 "-" "Mozilla/5.0 AppleWebKit/537.36 (KHTML, like Gecko; compatible; ClaudeBot/1.0; +claudebot@anthropic.com)" 149 **0/149638**
20.171.207.207 - - [11/Sep/2025:05:28:56 -0700] "GET /school-access?path=/home/o5t6x7pgljbm/public_html/rewardsforeducation.com/wp-includes/blocks/post-content&viewfile=/home/o5t6x7pgljbm/public_html/rewardsforeducation.com/wp-includes/blocks/post-content/block.json HTTP/2.0" 200 2986 "-" "Mozilla/5.0 AppleWebKit/537.36 (KHTML, like Gecko; compatible; GPTBot/1.2; +https://openai.com/gptbot)" 175 **0/175812**
216.73.216.124 - - [11/Sep/2025:05:28:56 -0700] "GET /products/25214035?path=%2Fhome%2Fo5t6x7pgljbm%2Fpublic_html%2Fwp-content%2Fplugins%2Felementor-pro%2Fmodules%2Fwoocommerce%2Fconditions HTTP/2.0" 200 2817 "-" "Mozilla/5.0 AppleWebKit/537.36 (KHTML, like Gecko; compatible; ClaudeBot/1.0; +claudebot@anthropic.com)" 165 **0/165759**
216.73.216.124 - - [11/Sep/2025:05:28:56 -0700] "GET /products/25214035?path=%2Fhome%2Fo5t6x7pgljbm%2Fpublic_html%2Fwp-content%2Fplugins%2Felementor-pro%2Fmodules%2Fcode-highlight%2Fassets HTTP/2.0" 200 2368 "-" "Mozilla/5.0 AppleWebKit/537.36 (KHTML, like Gecko; compatible; ClaudeBot/1.0; +claudebot@anthropic.com)" 172 **0/172769**
20.171.207.229 - - [11/Sep/2025:05:28:56 -0700] "GET /admin-post.php?path=//proc/self/root/proc/thread-self/root/proc/thread-self/root/proc/thread-self/root/proc/thread-self/root/proc/self/root/proc/self/root/usr/include/criu HTTP/2.0" 200 2868 "-" "Mozilla/5.0 AppleWebKit/537.36 (KHTML, like Gecko; compatible; GPTBot/1.2; +https://openai.com/gptbot)" 156 **0/156241**
216.73.216.124 - - [11/Sep/2025:05:28:56 -0700] "GET /products/25214035?path=%2Fhome%2Fo5t6x7pgljbm%2Fpublic_html%2Fwp-content%2Fplugins%2Felementor-pro%2Fassets%2Fjs%2Fnotes HTTP/2.0" 200 3009 "-" "Mozilla/5.0 AppleWebKit/537.36 (KHTML, like Gecko; compatible; ClaudeBot/1.0; +claudebot@anthropic.com)" 203 **0/203775**
216.73.216.124 - - [11/Sep/2025:05:28:56 -0700] "GET /products/25214035?path=%2Fhome%2Fo5t6x7pgljbm%2Fpublic_html%2Fwp-content%2Fplugins%2Felementor-pro%2Fassets%2Flib%2Fdom-to-image HTTP/2.0" 200 2654 "-" "Mozilla/5.0 AppleWebKit/537.36 (KHTML, like Gecko; compatible; ClaudeBot/1.0; +claudebot@anthropic.com)" 118 **0/118245**
216.73.216.124 - - [11/Sep/2025:05:28:56 -0700] "GET /products/25214035?path=%2Fhome%2Fo5t6x7pgljbm%2Fpublic_html%2Fwp-content%2Fplugins%2Felementor-pro%2Fmodules%2Flink-in-bio%2Fclasses HTTP/2.0" 200 2658 "-" "Mozilla/5.0 AppleWebKit/537.36 (KHTML, like Gecko; compatible; ClaudeBot/1.0; +claudebot@anthropic.com)" 102 **0/102618**
216.73.216.124 - - [11/Sep/2025:05:28:56 -0700] "GET /products/25214035?path=%2Fhome%2Fo5t6x7pgljbm%2Fpublic_html%2Fwp-content%2Fplugins%2Fawhsakit%2Fassets%2Fcss&viewfile=%2Fhome%2Fo5t6x7pgljbm%2Fpublic_html%2Fwp-content%2Fplugins%2Fawhsakit%2Fassets%2Fcss%2Fstyles.css HTTP/2.0" 200 2505 "-" "Mozilla/5.0 AppleWebKit/537.36 (KHTML, like Gecko; compatible; ClaudeBot/1.0; +claudebot@anthropic.com)" 51 **0/51439**
216.73.216.124 - - [11/Sep/2025:05:28:56 -0700] "GET /products/25214035?path=%2Fhome%2Fo5t6x7pgljbm%2Fpublic_html%2Fwp-content%2Fplugins%2Felementor-pro%2Fmodules%2Fglobal-widget%2Fdata HTTP/2.0" 200 2731 "-" "Mozilla/5.0 AppleWebKit/537.36 (KHTML, like Gecko; compatible; ClaudeBot/1.0; +claudebot@anthropic.com)" 60 **0/60097**
216.73.216.124 - - [11/Sep/2025:05:28:56 -0700] "GET /products/25214035?path=%2Fhome%2Fo5t6x7pgljbm%2Fpublic_html%2Fwp-content%2Fplugins%2Felementor-pro%2Fmodules%2Fcall-to-action%2Fwidgets HTTP/2.0" 200 2719 "-" "Mozilla/5.0 AppleWebKit/537.36 (KHTML, like Gecko; compatible; ClaudeBot/1.0; +claudebot@anthropic.com)" 59 **0/59472**
216.73.216.124 - - [11/Sep/2025:05:28:57 -0700] "GET /products/25214035?path=%2Fhome%2Fo5t6x7pgljbm%2Fpublic_html%2Fwp-content%2Fplugins%2Fpopularis-extra%2Fincludes%2Fwizard%2Fclasses HTTP/2.0" 200 2761 "-" "Mozilla/5.0 AppleWebKit/537.36 (KHTML, like Gecko; compatible; ClaudeBot/1.0; +claudebot@anthropic.com)" 57 **0/57815**
216.73.216.124 - - [11/Sep/2025:05:28:57 -0700] "GET /products/25214035?path=%2Fhome%2Fo5t6x7pgljbm%2Fpublic_html%2Fwp-content%2Fplugins%2Felementor-pro%2Fmodules%2Flink-in-bio%2Fwidgets HTTP/2.0" 200 2838 "-" "Mozilla/5.0 AppleWebKit/537.36 (KHTML, like Gecko; compatible; ClaudeBot/1.0; +claudebot@anthropic.com)" 39 **0/39347**
216.73.216.124 - - [11/Sep/2025:05:28:57 -0700] "GET /products/13146857?path=%2Fhome%2Fo5t6x7pgljbm%2Fpublic_html%2Fvendor%2Fspatie%2Flaravel-ignition%2Fsrc%2FRecorders%2FLogRecorder HTTP/2.0" 200 2752 "-" "Mozilla/5.0 AppleWebKit/537.36 (KHTML, like Gecko; compatible; ClaudeBot/1.0; +claudebot@anthropic.com)" 42 **0/42296**
216.73.216.124 - - [11/Sep/2025:05:28:57 -0700] "GET /products/25214035?path=%2Fhome%2Fo5t6x7pgljbm%2Fpublic_html%2Fwp-content%2Fplugins%2Felementor-pro%2Fmodules%2Fnotes%2Fnotifications HTTP/2.0" 200 2965 "-" "Mozilla/5.0 AppleWebKit/537.36 (KHTML, like Gecko; compatible; ClaudeBot/1.0; +claudebot@anthropic.com)" 46 **0/46963**
216.73.216.124 - - [11/Sep/2025:05:28:57 -0700] "GET /products/25214035?path=%2Fhome%2Fo5t6x7pgljbm%2Fpublic_html%2Fwp-content%2Fplugins%2Felementor-pro%2Fmodules%2Ftheme-builder%2Fclasses HTTP/2.0" 200 2981 "-" "Mozilla/5.0 AppleWebKit/537.36 (KHTML, like Gecko; compatible; ClaudeBot/1.0; +claudebot@anthropic.com)" 60 **0/60662**
66.249.73.131 - - [11/Sep/2025:05:28:57 -0700] "GET /products/30167980 HTTP/1.1" 200 6216 "-" "Mozilla/5.0 (Linux; Android 6.0.1; Nexus 5X Build/MMB29P) AppleWebKit/537.36 (KHTML, like Gecko) Chrome/139.0.7258.154 Mobile Safari/537.36 (compatible; Googlebot/2.1; +http://www.google.com/bot.html)" 63 **0/63828**
216.73.216.124 - - [11/Sep/2025:05:28:57 -0700] "GET /products/25214035?path=%2Fhome%2Fo5t6x7pgljbm%2Fpublic_html%2Fwp-content%2Fplugins%2Felementor-pro%2Fassets%2Flib%2Finstant-page HTTP/2.0" 200 2751 "-" "Mozilla/5.0 AppleWebKit/537.36 (KHTML, like Gecko; compatible; ClaudeBot/1.0; +claudebot@anthropic.com)" 45 **0/45270**
216.73.216.124 - - [11/Sep/2025:05:28:57 -0700] "GET /products/25214035?path=%2Fhome%2Fo5t6x7pgljbm%2Fpublic_html%2Fbecourage.org%2Fwp-includes%2Fcss%2Fdist%2Fcommands&viewfile=%2Fhome%2Fo5t6x7pgljbm%2Fpublic_html%2Fbecourage.org%2Fwp-includes%2Fcss%2Fdist%2Fcommands%2Fstyle.css HTTP/2.0" 200 3363 "-" "Mozilla/5.0 AppleWebKit/537.36 (KHTML, like Gecko; compatible; ClaudeBot/1.0; +claudebot@anthropic.com)" 43 **0/43658**
20.171.207.207 - - [11/Sep/2025:05:28:57 -0700] "GET //product//hoodie-with-zipper/%22?path=/home/o5t6x7pgljbm/public_html/old/resources/js&viewfile=/home/o5t6x7pgljbm/public_html/old/resources/js/app.js HTTP/2.0" 200 2485 "-" "Mozilla/5.0 AppleWebKit/537.36 (KHTML, like Gecko; compatible; GPTBot/1.2; +https://openai.com/gptbot)" 48 **0/48729**
216.73.216.124 - - [11/Sep/2025:05:28:57 -0700] "GET /products/25214035?path=%2Fhome%2Fo5t6x7pgljbm%2Fpublic_html%2Fwp-content%2Fplugins%2Felementor-pro%2Fmodules%2Fnav-menu%2Fwidgets HTTP/2.0" 200 2717 "-" "Mozilla/5.0 AppleWebKit/537.36 (KHTML, like Gecko; compatible; ClaudeBot/1.0; +claudebot@anthropic.com)" 37 **0/37029**
216.73.216.124 - - [11/Sep/2025:05:28:57 -0700] "GET /products/25214035?path=%2Fhome%2Fo5t6x7pgljbm%2Fpublic_html%2Fwp-content%2Fplugins%2Felementor-pro%2Fmodules%2Fmega-menu%2Fwidgets HTTP/2.0" 200 2726 "-" "Mozilla/5.0 AppleWebKit/537.36 (KHTML, like Gecko; compatible; ClaudeBot/1.0; +claudebot@anthropic.com)" 51 **0/51893**
216.73.216.124 - - [11/Sep/2025:05:28:57 -0700] "GET /products/25214035?path=%2Fhome%2Fo5t6x7pgljbm%2Fpublic_html%2Fwp-content%2Fplugins%2Felementor-pro%2Fmodules%2Fcustom-css%2Fassets HTTP/2.0" 200 2366 "-" "Mozilla/5.0 AppleWebKit/537.36 (KHTML, like Gecko; compatible; ClaudeBot/1.0; +claudebot@anthropic.com)" 43 **0/43695**
20.171.207.229 - - [11/Sep/2025:05:28:58 -0700] "GET /admin-post.php?path=//proc/self/root/proc/thread-self/root/proc/thread-self/root/proc/thread-self/root/proc/thread-self/root/proc/self/root/proc/self/root/usr/include/rdma HTTP/2.0" 200 3615 "-" "Mozilla/5.0 AppleWebKit/537.36 (KHTML, like Gecko; compatible; GPTBot/1.2; +https://openai.com/gptbot)" 47 **0/47074**
66.249.73.129 - - [11/Sep/2025:05:28:58 -0700] "GET /products/27228435 HTTP/1.1" 200 6216 "-" "Mozilla/5.0 (Linux; Android 6.0.1; Nexus 5X Build/MMB29P) AppleWebKit/537.36 (KHTML, like Gecko) Chrome/139.0.7258.154 Mobile Safari/537.36 (compatible; Googlebot/2.1; +http://www.google.com/bot.html)" 48 **0/48165**
20.171.207.207 - - [11/Sep/2025:05:28:58 -0700] "GET /school-access?path=/home/o5t6x7pgljbm/public_html/rewardsforeducation.com/wp-includes/blocks&viewfile=/home/o5t6x7pgljbm/public_html/rewardsforeducation.com/wp-includes/blocks/post-title.php HTTP/2.0" 200 3365 "-" "Mozilla/5.0 AppleWebKit/537.36 (KHTML, like Gecko; compatible; GPTBot/1.2; +https://openai.com/gptbot)" 43 **0/43099**
20.171.207.229 - - [11/Sep/2025:05:28:59 -0700] "GET /admin-post.php?path=//proc/self/root/proc/thread-self/root/proc/thread-self/root/proc/thread-self/root/proc/thread-self/root/proc/self/root/proc/thread-self/root/run/screen HTTP/2.0" 200 2392 "-" "Mozilla/5.0 AppleWebKit/537.36 (KHTML, like Gecko; compatible; GPTBot/1.2; +https://openai.com/gptbot)" 38 **0/38617**
66.249.73.130 - - [11/Sep/2025:05:28:59 -0700] "GET /products/4850224 HTTP/1.1" 200 6216 "-" "Mozilla/5.0 (Linux; Android 6.0.1; Nexus 5X Build/MMB29P) AppleWebKit/537.36 (KHTML, like Gecko) Chrome/139.0.7258.154 Mobile Safari/537.36 (compatible; Googlebot/2.1; +http://www.google.com/bot.html)" 49 **0/49262**
66.249.73.132 - - [11/Sep/2025:05:29:00 -0700] "GET /products/27409435 HTTP/1.1" 200 6216 "-" "Mozilla/5.0 (Linux; Android 6.0.1; Nexus 5X Build/MMB29P) AppleWebKit/537.36 (KHTML, like Gecko) Chrome/139.0.7258.154 Mobile Safari/537.36 (compatible; Googlebot/2.1; +http://www.google.com/bot.html)" 67 **0/67545**
20.171.207.207 - - [11/Sep/2025:05:29:00 -0700] "GET /school-access?path=/home/o5t6x7pgljbm/public_html/rewardsforeducation.com/wp-includes&viewfile=/home/o5t6x7pgljbm/public_html/rewardsforeducation.com/wp-includes/class-avif-info.php HTTP/2.0" 200 8334 "-" "Mozilla/5.0 AppleWebKit/537.36 (KHTML, like Gecko; compatible; GPTBot/1.2; +https://openai.com/gptbot)" 64 **0/64794**
66.249.73.129 - - [11/Sep/2025:05:29:00 -0700] "GET /products/29280368 HTTP/1.1" 200 6216 "-" "Mozilla/5.0 (Linux; Android 6.0.1; Nexus 5X Build/MMB29P) AppleWebKit/537.36 (KHTML, like Gecko) Chrome/139.0.7258.154 Mobile Safari/537.36 (compatible; Googlebot/2.1; +http://www.google.com/bot.html)" 59 **0/59951**
66.249.73.130 - - [11/Sep/2025:05:29:00 -0700] "GET /products/3916946 HTTP/1.1" 200 6216 "-" "Mozilla/5.0 (Linux; Android 6.0.1; Nexus 5X Build/MMB29P) AppleWebKit/537.36 (KHTML, like Gecko) Chrome/139.0.7258.154 Mobile Safari/537.36 (compatible; Googlebot/2.1; +http://www.google.com/bot.html)" 58 **0/58583**
66.249.73.131 - - [11/Sep/2025:05:29:00 -0700] "GET /products/28283291 HTTP/1.1" 200 6216 "-" "Mozilla/5.0 (Linux; Android 6.0.1; Nexus 5X Build/MMB29P) AppleWebKit/537.36 (KHTML, like Gecko) Chrome/139.0.7258.154 Mobile Safari/537.36 (compatible; Googlebot/2.1; +http://www.google.com/bot.html)" 65 **0/65228**
20.171.207.229 - - [11/Sep/2025:05:29:01 -0700] "GET /admin-post.php?path=//proc/self/root/proc/thread-self/root/proc/thread-self/root/proc/thread-self/root/proc/thread-self/root/proc/self/root/proc/self/root/usr/include/rpc HTTP/2.0" 200 2744 "-" "Mozilla/5.0 AppleWebKit/537.36 (KHTML, like Gecko; compatible; GPTBot/1.2; +https://openai.com/gptbot)" 60 **0/60906**
20.171.207.207 - - [11/Sep/2025:05:29:01 -0700] "GET /school-access?path=/home/o5t6x7pgljbm/public_html/rewardsforeducation.com/wp-includes/blocks/post-template HTTP/2.0" 200 2895 "-" "Mozilla/5.0 AppleWebKit/537.36 (KHTML, like Gecko; compatible; GPTBot/1.2; +https://openai.com/gptbot)" 77 **0/77798**
66.249.73.130 - - [11/Sep/2025:05:29:02 -0700] "GET /products/27691380 HTTP/1.1" 200 6216 "-" "Mozilla/5.0 (Linux; Android 6.0.1; Nexus 5X Build/MMB29P) AppleWebKit/537.36 (KHTML, like Gecko) Chrome/139.0.7258.154 Mobile Safari/537.36 (compatible; Googlebot/2.1; +http://www.google.com/bot.html)" 93 **0/93014**
20.171.207.229 - - [11/Sep/2025:05:29:02 -0700] "GET /admin-post.php?path=//proc/self/root/proc/thread-self/root/proc/thread-self/root/proc/thread-self/root/proc/thread-self/root/proc/self/root/proc/self/root/usr/include/arpa HTTP/2.0" 200 2902 "-" "Mozilla/5.0 AppleWebKit/537.36 (KHTML, like Gecko; compatible; GPTBot/1.2; +https://openai.com/gptbot)" 78 **0/78484**
66.249.73.129 - - [11/Sep/2025:05:29:03 -0700] "GET /products/30028391 HTTP/1.1" 200 6216 "-" "Mozilla/5.0 (Linux; Android 6.0.1; Nexus 5X Build/MMB29P) AppleWebKit/537.36 (KHTML, like Gecko) Chrome/139.0.7258.154 Mobile Safari/537.36 (compatible; Googlebot/2.1; +http://www.google.com/bot.html)" 73 **0/73597**
20.171.207.207 - - [11/Sep/2025:05:29:03 -0700] "GET /school-access?path=/home/o5t6x7pgljbm/public_html/rewardsforeducation.com/wp-includes/blocks&viewfile=/home/o5t6x7pgljbm/public_html/rewardsforeducation.com/wp-includes/blocks/post-content.php HTTP/2.0" 200 3403 "-" "Mozilla/5.0 AppleWebKit/537.36 (KHTML, like Gecko; compatible; GPTBot/1.2; +https://openai.com/gptbot)" 57 **0/57438**
20.171.207.229 - - [11/Sep/2025:05:29:04 -0700] "GET /admin-post.php?path=//proc/self/root/proc/thread-self/root/proc/thread-self/root/proc/thread-self/root/proc/thread-self/root/proc/self/root/proc/self/root/usr/include/netash HTTP/2.0" 200 2754 "-" "Mozilla/5.0 AppleWebKit/537.36 (KHTML, like Gecko; compatible; GPTBot/1.2; +https://openai.com/gptbot)" 55 **0/55644**
66.249.73.129 - - [11/Sep/2025:05:29:04 -0700] "GET /products/2409802 HTTP/1.1" 200 6216 "-" "Mozilla/5.0 (Linux; Android 6.0.1; Nexus 5X Build/MMB29P) AppleWebKit/537.36 (KHTML, like Gecko) Chrome/139.0.7258.154 Mobile Safari/537.36 (compatible; Googlebot/2.1; +http://www.google.com/bot.html)" 58 **0/58823**
20.171.207.207 - - [11/Sep/2025:05:29:04 -0700] "GET /school-access?path=/home/o5t6x7pgljbm/public_html/rewardsforeducation.com/wp-includes/images&viewfile=/home/o5t6x7pgljbm/public_html/rewardsforeducation.com/wp-includes/images/w-logo-blue.png HTTP/2.0" 200 4645 "-" "Mozilla/5.0 AppleWebKit/537.36 (KHTML, like Gecko; compatible; GPTBot/1.2; +https://openai.com/gptbot)" 50 **0/50881**
20.171.207.229 - - [11/Sep/2025:05:29:05 -0700] "GET /admin-post.php?path=//proc/self/root/proc/thread-self/root/proc/thread-self/root/proc/thread-self/root/proc/thread-self/root/proc/self/root/proc/self/root/usr/include/netrom HTTP/2.0" 200 2752 "-" "Mozilla/5.0 AppleWebKit/537.36 (KHTML, like Gecko; compatible; GPTBot/1.2; +https://openai.com/gptbot)" 51 **0/51392**
66.249.73.131 - - [11/Sep/2025:05:29:05 -0700] "GET /products/23140213 HTTP/1.1" 200 6216 "-" "Mozilla/5.0 (Linux; Android 6.0.1; Nexus 5X Build/MMB29P) AppleWebKit/537.36 (KHTML, like Gecko) Chrome/139.0.7258.154 Mobile Safari/537.36 (compatible; Googlebot/2.1; +http://www.google.com/bot.html)" 55 **0/55640**
20.171.207.207 - - [11/Sep/2025:05:29:05 -0700] "GET /school-access?path=/home/o5t6x7pgljbm/public_html/rewardsforeducation.com/wp-includes&viewfile=/home/o5t6x7pgljbm/public_html/rewardsforeducation.com/wp-includes/class-wp-list-util.php HTTP/2.0" 200 4589 "-" "Mozilla/5.0 AppleWebKit/537.36 (KHTML, like Gecko; compatible; GPTBot/1.2; +https://openai.com/gptbot)" 67 **0/67082**
66.249.73.129 - - [11/Sep/2025:05:29:06 -0700] "GET /products/28824724 HTTP/1.1" 200 6216 "-" "Mozilla/5.0 (Linux; Android 6.0.1; Nexus 5X Build/MMB29P) AppleWebKit/537.36 (KHTML, like Gecko) Chrome/139.0.7258.154 Mobile Safari/537.36 (compatible; Googlebot/2.1; +http://www.google.com/bot.html)" 72 **0/72888**
66.249.73.130 - - [11/Sep/2025:05:29:06 -0700] "GET /products/18750179 HTTP/1.1" 200 6216 "-" "Mozilla/5.0 (Linux; Android 6.0.1; Nexus 5X Build/MMB29P) AppleWebKit/537.36 (KHTML, like Gecko) Chrome/139.0.7258.154 Mobile Safari/537.36 (compatible; Googlebot/2.1; +http://www.google.com/bot.html)" 56 **0/56034**
66.249.73.132 - - [11/Sep/2025:05:29:06 -0700] "GET /products/2851468 HTTP/1.1" 200 6216 "-" "Mozilla/5.0 (Linux; Android 6.0.1; Nexus 5X Build/MMB29P) AppleWebKit/537.36 (KHTML, like Gecko) Chrome/139.0.7258.154 Mobile Safari/537.36 (compatible; Googlebot/2.1; +http://www.google.com/bot.html)" 61 **0/61522**
20.171.207.207 - - [11/Sep/2025:05:29:06 -0700] "GET /school-access?path=/home/o5t6x7pgljbm/public_html/rewardsforeducation.com/wp-includes&viewfile=/home/o5t6x7pgljbm/public_html/rewardsforeducation.com/wp-includes/class-wp-block-list.php HTTP/2.0" 200 3543 "-" "Mozilla/5.0 AppleWebKit/537.36 (KHTML, like Gecko; compatible; GPTBot/1.2; +https://openai.com/gptbot)" 67 **0/67884**
66.249.73.132 - - [11/Sep/2025:05:29:06 -0700] "GET /products/30304179 HTTP/1.1" 200 6216 "-" "Mozilla/5.0 (Linux; Android 6.0.1; Nexus 5X Build/MMB29P) AppleWebKit/537.36 (KHTML, like Gecko) Chrome/139.0.7258.154 Mobile Safari/537.36 (compatible; Googlebot/2.1; +http://www.google.com/bot.html)" 77 **0/77033**
20.171.207.229 - - [11/Sep/2025:05:29:07 -0700] "GET /admin-post.php?path=//proc/self/root/proc/thread-self/root/proc/thread-self/root/proc/thread-self/root/proc/thread-self/root/proc/self/root/proc/self/root/usr/include/et HTTP/2.0" 200 2758 "-" "Mozilla/5.0 AppleWebKit/537.36 (KHTML, like Gecko; compatible; GPTBot/1.2; +https://openai.com/gptbot)" 49 **0/49711**
66.249.73.130 - - [11/Sep/2025:05:29:08 -0700] "GET /products/21082813 HTTP/1.1" 200 6216 "-" "Mozilla/5.0 (Linux; Android 6.0.1; Nexus 5X Build/MMB29P) AppleWebKit/537.36 (KHTML, like Gecko) Chrome/139.0.7258.154 Mobile Safari/537.36 (compatible; Googlebot/2.1; +http://www.google.com/bot.html)" 64 **0/64069**
20.171.207.229 - - [11/Sep/2025:05:29:08 -0700] "GET /admin-post.php?path=//proc/self/root/proc/thread-self/root/proc/thread-self/root/proc/thread-self/root/proc/thread-self/root/proc/self/root/proc/self/root/usr/include/nfs HTTP/2.0" 200 2741 "-" "Mozilla/5.0 AppleWebKit/537.36 (KHTML, like Gecko; compatible; GPTBot/1.2; +https://openai.com/gptbot)" 45 **0/45000**
20.171.207.207 - - [11/Sep/2025:05:29:09 -0700] "GET /school-access?path=/home/o5t6x7pgljbm/public_html/rewardsforeducation.com/wp-includes/blocks&viewfile=/home/o5t6x7pgljbm/public_html/rewardsforeducation.com/wp-includes/blocks/post-date.php HTTP/2.0" 200 3495 "-" "Mozilla/5.0 AppleWebKit/537.36 (KHTML, like Gecko; compatible; GPTBot/1.2; +https://openai.com/gptbot)" 61 **0/61462**
66.249.73.131 - - [11/Sep/2025:05:29:09 -0700] "GET /products/29667479 HTTP/1.1" 200 6216 "-" "Mozilla/5.0 (Linux; Android 6.0.1; Nexus 5X Build/MMB29P) AppleWebKit/537.36 (KHTML, like Gecko) Chrome/139.0.7258.154 Mobile Safari/537.36 (compatible; Googlebot/2.1; +http://www.google.com/bot.html)" 70 **0/70621**
20.171.207.229 - - [11/Sep/2025:05:29:09 -0700] "GET /admin-post.php?path=//proc/self/root/proc/thread-self/root/proc/thread-self/root/proc/thread-self/root/proc/thread-self/root/proc/self/root/proc/thread-self/root/run/motd.d HTTP/2.0" 200 2394 "-" "Mozilla/5.0 AppleWebKit/537.36 (KHTML, like Gecko; compatible; GPTBot/1.2; +https://openai.com/gptbot)" 56 **0/56972**
20.171.207.207 - - [11/Sep/2025:05:29:10 -0700] "GET /school-access?path=/home/o5t6x7pgljbm/public_html/rewardsforeducation.com/wp-includes/blocks&viewfile=/home/o5t6x7pgljbm/public_html/rewardsforeducation.com/wp-includes/blocks/list.php HTTP/2.0" 200 3018 "-" "Mozilla/5.0 AppleWebKit/537.36 (KHTML, like Gecko; compatible; GPTBot/1.2; +https://openai.com/gptbot)" 62 **0/62585**
66.249.73.129 - - [11/Sep/2025:05:29:10 -0700] "GET /products/4123980 HTTP/1.1" 200 6216 "-" "Mozilla/5.0 (Linux; Android 6.0.1; Nexus 5X Build/MMB29P) AppleWebKit/537.36 (KHTML, like Gecko) Chrome/139.0.7258.154 Mobile Safari/537.36 (compatible; Googlebot/2.1; +http://www.google.com/bot.html)" 53 **0/53494**
54.39.6.155 - - [11/Sep/2025:05:29:11 -0700] "GET /shopdetail/90604150307 HTTP/2.0" 200 6216 "-" "Mozilla/5.0 (compatible; AhrefsBot/7.0; +http://ahrefs.com/robot/)" 49 **0/49297**
20.171.207.229 - - [11/Sep/2025:05:29:11 -0700] "GET /admin-post.php?path=//proc/self/root/proc/thread-self/root/proc/thread-self/root/proc/thread-self/root/proc/thread-self/root/proc/self/root/proc/self/root/usr/include/asm HTTP/2.0" 200 4360 "-" "Mozilla/5.0 AppleWebKit/537.36 (KHTML, like Gecko; compatible; GPTBot/1.2; +https://openai.com/gptbot)" 80 **0/80559**
20.171.207.207 - - [11/Sep/2025:05:29:11 -0700] "GET /school-access?path=/home/o5t6x7pgljbm/public_html/rewardsforeducation.com/wp-includes/blocks/post-navigation-link HTTP/2.0" 200 2828 "-" "Mozilla/5.0 AppleWebKit/537.36 (KHTML, like Gecko; compatible; GPTBot/1.2; +https://openai.com/gptbot)" 45 **0/45954**
66.249.73.129 - - [11/Sep/2025:05:29:11 -0700] "GET /products/3213657 HTTP/1.1" 200 6216 "-" "Mozilla/5.0 (Linux; Android 6.0.1; Nexus 5X Build/MMB29P) AppleWebKit/537.36 (KHTML, like Gecko) Chrome/139.0.7258.154 Mobile Safari/537.36 (compatible; Googlebot/2.1; +http://www.google.com/bot.html)" 53 **0/53744**
66.249.73.132 - - [11/Sep/2025:05:29:12 -0700] "GET /products/28595446?viewfile=/home/o5t6x7pgljbm/public_html/e.php&path=/home/o5t6x7pgljbm/public_html HTTP/1.1" 200 2545 "-" "Mozilla/5.0 (Linux; Android 6.0.1; Nexus 5X Build/MMB29P) AppleWebKit/537.36 (KHTML, like Gecko) Chrome/139.0.7258.154 Mobile Safari/537.36 (compatible; GoogleOther)" 50 **0/50183**
66.249.73.131 - - [11/Sep/2025:05:29:12 -0700] "GET /products/28415135 HTTP/1.1" 200 6216 "-" "Mozilla/5.0 (Linux; Android 6.0.1; Nexus 5X Build/MMB29P) AppleWebKit/537.36 (KHTML, like Gecko) Chrome/139.0.7258.154 Mobile Safari/537.36 (compatible; Googlebot/2.1; +http://www.google.com/bot.html)" 51 **0/51804**
20.171.207.229 - - [11/Sep/2025:05:29:12 -0700] "GET /admin-post.php?path=//proc/self/root/proc/thread-self/root/proc/thread-self/root/proc/thread-self/root/proc/thread-self/root/proc/self/root/proc/self/root/usr/include/perf HTTP/2.0" 200 2764 "-" "Mozilla/5.0 AppleWebKit/537.36 (KHTML, like Gecko; compatible; GPTBot/1.2; +https://openai.com/gptbot)" 44 **0/44064**
20.171.207.207 - - [11/Sep/2025:05:29:13 -0700] "GET /school-access?path=/home/o5t6x7pgljbm/public_html/rewardsforeducation.com/wp-includes/blocks/post-featured-image HTTP/2.0" 200 2893 "-" "Mozilla/5.0 AppleWebKit/537.36 (KHTML, like Gecko; compatible; GPTBot/1.2; +https://openai.com/gptbot)" 59 **0/59735**
66.249.73.130 - - [11/Sep/2025:05:29:13 -0700] "GET /products/29883891 HTTP/1.1" 200 6216 "-" "Mozilla/5.0 (Linux; Android 6.0.1; Nexus 5X Build/MMB29P) AppleWebKit/537.36 (KHTML, like Gecko) Chrome/139.0.7258.154 Mobile Safari/537.36 (compatible; Googlebot/2.1; +http://www.google.com/bot.html)" 53 **0/53115**
20.171.207.229 - - [11/Sep/2025:05:29:14 -0700] "GET /admin-post.php?path=//proc/self/root/proc/thread-self/root/proc/thread-self/root/proc/thread-self/root/proc/thread-self/root/proc/self/root/proc/self/root/usr/include/mtd HTTP/2.0" 200 2864 "-" "Mozilla/5.0 AppleWebKit/537.36 (KHTML, like Gecko; compatible; GPTBot/1.2; +https://openai.com/gptbot)" 61 **0/61407**
20.171.207.207 - - [11/Sep/2025:05:29:14 -0700] "GET /school-access?path=/home/o5t6x7pgljbm/public_html/rewardsforeducation.com/wp-includes&viewfile=/home/o5t6x7pgljbm/public_html/rewardsforeducation.com/wp-includes/post-thumbnail-template.php HTTP/2.0" 200 4720 "-" "Mozilla/5.0 AppleWebKit/537.36 (KHTML, like Gecko; compatible; GPTBot/1.2; +https://openai.com/gptbot)" 51 **0/51976**
66.249.73.131 - - [11/Sep/2025:05:29:15 -0700] "GET /products/30604779 HTTP/1.1" 200 6216 "-" "Mozilla/5.0 (Linux; Android 6.0.1; Nexus 5X Build/MMB29P) AppleWebKit/537.36 (KHTML, like Gecko) Chrome/139.0.7258.154 Mobile Safari/537.36 (compatible; Googlebot/2.1; +http://www.google.com/bot.html)" 67 **0/67179**
20.171.207.229 - - [11/Sep/2025:05:29:15 -0700] "GET /admin-post.php?path=//proc/self/root/proc/thread-self/root/proc/thread-self/root/proc/thread-self/root/proc/thread-self/root/proc/self/root/proc/self/root/usr/include/netrose HTTP/2.0" 200 2755 "-" "Mozilla/5.0 AppleWebKit/537.36 (KHTML, like Gecko; compatible; GPTBot/1.2; +https://openai.com/gptbot)" 55 **0/55525**
20.171.207.207 - - [11/Sep/2025:05:29:16 -0700] "GET /school-access?path=/home/o5t6x7pgljbm/public_html/rewardsforeducation.com/wp-includes/blocks/post-content&viewfile=/home/o5t6x7pgljbm/public_html/rewardsforeducation.com/wp-includes/blocks/post-content/style-rtl.css HTTP/2.0" 200 2535 "-" "Mozilla/5.0 AppleWebKit/537.36 (KHTML, like Gecko; compatible; GPTBot/1.2; +https://openai.com/gptbot)" 63 **0/63678**
66.249.73.130 - - [11/Sep/2025:05:29:16 -0700] "GET /products/2145657 HTTP/1.1" 200 6216 "-" "Mozilla/5.0 (Linux; Android 6.0.1; Nexus 5X Build/MMB29P) AppleWebKit/537.36 (KHTML, like Gecko) Chrome/139.0.7258.154 Mobile Safari/537.36 (compatible; Googlebot/2.1; +http://www.google.com/bot.html)" 90 **0/90637**
20.171.207.229 - - [11/Sep/2025:05:29:17 -0700] "GET /admin-post.php?path=//proc/self/root/proc/thread-self/root/proc/thread-self/root/proc/thread-self/root/proc/thread-self/root/proc/self/root/proc/thread-self/root/run/sepermit HTTP/2.0" 200 2393 "-" "Mozilla/5.0 AppleWebKit/537.36 (KHTML, like Gecko; compatible; GPTBot/1.2; +https://openai.com/gptbot)" 54 **0/54394**
20.171.207.207 - - [11/Sep/2025:05:29:17 -0700] "GET /school-access?path=/home/o5t6x7pgljbm/public_html/rewardsforeducation.com/wp-includes/blocks/post-content&viewfile=/home/o5t6x7pgljbm/public_html/rewardsforeducation.com/wp-includes/blocks/post-content/style.min.css HTTP/2.0" 200 2528 "-" "Mozilla/5.0 AppleWebKit/537.36 (KHTML, like Gecko; compatible; GPTBot/1.2; +https://openai.com/gptbot)" 48 **0/48936**
66.249.73.129 - - [11/Sep/2025:05:29:17 -0700] "GET /products/28837635 HTTP/1.1" 200 6216 "-" "Mozilla/5.0 (Linux; Android 6.0.1; Nexus 5X Build/MMB29P) AppleWebKit/537.36 (KHTML, like Gecko) Chrome/139.0.7258.154 Mobile Safari/537.36 (compatible; Googlebot/2.1; +http://www.google.com/bot.html)" 56 **0/56544**
66.249.73.129 - - [11/Sep/2025:05:29:17 -0700] "GET /products/22465713 HTTP/1.1" 200 6216 "-" "Mozilla/5.0 (Linux; Android 6.0.1; Nexus 5X Build/MMB29P) AppleWebKit/537.36 (KHTML, like Gecko) Chrome/139.0.7258.154 Mobile Safari/537.36 (compatible; Googlebot/2.1; +http://www.google.com/bot.html)" 49 **0/49210**
20.171.207.207 - - [11/Sep/2025:05:29:18 -0700] "GET /school-access?path=/home/o5t6x7pgljbm/public_html/rewardsforeducation.com/wp-includes/blocks/read-more HTTP/2.0" 200 2800 "-" "Mozilla/5.0 AppleWebKit/537.36 (KHTML, like Gecko; compatible; GPTBot/1.2; +https://openai.com/gptbot)" 75 **0/75604**
20.171.207.229 - - [11/Sep/2025:05:29:18 -0700] "GET /admin-post.php?path=//proc/self/root/proc/thread-self/root/proc/thread-self/root/proc/thread-self/root/proc/thread-self/root/proc/self/root/run/console HTTP/2.0" 200 2373 "-" "Mozilla/5.0 AppleWebKit/537.36 (KHTML, like Gecko; compatible; GPTBot/1.2; +https://openai.com/gptbot)" 61 **0/61535**
66.249.73.131 - - [11/Sep/2025:05:29:19 -0700] "GET /products/28101724 HTTP/1.1" 200 6216 "-" "Mozilla/5.0 (Linux; Android 6.0.1; Nexus 5X Build/MMB29P) AppleWebKit/537.36 (KHTML, like Gecko) Chrome/139.0.7258.154 Mobile Safari/537.36 (compatible; Googlebot/2.1; +http://www.google.com/bot.html)" 65 **0/65889**
20.171.207.229 - - [11/Sep/2025:05:29:19 -0700] "GET /admin-post.php?path=//proc/self/root/proc/thread-self/root/proc/thread-self/root/proc/thread-self/root/proc/thread-self/root/proc/self/root/opt/alt/curl/usr HTTP/2.0" 200 2730 "-" "Mozilla/5.0 AppleWebKit/537.36 (KHTML, like Gecko; compatible; GPTBot/1.2; +https://openai.com/gptbot)" 95 **0/95700**
66.249.73.129 - - [11/Sep/2025:05:29:20 -0700] "GET /products/30992168 HTTP/1.1" 200 6216 "-" "Mozilla/5.0 (Linux; Android 6.0.1; Nexus 5X Build/MMB29P) AppleWebKit/537.36 (KHTML, like Gecko) Chrome/139.0.7258.154 Mobile Safari/537.36 (compatible; Googlebot/2.1; +http://www.google.com/bot.html)" 66 **0/66220**
20.171.207.207 - - [11/Sep/2025:05:29:20 -0700] "GET /school-access?path=/home/o5t6x7pgljbm/public_html/rewardsforeducation.com/wp-includes/blocks/post-content&viewfile=/home/o5t6x7pgljbm/public_html/rewardsforeducation.com/wp-includes/blocks/post-content/editor.min.css HTTP/2.0" 200 2541 "-" "Mozilla/5.0 AppleWebKit/537.36 (KHTML, like Gecko; compatible; GPTBot/1.2; +https://openai.com/gptbot)" 63 **0/63832**
20.171.207.229 - - [11/Sep/2025:05:29:21 -0700] "GET /admin-post.php?path=//proc/self/root/proc/thread-self/root/proc/thread-self/root/proc/thread-self/root/proc/thread-self/root/proc/self/root/run/sepermit HTTP/2.0" 200 2377 "-" "Mozilla/5.0 AppleWebKit/537.36 (KHTML, like Gecko; compatible; GPTBot/1.2; +https://openai.com/gptbot)" 61 **0/61647**
66.249.73.130 - - [11/Sep/2025:05:29:21 -0700] "GET /products/3009813 HTTP/1.1" 200 6216 "-" "Mozilla/5.0 (Linux; Android 6.0.1; Nexus 5X Build/MMB29P) AppleWebKit/537.36 (KHTML, like Gecko) Chrome/139.0.7258.154 Mobile Safari/537.36 (compatible; Googlebot/2.1; +http://www.google.com/bot.html)" 65 **0/65147**
66.249.73.130 - - [11/Sep/2025:05:29:21 -0700] "GET /products/31227624 HTTP/1.1" 200 6216 "-" "Mozilla/5.0 (Linux; Android 6.0.1; Nexus 5X Build/MMB29P) AppleWebKit/537.36 (KHTML, like Gecko) Chrome/139.0.7258.154 Mobile Safari/537.36 (compatible; Googlebot/2.1; +http://www.google.com/bot.html)" 52 **0/52506**
20.171.207.207 - - [11/Sep/2025:05:29:21 -0700] "GET /school-access?path=/home/o5t6x7pgljbm/public_html/rewardsforeducation.com/wp-includes/blocks/post-content&viewfile=/home/o5t6x7pgljbm/public_html/rewardsforeducation.com/wp-includes/blocks/post-content/editor-rtl.min.css HTTP/2.0" 200 2544 "-" "Mozilla/5.0 AppleWebKit/537.36 (KHTML, like Gecko; compatible; GPTBot/1.2; +https://openai.com/gptbot)" 53 **0/53416**
66.249.73.130 - - [11/Sep/2025:05:29:22 -0700] "GET /products/20371791 HTTP/1.1" 200 6216 "-" "Mozilla/5.0 (Linux; Android 6.0.1; Nexus 5X Build/MMB29P) AppleWebKit/537.36 (KHTML, like Gecko) Chrome/139.0.7258.154 Mobile Safari/537.36 (compatible; Googlebot/2.1; +http://www.google.com/bot.html)" 47 **0/47259**
40.77.167.150 - - [11/Sep/2025:05:29:22 -0700] "GET /products/28581368 HTTP/2.0" 200 6216 "-" "Mozilla/5.0 AppleWebKit/537.36 (KHTML, like Gecko; compatible; bingbot/2.0; +http://www.bing.com/bingbot.htm) Chrome/116.0.1938.76 Safari/537.36" 62 **0/62274**
20.171.207.207 - - [11/Sep/2025:05:29:22 -0700] "GET /school-access?path=/home/o5t6x7pgljbm/public_html/rewardsforeducation.com/wp-includes/blocks/post-content&viewfile=/home/o5t6x7pgljbm/public_html/rewardsforeducation.com/wp-includes/blocks/post-content/editor-rtl.css HTTP/2.0" 200 2550 "-" "Mozilla/5.0 AppleWebKit/537.36 (KHTML, like Gecko; compatible; GPTBot/1.2; +https://openai.com/gptbot)" 58 **0/58526**
20.171.207.229 - - [11/Sep/2025:05:29:23 -0700] "GET /admin-post.php?path=//proc/self/root/proc/thread-self/root/proc/thread-self/root/proc/thread-self/root/proc/thread-self/root/proc/self/root/proc/thread-self/cwd HTTP/2.0" 200 6464 "-" "Mozilla/5.0 AppleWebKit/537.36 (KHTML, like Gecko; compatible; GPTBot/1.2; +https://openai.com/gptbot)" 77 **0/77699**
66.249.73.129 - - [11/Sep/2025:05:29:23 -0700] "GET /products/30760068 HTTP/1.1" 200 6216 "-" "Mozilla/5.0 (Linux; Android 6.0.1; Nexus 5X Build/MMB29P) AppleWebKit/537.36 (KHTML, like Gecko) Chrome/139.0.7258.154 Mobile Safari/537.36 (compatible; Googlebot/2.1; +http://www.google.com/bot.html)" 54 **0/54643**
20.171.207.207 - - [11/Sep/2025:05:29:24 -0700] "GET /school-access?path=/home/o5t6x7pgljbm/public_html/rewardsforeducation.com/wp-includes/blocks/post-content&viewfile=/home/o5t6x7pgljbm/public_html/rewardsforeducation.com/wp-includes/blocks/post-content/style-rtl.min.css HTTP/2.0" 200 2531 "-" "Mozilla/5.0 AppleWebKit/537.36 (KHTML, like Gecko; compatible; GPTBot/1.2; +https://openai.com/gptbot)" 77 **0/77126**
66.249.73.131 - - [11/Sep/2025:05:29:24 -0700] "GET /products/2431435 HTTP/1.1" 200 6216 "-" "Mozilla/5.0 (Linux; Android 6.0.1; Nexus 5X Build/MMB29P) AppleWebKit/537.36 (KHTML, like Gecko) Chrome/139.0.7258.154 Mobile Safari/537.36 (compatible; Googlebot/2.1; +http://www.google.com/bot.html)" 70 **0/70160**
216.73.216.124 - - [11/Sep/2025:05:29:24 -0700] "GET /products/25214035?path=%2Fhome%2Fo5t6x7pgljbm%2Fpublic_html%2Fwp-content%2Fplugins%2Felementor-pro%2Fmodules%2Ftheme-builder%2Fassets HTTP/2.0" 200 2655 "-" "Mozilla/5.0 AppleWebKit/537.36 (KHTML, like Gecko; compatible; ClaudeBot/1.0; +claudebot@anthropic.com)" 112 **0/112033**
216.73.216.124 - - [11/Sep/2025:05:29:24 -0700] "GET /products/25214035?path=%2Fhome%2Fo5t6x7pgljbm%2Fpublic_html%2Fbecourage.org%2Fwp-includes%2Fcss%2Fdist%2Fpreferences&viewfile=%2Fhome%2Fo5t6x7pgljbm%2Fpublic_html%2Fbecourage.org%2Fwp-includes%2Fcss%2Fdist%2Fpreferences%2Fstyle.css HTTP/2.0" 200 2992 "-" "Mozilla/5.0 AppleWebKit/537.36 (KHTML, like Gecko; compatible; ClaudeBot/1.0; +claudebot@anthropic.com)" 202 **0/202394**
216.73.216.124 - - [11/Sep/2025:05:29:24 -0700] "GET /products/25214035?path=%2Fhome%2Fo5t6x7pgljbm%2Fpublic_html%2Fwp-content%2Fplugins%2Felementor-pro%2Fmodules%2Fsearch%2Fdata HTTP/2.0" 200 2872 "-" "Mozilla/5.0 AppleWebKit/537.36 (KHTML, like Gecko; compatible; ClaudeBot/1.0; +claudebot@anthropic.com)" 213 **0/213400**
216.73.216.124 - - [11/Sep/2025:05:29:24 -0700] "GET /products/25214035?path=%2Fhome%2Fo5t6x7pgljbm%2Fpublic_html%2Fwp-content%2Fplugins%2Felementor-pro%2Fvendor_prefixed%2Fpsr%2Fcontainer HTTP/2.0" 200 2919 "-" "Mozilla/5.0 AppleWebKit/537.36 (KHTML, like Gecko; compatible; ClaudeBot/1.0; +claudebot@anthropic.com)" 165 **0/165238**
216.73.216.124 - - [11/Sep/2025:05:29:24 -0700] "GET /products/25214035?path=%2Fhome%2Fo5t6x7pgljbm%2Fpublic_html%2Fwp-content%2Fplugins%2Felementor-pro%2Fassets%2Fcss%2Ftemplates HTTP/2.0" 200 3430 "-" "Mozilla/5.0 AppleWebKit/537.36 (KHTML, like Gecko; compatible; ClaudeBot/1.0; +claudebot@anthropic.com)" 218 **0/218973**
66.249.73.130 - - [11/Sep/2025:05:29:24 -0700] "GET /products/30559180 HTTP/1.1" 200 6216 "-" "Mozilla/5.0 (Linux; Android 6.0.1; Nexus 5X Build/MMB29P) AppleWebKit/537.36 (KHTML, like Gecko) Chrome/139.0.7258.154 Mobile Safari/537.36 (compatible; Googlebot/2.1; +http://www.google.com/bot.html)" 240 **0/240805**
216.73.216.124 - - [11/Sep/2025:05:29:25 -0700] "GET /products/25214035?path=%2Fhome%2Fo5t6x7pgljbm%2Fpublic_html%2Fwp-content%2Fplugins%2Felementor-pro%2Fmodules%2Flibrary%2Fassets HTTP/2.0" 200 2365 "-" "Mozilla/5.0 AppleWebKit/537.36 (KHTML, like Gecko; compatible; ClaudeBot/1.0; +claudebot@anthropic.com)" 272 **0/272958**
216.73.216.124 - - [11/Sep/2025:05:29:24 -0700] "GET /products/25214035?path=%2Fhome%2Fo5t6x7pgljbm%2Fpublic_html%2Fwp-content%2Fplugins%2Felementor-pro%2Fcore%2Fnotifications%2Ftraits HTTP/2.0" 200 2715 "-" "Mozilla/5.0 AppleWebKit/537.36 (KHTML, like Gecko; compatible; ClaudeBot/1.0; +claudebot@anthropic.com)" 363 **0/363366**
20.171.207.229 - - [11/Sep/2025:05:29:25 -0700] "GET /admin-post.php?path=//proc/self/root/proc/thread-self/root/proc/thread-self/root/proc/thread-self/root/proc/thread-self/root/proc/self/root/opt/alt/cyrus-sasl HTTP/2.0" 200 2765 "-" "Mozilla/5.0 AppleWebKit/537.36 (KHTML, like Gecko; compatible; GPTBot/1.2; +https://openai.com/gptbot)" 216 **0/216991**
216.73.216.124 - - [11/Sep/2025:05:29:25 -0700] "GET /products/25214035?path=%2Fhome%2Fo5t6x7pgljbm%2Fpublic_html%2Fwp-content%2Fplugins%2Felementor-pro%2Fmodules%2Fmega-menu%2Ftraits HTTP/2.0" 200 2731 "-" "Mozilla/5.0 AppleWebKit/537.36 (KHTML, like Gecko; compatible; ClaudeBot/1.0; +claudebot@anthropic.com)" 292 **0/292711**
66.249.73.129 - - [11/Sep/2025:05:29:25 -0700] "GET /products/3203613 HTTP/1.1" 200 6216 "-" "Mozilla/5.0 (Linux; Android 6.0.1; Nexus 5X Build/MMB29P) AppleWebKit/537.36 (KHTML, like Gecko) Chrome/139.0.7258.154 Mobile Safari/537.36 (compatible; Googlebot/2.1; +http://www.google.com/bot.html)" 306 **0/306864**
216.73.216.124 - - [11/Sep/2025:05:29:25 -0700] "GET /products/25214035?path=%2Fhome%2Fo5t6x7pgljbm%2Fpublic_html%2Fwp-content%2Fplugins%2Felementor-pro%2Fmodules%2Fcarousel%2Fassets HTTP/2.0" 200 2363 "-" "Mozilla/5.0 AppleWebKit/537.36 (KHTML, like Gecko; compatible; ClaudeBot/1.0; +claudebot@anthropic.com)" 389 **0/389765**
216.73.216.124 - - [11/Sep/2025:05:29:25 -0700] "GET /products/25214035?path=%2Fhome%2Fo5t6x7pgljbm%2Fpublic_html%2Fwp-content%2Fplugins%2Felementor-pro%2Fmodules%2Fwoocommerce%2Fassets HTTP/2.0" 200 2369 "-" "Mozilla/5.0 AppleWebKit/537.36 (KHTML, like Gecko; compatible; ClaudeBot/1.0; +claudebot@anthropic.com)" 303 **0/303517**
216.73.216.124 - - [11/Sep/2025:05:29:25 -0700] "GET /products/25214035?path=%2Fhome%2Fo5t6x7pgljbm%2Fpublic_html%2Fwp-content%2Fplugins%2Felementor-pro%2Fmodules%2Foff-canvas%2Fassets HTTP/2.0" 200 2367 "-" "Mozilla/5.0 AppleWebKit/537.36 (KHTML, like Gecko; compatible; ClaudeBot/1.0; +claudebot@anthropic.com)" 417 **0/417112**
216.73.216.124 - - [11/Sep/2025:05:29:25 -0700] "GET /products/25214035?path=%2Fhome%2Fo5t6x7pgljbm%2Fpublic_html%2Fwp-content%2Fplugins%2Felementor-pro%2Fmodules%2Fprogress-tracker%2Fassets HTTP/2.0" 200 2368 "-" "Mozilla/5.0 AppleWebKit/537.36 (KHTML, like Gecko; compatible; ClaudeBot/1.0; +claudebot@anthropic.com)" 328 **0/328013**
