20.171.207.229 - - [11/Sep/2025:05:16:59 -0700] "GET /admin-post.php?path=//proc/self/root/proc/thread-self/root/proc/thread-self/root/proc/thread-self/root/proc/thread-self/root/proc/self/root/proc/thread-self/root/opt/cyberark/epm/preloaders HTTP/2.0" 200 2897 "-" "Mozilla/5.0 AppleWebKit/537.36 (KHTML, like Gecko; compatible; GPTBot/1.2; +https://openai.com/gptbot)" 49 **0/49632**
20.171.207.207 - - [11/Sep/2025:05:17:00 -0700] "GET /donations/help-to-raise-valuable-donations-for-kids-2?path=/home/o5t6x7pgljbm/public_html/becourage.org/wp-admin HTTP/2.0" 200 6184 "-" "Mozilla/5.0 AppleWebKit/537.36 (KHTML, like Gecko; compatible; GPTBot/1.2; +https://openai.com/gptbot)" 84 **0/84430**
20.171.207.229 - - [11/Sep/2025:05:17:01 -0700] "GET /admin-post.php?path=//proc/self/root/proc/thread-self/root/proc/thread-self/root/proc/thread-self/root/proc/thread-self/root/proc/self/root/proc/self/root/proc/self/root/lib/firmware/powervr HTTP/2.0" 200 2832 "-" "Mozilla/5.0 AppleWebKit/537.36 (KHTML, like Gecko; compatible; GPTBot/1.2; +https://openai.com/gptbot)" 64 **0/64607**
20.171.207.207 - - [11/Sep/2025:05:17:02 -0700] "GET /donations/help-to-raise-valuable-donations-for-kids-2?path=/home/o5t6x7pgljbm/public_html/vendor/nikic/php-parser&viewfile=/home/o5t6x7pgljbm/public_html/vendor/nikic/php-parser/LICENSE HTTP/2.0" 200 3274 "-" "Mozilla/5.0 AppleWebKit/537.36 (KHTML, like Gecko; compatible; GPTBot/1.2; +https://openai.com/gptbot)" 100 **0/100852**
20.171.207.229 - - [11/Sep/2025:05:17:02 -0700] "GET /admin-post.php?path=//proc/self/root/proc/thread-self/root/proc/thread-self/root/proc/thread-self/root/proc/thread-self/root/proc/self/root/proc/self/root/proc/self/root/usr/lib/tuned/desktop HTTP/2.0" 200 2785 "-" "Mozilla/5.0 AppleWebKit/537.36 (KHTML, like Gecko; compatible; GPTBot/1.2; +https://openai.com/gptbot)" 67 **0/67488**
20.171.207.229 - - [11/Sep/2025:05:17:04 -0700] "GET /admin-post.php?path=//proc/self/root/proc/thread-self/root/proc/thread-self/root/proc/thread-self/root/proc/thread-self/root/proc/self/root/proc/thread-self/root/etc/pki/ca-trust HTTP/2.0" 200 2999 "-" "Mozilla/5.0 AppleWebKit/537.36 (KHTML, like Gecko; compatible; GPTBot/1.2; +https://openai.com/gptbot)" 65 **0/65040**
20.171.207.229 - - [11/Sep/2025:05:17:06 -0700] "GET /admin-post.php?path=//proc/self/root/proc/thread-self/root/proc/thread-self/root/proc/thread-self/root/proc/thread-self/root/proc/self/root/proc/thread-self/root/etc/pki/tls HTTP/2.0" 200 3055 "-" "Mozilla/5.0 AppleWebKit/537.36 (KHTML, like Gecko; compatible; GPTBot/1.2; +https://openai.com/gptbot)" 63 **0/63925**
20.171.207.229 - - [11/Sep/2025:05:17:08 -0700] "GET /admin-post.php?path=//proc/self/root/proc/thread-self/root/proc/thread-self/root/proc/thread-self/root/proc/thread-self/root/proc/self/root/proc/self/root/proc/self/root/proc/thread-self/cwd/old/vendor/phpoption/phpoption HTTP/2.0" 200 3015 "-" "Mozilla/5.0 AppleWebKit/537.36 (KHTML, like Gecko; compatible; GPTBot/1.2; +https://openai.com/gptbot)" 54 **0/54014**
20.171.207.229 - - [11/Sep/2025:05:17:09 -0700] "GET /admin-post.php?path=//proc/self/root/proc/thread-self/root/proc/thread-self/root/proc/thread-self/root/proc/thread-self/root/proc/self/root/proc/self/root/proc/self/root/usr/lib/tuned/hpc-compute HTTP/2.0" 200 2794 "-" "Mozilla/5.0 AppleWebKit/537.36 (KHTML, like Gecko; compatible; GPTBot/1.2; +https://openai.com/gptbot)" 74 **0/74947**
20.171.207.207 - - [11/Sep/2025:05:17:10 -0700] "GET /donations/help-to-raise-valuable-donations-for-kids-2?path=/home/o5t6x7pgljbm/public_html/app HTTP/2.0" 200 2935 "-" "Mozilla/5.0 AppleWebKit/537.36 (KHTML, like Gecko; compatible; GPTBot/1.2; +https://openai.com/gptbot)" 52 **0/52116**
20.171.207.207 - - [11/Sep/2025:05:17:11 -0700] "GET /donations/help-to-raise-valuable-donations-for-kids-2?path=/home/o5t6x7pgljbm/public_html/old HTTP/2.0" 200 3769 "-" "Mozilla/5.0 AppleWebKit/537.36 (KHTML, like Gecko; compatible; GPTBot/1.2; +https://openai.com/gptbot)" 47 **0/47654**
20.171.207.229 - - [11/Sep/2025:05:17:11 -0700] "GET /admin-post.php?path=//proc/self/root/proc/thread-self/root/proc/thread-self/root/proc/thread-self/root/proc/thread-self/root/proc/self/root/proc/thread-self/root/proc/thread-self/cwd/old/vendor/theseer HTTP/2.0" 200 2741 "-" "Mozilla/5.0 AppleWebKit/537.36 (KHTML, like Gecko; compatible; GPTBot/1.2; +https://openai.com/gptbot)" 50 **0/50990**
20.171.207.207 - - [11/Sep/2025:05:17:12 -0700] "GET /donations/help-to-raise-valuable-donations-for-kids-2?path=/home/o5t6x7pgljbm/public_html HTTP/2.0" 200 6216 "-" "Mozilla/5.0 AppleWebKit/537.36 (KHTML, like Gecko; compatible; GPTBot/1.2; +https://openai.com/gptbot)" 63 **0/63366**
20.171.207.229 - - [11/Sep/2025:05:17:12 -0700] "GET /admin-post.php?path=//proc/self/root/proc/thread-self/root/proc/thread-self/root/proc/thread-self/root/proc/thread-self/root/proc/self/root/proc/thread-self/root/proc/thread-self/cwd/old/vendor/nette HTTP/2.0" 200 2786 "-" "Mozilla/5.0 AppleWebKit/537.36 (KHTML, like Gecko; compatible; GPTBot/1.2; +https://openai.com/gptbot)" 45 **0/45328**
20.171.207.207 - - [11/Sep/2025:05:17:13 -0700] "GET /donations/help-to-raise-valuable-donations-for-kids-2?path=/home/o5t6x7pgljbm/public_html/wol HTTP/2.0" 200 2668 "-" "Mozilla/5.0 AppleWebKit/537.36 (KHTML, like Gecko; compatible; GPTBot/1.2; +https://openai.com/gptbot)" 53 **0/53712**
20.171.207.229 - - [11/Sep/2025:05:17:14 -0700] "GET /admin-post.php?path=//proc/self/root/proc/thread-self/root/proc/thread-self/root/proc/thread-self/root/proc/thread-self/root/proc/self/root/proc/thread-self/root/proc/thread-self/cwd/old/vendor/filp HTTP/2.0" 200 2737 "-" "Mozilla/5.0 AppleWebKit/537.36 (KHTML, like Gecko; compatible; GPTBot/1.2; +https://openai.com/gptbot)" 54 **0/54272**
20.171.207.229 - - [11/Sep/2025:05:17:15 -0700] "GET /admin-post.php?path=//proc/self/root/proc/thread-self/root/proc/thread-self/root/proc/thread-self/root/proc/thread-self/root/proc/self/root/proc/thread-self/root/proc/thread-self/cwd/old/vendor/psr HTTP/2.0" 200 2991 "-" "Mozilla/5.0 AppleWebKit/537.36 (KHTML, like Gecko; compatible; GPTBot/1.2; +https://openai.com/gptbot)" 60 **0/60429**
20.171.207.207 - - [11/Sep/2025:05:17:16 -0700] "GET /donations/help-to-raise-valuable-donations-for-kids-2?path=/home/o5t6x7pgljbm/public_html/becourage.org/wp-admin/network HTTP/2.0" 200 3558 "-" "Mozilla/5.0 AppleWebKit/537.36 (KHTML, like Gecko; compatible; GPTBot/1.2; +https://openai.com/gptbot)" 76 **0/76600**
20.171.207.229 - - [11/Sep/2025:05:17:17 -0700] "GET /admin-post.php?path=//proc/self/root/proc/thread-self/root/proc/thread-self/root/proc/thread-self/root/proc/thread-self/root/proc/self/root/proc/thread-self/root/proc/thread-self/cwd/old/vendor/hamcrest HTTP/2.0" 200 2740 "-" "Mozilla/5.0 AppleWebKit/537.36 (KHTML, like Gecko; compatible; GPTBot/1.2; +https://openai.com/gptbot)" 45 **0/45505**
85.208.96.204 - - [11/Sep/2025:05:17:18 -0700] "GET /events/list/?eventDisplay=past&tribe-bar-date=2024-04-26 HTTP/1.1" 200 7548 "-" "Mozilla/5.0 (compatible; SemrushBot/7~bl; +http://www.semrush.com/bot.html)" 46 **0/46183**
20.171.207.229 - - [11/Sep/2025:05:17:18 -0700] "GET /admin-post.php?path=//proc/self/root/proc/thread-self/root/proc/thread-self/root/proc/thread-self/root/proc/thread-self/root/proc/self/root/proc/thread-self/root/proc/thread-self/cwd/old/vendor/doctrine HTTP/2.0" 200 2816 "-" "Mozilla/5.0 AppleWebKit/537.36 (KHTML, like Gecko; compatible; GPTBot/1.2; +https://openai.com/gptbot)" 40 **0/40794**
20.171.207.207 - - [11/Sep/2025:05:17:18 -0700] "GET /donations/help-to-raise-valuable-donations-for-kids-2?path=/home/o5t6x7pgljbm/public_html/becourage.org/wp-admin/js HTTP/2.0" 200 5746 "-" "Mozilla/5.0 AppleWebKit/537.36 (KHTML, like Gecko; compatible; GPTBot/1.2; +https://openai.com/gptbot)" 55 **0/55955**
20.171.207.207 - - [11/Sep/2025:05:17:20 -0700] "GET /donations/help-to-raise-valuable-donations-for-kids-2?path=/home/o5t6x7pgljbm/public_html/becourage.org/wp-admin&viewfile=/home/o5t6x7pgljbm/public_html/becourage.org/wp-admin/user-edit.php HTTP/2.0" 200 12615 "-" "Mozilla/5.0 AppleWebKit/537.36 (KHTML, like Gecko; compatible; GPTBot/1.2; +https://openai.com/gptbot)" 55 **0/55046**
20.171.207.229 - - [11/Sep/2025:05:17:20 -0700] "GET /admin-post.php?path=//proc/self/root/proc/thread-self/root/proc/thread-self/root/proc/thread-self/root/proc/thread-self/root/proc/self/root/proc/self/root/proc/self/cwd/old/vendor/phpoption/phpoption/src HTTP/2.0" 200 2754 "-" "Mozilla/5.0 AppleWebKit/537.36 (KHTML, like Gecko; compatible; GPTBot/1.2; +https://openai.com/gptbot)" 55 **0/55453**
66.249.73.130 - - [11/Sep/2025:05:17:20 -0700] "GET /products/27403424?path=/ HTTP/1.1" 200 3130 "-" "Mozilla/5.0 (Linux; Android 6.0.1; Nexus 5X Build/MMB29P) AppleWebKit/537.36 (KHTML, like Gecko) Chrome/139.0.7258.154 Mobile Safari/537.36 (compatible; GoogleOther)" 52 **0/52684**
20.171.207.207 - - [11/Sep/2025:05:17:21 -0700] "GET /donations/help-to-raise-valuable-donations-for-kids-2?path=/home/o5t6x7pgljbm/public_html/becourage.org/wp-admin&viewfile=/home/o5t6x7pgljbm/public_html/becourage.org/wp-admin/user-new.php HTTP/2.0" 200 8941 "-" "Mozilla/5.0 AppleWebKit/537.36 (KHTML, like Gecko; compatible; GPTBot/1.2; +https://openai.com/gptbot)" 66 **0/66555**
20.171.207.229 - - [11/Sep/2025:05:17:21 -0700] "GET /admin-post.php?path=//proc/self/root/proc/thread-self/root/proc/thread-self/root/proc/thread-self/root/proc/thread-self/root/proc/self/root/proc/thread-self/root/etc/pki/ca-trust/source HTTP/2.0" 200 2964 "-" "Mozilla/5.0 AppleWebKit/537.36 (KHTML, like Gecko; compatible; GPTBot/1.2; +https://openai.com/gptbot)" 53 **0/53153**
20.171.207.229 - - [11/Sep/2025:05:17:23 -0700] "GET /admin-post.php?path=//proc/self/root/proc/thread-self/root/proc/thread-self/root/proc/thread-self/root/proc/thread-self/root/proc/self/root/proc/thread-self/root/etc/pki/tls/certs HTTP/2.0" 200 3197 "-" "Mozilla/5.0 AppleWebKit/537.36 (KHTML, like Gecko; compatible; GPTBot/1.2; +https://openai.com/gptbot)" 46 **0/46495**
20.171.207.229 - - [11/Sep/2025:05:17:24 -0700] "GET /admin-post.php?path=//proc/self/root/proc/thread-self/root/proc/thread-self/root/proc/thread-self/root/proc/thread-self/root/proc/self/root/proc/thread-self/root/etc/pki/dovecot HTTP/2.0" 200 2937 "-" "Mozilla/5.0 AppleWebKit/537.36 (KHTML, like Gecko; compatible; GPTBot/1.2; +https://openai.com/gptbot)" 50 **0/50394**
57.141.2.74 - - [11/Sep/2025:05:17:24 -0700] "GET /shopdetail/69492250839 HTTP/2.0" 200 157330 "-" "meta-externalagent/1.1 (+https://developers.facebook.com/docs/sharing/webmasters/crawler)" 75 **0/75191**
20.171.207.229 - - [11/Sep/2025:05:17:26 -0700] "GET /admin-post.php?path=//proc/self/root/proc/thread-self/root/proc/thread-self/root/proc/thread-self/root/proc/thread-self/root/proc/self/root/proc/self/root/proc/self/root/usr/lib/tuned/accelerator-performance HTTP/2.0" 200 2795 "-" "Mozilla/5.0 AppleWebKit/537.36 (KHTML, like Gecko; compatible; GPTBot/1.2; +https://openai.com/gptbot)" 38 **0/38009**
20.171.207.229 - - [11/Sep/2025:05:17:28 -0700] "GET /admin-post.php?path=//proc/self/root/proc/thread-self/root/proc/thread-self/root/proc/thread-self/root/proc/thread-self/root/proc/self/root/proc/thread-self/root/proc/thread-self/cwd/old/vendor/phar-io HTTP/2.0" 200 2781 "-" "Mozilla/5.0 AppleWebKit/537.36 (KHTML, like Gecko; compatible; GPTBot/1.2; +https://openai.com/gptbot)" 54 **0/54125**
20.171.207.207 - - [11/Sep/2025:05:17:28 -0700] "GET /donations/help-to-raise-valuable-donations-for-kids-2?path=/home/o5t6x7pgljbm/public_html/app/Console HTTP/2.0" 200 2695 "-" "Mozilla/5.0 AppleWebKit/537.36 (KHTML, like Gecko; compatible; GPTBot/1.2; +https://openai.com/gptbot)" 42 **0/42238**
20.171.207.229 - - [11/Sep/2025:05:17:29 -0700] "GET /admin-post.php?path=//proc/self/root/proc/thread-self/root/proc/thread-self/root/proc/thread-self/root/proc/thread-self/root/proc/self/root/proc/thread-self/root/proc/thread-self/cwd/old/vendor/spatie HTTP/2.0" 200 3090 "-" "Mozilla/5.0 AppleWebKit/537.36 (KHTML, like Gecko; compatible; GPTBot/1.2; +https://openai.com/gptbot)" 47 **0/47741**
20.171.207.207 - - [11/Sep/2025:05:17:29 -0700] "GET /donations/help-to-raise-valuable-donations-for-kids-2?path=/home/o5t6x7pgljbm/public_html/old&viewfile=/home/o5t6x7pgljbm/public_html/old/404.shtml HTTP/2.0" 200 3183 "-" "Mozilla/5.0 AppleWebKit/537.36 (KHTML, like Gecko; compatible; GPTBot/1.2; +https://openai.com/gptbot)" 63 **0/63389**
20.171.207.207 - - [11/Sep/2025:05:17:30 -0700] "GET /donations/help-to-raise-valuable-donations-for-kids-2?path=/home/o5t6x7pgljbm/public_html/old&viewfile=/home/o5t6x7pgljbm/public_html/old/.gitattributes HTTP/2.0" 200 2538 "-" "Mozilla/5.0 AppleWebKit/537.36 (KHTML, like Gecko; compatible; GPTBot/1.2; +https://openai.com/gptbot)" 58 **0/58808**
20.171.207.229 - - [11/Sep/2025:05:17:31 -0700] "GET /admin-post.php?path=//proc/self/root/proc/thread-self/root/proc/thread-self/root/proc/thread-self/root/proc/thread-self/root/proc/self/root/proc/thread-self/root/proc/thread-self/cwd/old/vendor/phpoption HTTP/2.0" 200 2741 "-" "Mozilla/5.0 AppleWebKit/537.36 (KHTML, like Gecko; compatible; GPTBot/1.2; +https://openai.com/gptbot)" 68 **0/68702**
20.171.207.207 - - [11/Sep/2025:05:17:32 -0700] "GET /donations/help-to-raise-valuable-donations-for-kids-2?path=/home/o5t6x7pgljbm/public_html/wol&viewfile=/home/o5t6x7pgljbm/public_html/wol/index.php HTTP/2.0" 200 2439 "-" "Mozilla/5.0 AppleWebKit/537.36 (KHTML, like Gecko; compatible; GPTBot/1.2; +https://openai.com/gptbot)" 52 **0/52177**
20.171.207.229 - - [11/Sep/2025:05:17:32 -0700] "GET /admin-post.php?path=//proc/self/root/proc/thread-self/root/proc/thread-self/root/proc/thread-self/root/proc/thread-self/root/proc/self/root/proc/thread-self/root/etc/pki/tls/misc HTTP/2.0" 200 2419 "-" "Mozilla/5.0 AppleWebKit/537.36 (KHTML, like Gecko; compatible; GPTBot/1.2; +https://openai.com/gptbot)" 44 **0/44669**
20.171.207.229 - - [11/Sep/2025:05:17:34 -0700] "GET /admin-post.php?path=//proc/self/root/proc/thread-self/root/proc/thread-self/root/proc/thread-self/root/proc/thread-self/root/proc/self/root/proc/thread-self/root/proc/thread-self/cwd/old/vendor/psr/event-dispatcher HTTP/2.0" 200 3103 "-" "Mozilla/5.0 AppleWebKit/537.36 (KHTML, like Gecko; compatible; GPTBot/1.2; +https://openai.com/gptbot)" 61 **0/61566**
20.171.207.207 - - [11/Sep/2025:05:17:35 -0700] "GET /donations/help-to-raise-valuable-donations-for-kids-2?path=/home/o5t6x7pgljbm/public_html/becourage.org/wp-admin/network&viewfile=/home/o5t6x7pgljbm/public_html/becourage.org/wp-admin/network/index.php HTTP/2.0" 200 3579 "-" "Mozilla/5.0 AppleWebKit/537.36 (KHTML, like Gecko; compatible; GPTBot/1.2; +https://openai.com/gptbot)" 45 **0/45841**
20.171.207.229 - - [11/Sep/2025:05:17:35 -0700] "GET /admin-post.php?path=//proc/self/root/proc/thread-self/root/proc/thread-self/root/proc/thread-self/root/proc/thread-self/root/proc/self/root/proc/thread-self/root/proc/thread-self/cwd/old/vendor/psr/http-factory HTTP/2.0" 200 3107 "-" "Mozilla/5.0 AppleWebKit/537.36 (KHTML, like Gecko; compatible; GPTBot/1.2; +https://openai.com/gptbot)" 50 **0/50333**
20.171.207.207 - - [11/Sep/2025:05:17:36 -0700] "GET /donations/help-to-raise-valuable-donations-for-kids-2?path=/home/o5t6x7pgljbm/public_html/becourage.org/wp-admin/js&viewfile=/home/o5t6x7pgljbm/public_html/becourage.org/wp-admin/js/tags-suggest.js HTTP/2.0" 200 4642 "-" "Mozilla/5.0 AppleWebKit/537.36 (KHTML, like Gecko; compatible; GPTBot/1.2; +https://openai.com/gptbot)" 44 **0/44335**
20.171.207.229 - - [11/Sep/2025:05:17:37 -0700] "GET /admin-post.php?path=//proc/self/root/proc/thread-self/root/proc/thread-self/root/proc/thread-self/root/proc/thread-self/root/proc/self/root/proc/thread-self/root/proc/thread-self/cwd/old/vendor/psr/log HTTP/2.0" 200 3031 "-" "Mozilla/5.0 AppleWebKit/537.36 (KHTML, like Gecko; compatible; GPTBot/1.2; +https://openai.com/gptbot)" 64 **0/64568**
20.171.207.207 - - [11/Sep/2025:05:17:37 -0700] "GET /donations/help-to-raise-valuable-donations-for-kids-2?path=/home/o5t6x7pgljbm/public_html/becourage.org/wp-admin/network&viewfile=/home/o5t6x7pgljbm/public_html/becourage.org/wp-admin/network/admin.php HTTP/2.0" 200 2901 "-" "Mozilla/5.0 AppleWebKit/537.36 (KHTML, like Gecko; compatible; GPTBot/1.2; +https://openai.com/gptbot)" 53 **0/53292**
20.171.207.229 - - [11/Sep/2025:05:17:38 -0700] "GET /admin-post.php?path=//proc/self/root/proc/thread-self/root/proc/thread-self/root/proc/thread-self/root/proc/thread-self/root/proc/self/root/proc/thread-self/root/etc/pki/ca-trust/source/anchors HTTP/2.0" 200 2949 "-" "Mozilla/5.0 AppleWebKit/537.36 (KHTML, like Gecko; compatible; GPTBot/1.2; +https://openai.com/gptbot)" 46 **0/46223**
20.171.207.207 - - [11/Sep/2025:05:17:38 -0700] "GET /donations/help-to-raise-valuable-donations-for-kids-2?path=/home/o5t6x7pgljbm/public_html/becourage.org/wp-admin/js&viewfile=/home/o5t6x7pgljbm/public_html/becourage.org/wp-admin/js/tags.js HTTP/2.0" 200 4181 "-" "Mozilla/5.0 AppleWebKit/537.36 (KHTML, like Gecko; compatible; GPTBot/1.2; +https://openai.com/gptbot)" 46 **0/46504**
20.171.207.229 - - [11/Sep/2025:05:17:39 -0700] "GET /admin-post.php?path=//proc/self/root/proc/thread-self/root/proc/thread-self/root/proc/thread-self/root/proc/thread-self/root/proc/self/root/proc/thread-self/root/proc/thread-self/cwd/old/vendor/composer HTTP/2.0" 200 3201 "-" "Mozilla/5.0 AppleWebKit/537.36 (KHTML, like Gecko; compatible; GPTBot/1.2; +https://openai.com/gptbot)" 65 **0/65720**
20.171.207.207 - - [11/Sep/2025:05:17:40 -0700] "GET /donations/help-to-raise-valuable-donations-for-kids-2?path=/home/o5t6x7pgljbm/public_html/becourage.org/wp-admin/network&viewfile=/home/o5t6x7pgljbm/public_html/becourage.org/wp-admin/network/setup.php HTTP/2.0" 200 2622 "-" "Mozilla/5.0 AppleWebKit/537.36 (KHTML, like Gecko; compatible; GPTBot/1.2; +https://openai.com/gptbot)" 59 **0/59575**
20.171.207.207 - - [11/Sep/2025:05:17:41 -0700] "GET /donations/help-to-raise-valuable-donations-for-kids-2?path=/home/o5t6x7pgljbm/public_html/becourage.org/wp-admin/network&viewfile=/home/o5t6x7pgljbm/public_html/becourage.org/wp-admin/network/sites.php HTTP/2.0" 200 6409 "-" "Mozilla/5.0 AppleWebKit/537.36 (KHTML, like Gecko; compatible; GPTBot/1.2; +https://openai.com/gptbot)" 48 **0/48944**
20.171.207.229 - - [11/Sep/2025:05:17:41 -0700] "GET /admin-post.php?path=//proc/self/root/proc/thread-self/root/proc/thread-self/root/proc/thread-self/root/proc/thread-self/root/proc/self/root/proc/thread-self/root/etc/pki/dovecot/certs HTTP/2.0" 200 2784 "-" "Mozilla/5.0 AppleWebKit/537.36 (KHTML, like Gecko; compatible; GPTBot/1.2; +https://openai.com/gptbot)" 43 **0/43063**
20.171.207.207 - - [11/Sep/2025:05:17:42 -0700] "GET /donations/help-to-raise-valuable-donations-for-kids-2?path=/home/o5t6x7pgljbm/public_html/becourage.org/wp-admin/js&viewfile=/home/o5t6x7pgljbm/public_html/becourage.org/wp-admin/js/tags-suggest.min.js HTTP/2.0" 200 3537 "-" "Mozilla/5.0 AppleWebKit/537.36 (KHTML, like Gecko; compatible; GPTBot/1.2; +https://openai.com/gptbot)" 53 **0/53652**
20.171.207.207 - - [11/Sep/2025:05:17:43 -0700] "GET /donations/help-to-raise-valuable-donations-for-kids-2?path=/home/o5t6x7pgljbm/public_html/becourage.org/wp-admin/network&viewfile=/home/o5t6x7pgljbm/public_html/becourage.org/wp-admin/network/users.php HTTP/2.0" 200 5373 "-" "Mozilla/5.0 AppleWebKit/537.36 (KHTML, like Gecko; compatible; GPTBot/1.2; +https://openai.com/gptbot)" 43 **0/43950**
20.171.207.229 - - [11/Sep/2025:05:17:43 -0700] "GET /admin-post.php?path=//proc/self/root/proc/thread-self/root/proc/thread-self/root/proc/thread-self/root/proc/thread-self/root/proc/self/root/proc/self/root/proc/self/root/usr/lib/tuned/intel-sst HTTP/2.0" 200 2790 "-" "Mozilla/5.0 AppleWebKit/537.36 (KHTML, like Gecko; compatible; GPTBot/1.2; +https://openai.com/gptbot)" 47 **0/47903**
20.171.207.207 - - [11/Sep/2025:05:17:44 -0700] "GET /donations/help-to-raise-valuable-donations-for-kids-2?path=/home/o5t6x7pgljbm/public_html/becourage.org/wp-admin/network&viewfile=/home/o5t6x7pgljbm/public_html/becourage.org/wp-admin/network/about.php HTTP/2.0" 200 2621 "-" "Mozilla/5.0 AppleWebKit/537.36 (KHTML, like Gecko; compatible; GPTBot/1.2; +https://openai.com/gptbot)" 47 **0/47702**
20.171.207.229 - - [11/Sep/2025:05:17:44 -0700] "GET /admin-post.php?path=//proc/self/root/proc/thread-self/root/proc/thread-self/root/proc/thread-self/root/proc/thread-self/root/proc/self/root/proc/self/root/proc/thread-self/cwd/old/vendor/psr HTTP/2.0" 200 2993 "-" "Mozilla/5.0 AppleWebKit/537.36 (KHTML, like Gecko; compatible; GPTBot/1.2; +https://openai.com/gptbot)" 53 **0/53036**
20.171.207.207 - - [11/Sep/2025:05:17:45 -0700] "GET /donations/help-to-raise-valuable-donations-for-kids-2?path=/home/o5t6x7pgljbm/public_html/becourage.org/wp-admin/js/widgets HTTP/2.0" 200 3095 "-" "Mozilla/5.0 AppleWebKit/537.36 (KHTML, like Gecko; compatible; GPTBot/1.2; +https://openai.com/gptbot)" 39 **0/39749**
20.171.207.229 - - [11/Sep/2025:05:17:46 -0700] "GET /admin-post.php?path=//proc/self/root/proc/thread-self/root/proc/thread-self/root/proc/thread-self/root/proc/thread-self/root/proc/self/root/proc/self/root/proc/self/root/proc/self/cwd/old/vendor/laravel/sail/src HTTP/2.0" 200 3005 "-" "Mozilla/5.0 AppleWebKit/537.36 (KHTML, like Gecko; compatible; GPTBot/1.2; +https://openai.com/gptbot)" 50 **0/50931**
20.171.207.207 - - [11/Sep/2025:05:17:46 -0700] "GET /donations/help-to-raise-valuable-donations-for-kids-2?path=/home/o5t6x7pgljbm/public_html/becourage.org/wp-admin/network&viewfile=/home/o5t6x7pgljbm/public_html/becourage.org/wp-admin/network/site-themes.php HTTP/2.0" 200 4657 "-" "Mozilla/5.0 AppleWebKit/537.36 (KHTML, like Gecko; compatible; GPTBot/1.2; +https://openai.com/gptbot)" 42 **0/42467**
216.73.216.124 - - [11/Sep/2025:05:17:48 -0700] "GET /index.php?path=%2Fhome%2Fo5t6x7pgljbm%2Fpublic_html%2Fwp-includes%2Fjs%2Fmediaelement%2Frenderers&viewfile=%2Fhome%2Fo5t6x7pgljbm%2Fpublic_html%2Fwp-includes%2Fjs%2Fmediaelement%2Frenderers%2Fvimeo.js HTTP/2.0" 200 5464 "-" "Mozilla/5.0 AppleWebKit/537.36 (KHTML, like Gecko; compatible; ClaudeBot/1.0; +claudebot@anthropic.com)" 51 **0/51827**
20.171.207.229 - - [11/Sep/2025:05:17:48 -0700] "GET /admin-post.php?path=//proc/self/root/proc/thread-self/root/proc/thread-self/root/proc/thread-self/root/proc/thread-self/root/proc/self/root/proc/thread-self/root/proc/self/root/opt/alt/libmemcached HTTP/2.0" 200 2711 "-" "Mozilla/5.0 AppleWebKit/537.36 (KHTML, like Gecko; compatible; GPTBot/1.2; +https://openai.com/gptbot)" 53 **0/53725**
20.171.207.229 - - [11/Sep/2025:05:17:49 -0700] "GET /admin-post.php?path=//proc/self/root/proc/thread-self/root/proc/thread-self/root/proc/thread-self/root/proc/thread-self/root/proc/self/root/proc/thread-self/root/proc/thread-self/cwd/old/vendor/phpoption/phpoption HTTP/2.0" 200 2993 "-" "Mozilla/5.0 AppleWebKit/537.36 (KHTML, like Gecko; compatible; GPTBot/1.2; +https://openai.com/gptbot)" 72 **0/72966**
20.171.207.207 - - [11/Sep/2025:05:17:50 -0700] "GET /donations/help-to-raise-valuable-donations-for-kids-2?path=/home/o5t6x7pgljbm/public_html/becourage.org/wp-admin/network&viewfile=/home/o5t6x7pgljbm/public_html/becourage.org/wp-admin/network/privacy.php HTTP/2.0" 200 2623 "-" "Mozilla/5.0 AppleWebKit/537.36 (KHTML, like Gecko; compatible; GPTBot/1.2; +https://openai.com/gptbot)" 56 **0/56606**
20.171.207.229 - - [11/Sep/2025:05:17:51 -0700] "GET /admin-post.php?path=//proc/self/root/proc/thread-self/root/proc/thread-self/root/proc/thread-self/root/proc/thread-self/root/proc/self/root/proc/self/root/proc/sys/sunrpc HTTP/2.0" 200 2988 "-" "Mozilla/5.0 AppleWebKit/537.36 (KHTML, like Gecko; compatible; GPTBot/1.2; +https://openai.com/gptbot)" 50 **0/50205**
54.39.136.46 - - [11/Sep/2025:05:17:51 -0700] "GET /shopdetail/65276263385 HTTP/2.0" 200 6216 "-" "Mozilla/5.0 (compatible; AhrefsBot/7.0; +http://ahrefs.com/robot/)" 45 **0/45386**
20.171.207.229 - - [11/Sep/2025:05:17:52 -0700] "GET /admin-post.php?path=//proc/self/root/proc/thread-self/root/proc/thread-self/root/proc/thread-self/root/proc/thread-self/root/proc/self/root/proc/thread-self/root/proc/thread-self/cwd/old/vendor/psr/event-dispatcher/src HTTP/2.0" 200 2917 "-" "Mozilla/5.0 AppleWebKit/537.36 (KHTML, like Gecko; compatible; GPTBot/1.2; +https://openai.com/gptbot)" 60 **0/60880**
20.171.207.229 - - [11/Sep/2025:05:17:53 -0700] "GET /admin-post.php?path=//proc/self/root/proc/thread-self/root/proc/thread-self/root/proc/thread-self/root/proc/thread-self/root/proc/self/root/proc/thread-self/root/proc/thread-self/cwd/old/vendor/psr/http-factory&viewfile=//proc/self/root/proc/thread-self/root/proc/thread-self/root/proc/thread-self/root/proc/thread-self/root/proc/self/root/proc/thread-self/root/proc/thread-self/cwd/old/vendor/psr/http-factory/LICENSE HTTP/2.0" 200 3237 "-" "Mozilla/5.0 AppleWebKit/537.36 (KHTML, like Gecko; compatible; GPTBot/1.2; +https://openai.com/gptbot)" 54 **0/54065**
20.171.207.229 - - [11/Sep/2025:05:17:55 -0700] "GET /admin-post.php?path=//proc/self/root/proc/thread-self/root/proc/thread-self/root/proc/thread-self/root/proc/thread-self/root/proc/self/root/proc/thread-self/root/proc/thread-self/cwd/old/vendor/psr/log/src HTTP/2.0" 200 3047 "-" "Mozilla/5.0 AppleWebKit/537.36 (KHTML, like Gecko; compatible; GPTBot/1.2; +https://openai.com/gptbot)" 54 **0/54246**
20.171.207.229 - - [11/Sep/2025:05:17:56 -0700] "GET /admin-post.php?path=//proc/self/root/proc/thread-self/root/proc/thread-self/root/proc/thread-self/root/proc/thread-self/root/proc/self/root/proc/thread-self/root/proc/thread-self/cwd/old/vendor/psr/http-factory/src HTTP/2.0" 200 2993 "-" "Mozilla/5.0 AppleWebKit/537.36 (KHTML, like Gecko; compatible; GPTBot/1.2; +https://openai.com/gptbot)" 54 **0/54247**
20.171.207.229 - - [11/Sep/2025:05:17:58 -0700] "GET /admin-post.php?path=//proc/self/root/proc/thread-self/root/proc/thread-self/root/proc/thread-self/root/proc/thread-self/root/proc/self/root/proc/thread-self/root/proc/self/root/usr/lib/vz-tools/tools/scripts HTTP/2.0" 200 3571 "-" "Mozilla/5.0 AppleWebKit/537.36 (KHTML, like Gecko; compatible; GPTBot/1.2; +https://openai.com/gptbot)" 73 **0/73195**
20.171.207.229 - - [11/Sep/2025:05:17:59 -0700] "GET /admin-post.php?path=//proc/self/root/proc/thread-self/root/proc/thread-self/root/proc/thread-self/root/proc/thread-self/root/proc/self/root/proc/self/root/proc/self/cwd/old/vendor/ralouphie HTTP/2.0" 200 2742 "-" "Mozilla/5.0 AppleWebKit/537.36 (KHTML, like Gecko; compatible; GPTBot/1.2; +https://openai.com/gptbot)" 49 **0/49973**
20.171.207.229 - - [11/Sep/2025:05:18:01 -0700] "GET /admin-post.php?path=//proc/self/root/proc/thread-self/root/proc/thread-self/root/proc/thread-self/root/proc/thread-self/root/proc/self/root/proc/self/root/proc/thread-self/cwd/old/vendor/psr/event-dispatcher HTTP/2.0" 200 3103 "-" "Mozilla/5.0 AppleWebKit/537.36 (KHTML, like Gecko; compatible; GPTBot/1.2; +https://openai.com/gptbot)" 74 **0/74480**
20.171.207.229 - - [11/Sep/2025:05:18:02 -0700] "GET /admin-post.php?path=//proc/self/root/proc/thread-self/root/proc/thread-self/root/proc/thread-self/root/proc/thread-self/root/proc/self/root/proc/thread-self/root/proc/thread-self/cwd/old/vendor/composer&viewfile=//proc/self/root/proc/thread-self/root/proc/thread-self/root/proc/thread-self/root/proc/thread-self/root/proc/self/root/proc/thread-self/root/proc/thread-self/cwd/old/vendor/composer/installed.json HTTP/2.0" 200 34123 "-" "Mozilla/5.0 AppleWebKit/537.36 (KHTML, like Gecko; compatible; GPTBot/1.2; +https://openai.com/gptbot)" 91 **0/91457**
20.171.207.229 - - [11/Sep/2025:05:18:04 -0700] "GET /admin-post.php?path=//proc/self/root/proc/thread-self/root/proc/thread-self/root/proc/thread-self/root/proc/thread-self/root/proc/self/root/proc/self/root/proc/thread-self/cwd/old/vendor/psr/http-client HTTP/2.0" 200 3072 "-" "Mozilla/5.0 AppleWebKit/537.36 (KHTML, like Gecko; compatible; GPTBot/1.2; +https://openai.com/gptbot)" 64 **0/64976**
20.171.207.229 - - [11/Sep/2025:05:18:05 -0700] "GET /admin-post.php?path=//proc/self/root/proc/thread-self/root/proc/thread-self/root/proc/thread-self/root/proc/thread-self/root/proc/self/root/proc/self/root/proc/thread-self/cwd/old/vendor/psr/log HTTP/2.0" 200 3029 "-" "Mozilla/5.0 AppleWebKit/537.36 (KHTML, like Gecko; compatible; GPTBot/1.2; +https://openai.com/gptbot)" 64 **0/64388**
20.171.207.207 - - [11/Sep/2025:05:18:04 -0700] "GET /donations/help-to-raise-valuable-donations-for-kids-2?path=/home/o5t6x7pgljbm/public_html/becourage.org/wp-admin/js/widgets&viewfile=/home/o5t6x7pgljbm/public_html/becourage.org/wp-admin/js/widgets/text-widgets.js HTTP/2.0" 200 7599 "-" "Mozilla/5.0 AppleWebKit/537.36 (KHTML, like Gecko; compatible; GPTBot/1.2; +https://openai.com/gptbot)" 1030 **1/1030017**
20.171.207.207 - - [11/Sep/2025:05:18:05 -0700] "GET /donations/help-to-raise-valuable-donations-for-kids-2?path=/home/o5t6x7pgljbm/public_html/becourage.org/wp-admin/js/widgets&viewfile=/home/o5t6x7pgljbm/public_html/becourage.org/wp-admin/js/widgets/media-widgets.js HTTP/2.0" 200 12956 "-" "Mozilla/5.0 AppleWebKit/537.36 (KHTML, like Gecko; compatible; GPTBot/1.2; +https://openai.com/gptbot)" 61 **0/61344**
20.171.207.229 - - [11/Sep/2025:05:18:06 -0700] "GET /admin-post.php?path=//proc/self/root/proc/thread-self/root/proc/thread-self/root/proc/thread-self/root/proc/thread-self/root/proc/self/root/proc/thread-self/root/proc/thread-self/cwd/old/vendor/phpoption/phpoption/src HTTP/2.0" 200 2767 "-" "Mozilla/5.0 AppleWebKit/537.36 (KHTML, like Gecko; compatible; GPTBot/1.2; +https://openai.com/gptbot)" 42 **0/42773**
20.171.207.207 - - [11/Sep/2025:05:18:06 -0700] "GET /donations/help-to-raise-valuable-donations-for-kids-2?path=/home/o5t6x7pgljbm/public_html/becourage.org/wp-admin/js/widgets&viewfile=/home/o5t6x7pgljbm/public_html/becourage.org/wp-admin/js/widgets/media-audio-widget.min.js HTTP/2.0" 200 3138 "-" "Mozilla/5.0 AppleWebKit/537.36 (KHTML, like Gecko; compatible; GPTBot/1.2; +https://openai.com/gptbot)" 57 **0/57122**
20.171.207.207 - - [11/Sep/2025:05:18:08 -0700] "GET /donations/help-to-raise-valuable-donations-for-kids-2?path=/home/o5t6x7pgljbm/public_html/becourage.org/wp-admin/js/widgets&viewfile=/home/o5t6x7pgljbm/public_html/becourage.org/wp-admin/js/widgets/media-widgets.min.js HTTP/2.0" 200 7108 "-" "Mozilla/5.0 AppleWebKit/537.36 (KHTML, like Gecko; compatible; GPTBot/1.2; +https://openai.com/gptbot)" 51 **0/51767**
20.171.207.229 - - [11/Sep/2025:05:18:08 -0700] "GET /admin-post.php?path=//proc/self/root/proc/thread-self/root/proc/thread-self/root/proc/thread-self/root/proc/thread-self/root/proc/self/root/proc/self/root/proc/thread-self/cwd/old/vendor/psr/http-factory HTTP/2.0" 200 3106 "-" "Mozilla/5.0 AppleWebKit/537.36 (KHTML, like Gecko; compatible; GPTBot/1.2; +https://openai.com/gptbot)" 47 **0/47942**
20.171.207.207 - - [11/Sep/2025:05:18:09 -0700] "GET /donations/help-to-raise-valuable-donations-for-kids-2?path=/home/o5t6x7pgljbm/public_html/becourage.org/wp-admin/js/widgets&viewfile=/home/o5t6x7pgljbm/public_html/becourage.org/wp-admin/js/widgets/text-widgets.min.js HTTP/2.0" 200 4463 "-" "Mozilla/5.0 AppleWebKit/537.36 (KHTML, like Gecko; compatible; GPTBot/1.2; +https://openai.com/gptbot)" 56 **0/56896**
20.171.207.229 - - [11/Sep/2025:05:18:10 -0700] "GET /admin-post.php?path=//proc/self/root/proc/thread-self/root/proc/thread-self/root/proc/thread-self/root/proc/thread-self/root/proc/self/root/proc/self/root/proc/self/root/proc/thread-self/cwd/old/vendor/vlucas HTTP/2.0" 200 2763 "-" "Mozilla/5.0 AppleWebKit/537.36 (KHTML, like Gecko; compatible; GPTBot/1.2; +https://openai.com/gptbot)" 70 **0/70436**
20.171.207.207 - - [11/Sep/2025:05:18:10 -0700] "GET /donations/help-to-raise-valuable-donations-for-kids-2?path=/home/o5t6x7pgljbm/public_html/becourage.org/wp-admin/js/widgets&viewfile=/home/o5t6x7pgljbm/public_html/becourage.org/wp-admin/js/widgets/media-video-widget.min.js HTTP/2.0" 200 3596 "-" "Mozilla/5.0 AppleWebKit/537.36 (KHTML, like Gecko; compatible; GPTBot/1.2; +https://openai.com/gptbot)" 88 **0/88644**
20.171.207.229 - - [11/Sep/2025:05:18:11 -0700] "GET /admin-post.php?path=//proc/self/root/proc/thread-self/root/proc/thread-self/root/proc/thread-self/root/proc/thread-self/root/proc/self/root/proc/self/root/proc/thread-self/cwd/old/vendor/psr/container HTTP/2.0" 200 3062 "-" "Mozilla/5.0 AppleWebKit/537.36 (KHTML, like Gecko; compatible; GPTBot/1.2; +https://openai.com/gptbot)" 69 **0/69209**
20.171.207.229 - - [11/Sep/2025:05:18:13 -0700] "GET /admin-post.php?path=//proc/self/root/proc/thread-self/root/proc/thread-self/root/proc/thread-self/root/proc/thread-self/root/proc/self/root/proc/self/root/proc/thread-self/root/lib/systemd/boot HTTP/2.0" 200 2706 "-" "Mozilla/5.0 AppleWebKit/537.36 (KHTML, like Gecko; compatible; GPTBot/1.2; +https://openai.com/gptbot)" 61 **0/61814**
20.171.207.207 - - [11/Sep/2025:05:18:13 -0700] "GET /donations/help-to-raise-valuable-donations-for-kids-2?path=/home/o5t6x7pgljbm/public_html/becourage.org/wp-admin/js/widgets&viewfile=/home/o5t6x7pgljbm/public_html/becourage.org/wp-admin/js/widgets/media-video-widget.js HTTP/2.0" 200 4575 "-" "Mozilla/5.0 AppleWebKit/537.36 (KHTML, like Gecko; compatible; GPTBot/1.2; +https://openai.com/gptbot)" 286 **0/286383**
20.171.207.229 - - [11/Sep/2025:05:18:14 -0700] "GET /admin-post.php?path=//proc/self/root/proc/thread-self/root/proc/thread-self/root/proc/thread-self/root/proc/thread-self/root/proc/self/root/proc/thread-self/root/proc/self/root/lib/tuned/accelerator-performance HTTP/2.0" 200 2785 "-" "Mozilla/5.0 AppleWebKit/537.36 (KHTML, like Gecko; compatible; GPTBot/1.2; +https://openai.com/gptbot)" 44 **0/44679**
20.171.207.229 - - [11/Sep/2025:05:18:16 -0700] "GET /admin-post.php?path=//proc/self/root/proc/thread-self/root/proc/thread-self/root/proc/thread-self/root/proc/thread-self/root/proc/self/root/proc/self/root/proc/self/root/lib/firmware/intel/ice/ddp HTTP/2.0" 200 2819 "-" "Mozilla/5.0 AppleWebKit/537.36 (KHTML, like Gecko; compatible; GPTBot/1.2; +https://openai.com/gptbot)" 72 **0/72848**
20.171.207.229 - - [11/Sep/2025:05:18:17 -0700] "GET /admin-post.php?path=//proc/self/root/proc/thread-self/root/proc/thread-self/root/proc/thread-self/root/proc/thread-self/root/proc/self/root/proc/thread-self/root/proc/self/root/opt/alt/curl/usr/bin HTTP/2.0" 200 2793 "-" "Mozilla/5.0 AppleWebKit/537.36 (KHTML, like Gecko; compatible; GPTBot/1.2; +https://openai.com/gptbot)" 52 **0/52221**
20.171.207.229 - - [11/Sep/2025:05:18:19 -0700] "GET /admin-post.php?path=//proc/self/root/proc/thread-self/root/proc/thread-self/root/proc/thread-self/root/proc/thread-self/root/proc/self/root/proc/self/root/proc/thread-self/cwd/old/vendor/psr/event-dispatcher/src HTTP/2.0" 200 2916 "-" "Mozilla/5.0 AppleWebKit/537.36 (KHTML, like Gecko; compatible; GPTBot/1.2; +https://openai.com/gptbot)" 60 **0/60300**
20.171.207.229 - - [11/Sep/2025:05:18:20 -0700] "GET /admin-post.php?path=//proc/self/root/proc/thread-self/root/proc/thread-self/root/proc/thread-self/root/proc/thread-self/root/proc/self/root/proc/thread-self/root/proc/self/cwd/old/config HTTP/2.0" 200 3359 "-" "Mozilla/5.0 AppleWebKit/537.36 (KHTML, like Gecko; compatible; GPTBot/1.2; +https://openai.com/gptbot)" 59 **0/59778**
20.171.207.229 - - [11/Sep/2025:05:18:22 -0700] "GET /admin-post.php?path=//proc/self/root/proc/thread-self/root/proc/thread-self/root/proc/thread-self/root/proc/thread-self/root/proc/self/root/proc/self/root/proc/thread-self/root/proc/bus/input HTTP/2.0" 200 2787 "-" "Mozilla/5.0 AppleWebKit/537.36 (KHTML, like Gecko; compatible; GPTBot/1.2; +https://openai.com/gptbot)" 58 **0/58104**
185.191.171.11 - - [11/Sep/2025:05:18:22 -0700] "GET /events/2024-04-19/ HTTP/1.1" 200 7548 "-" "Mozilla/5.0 (compatible; SemrushBot/7~bl; +http://www.semrush.com/bot.html)" 47 **0/47569**
20.171.207.229 - - [11/Sep/2025:05:18:23 -0700] "GET /admin-post.php?path=//proc/self/root/proc/thread-self/root/proc/thread-self/root/proc/thread-self/root/proc/thread-self/root/proc/self/root/proc/self/root/proc/thread-self/cwd/old/vendor/psr/log/src HTTP/2.0" 200 3047 "-" "Mozilla/5.0 AppleWebKit/537.36 (KHTML, like Gecko; compatible; GPTBot/1.2; +https://openai.com/gptbot)" 48 **0/48953**
20.171.207.229 - - [11/Sep/2025:05:18:25 -0700] "GET /admin-post.php?path=//proc/self/root/proc/thread-self/root/proc/thread-self/root/proc/thread-self/root/proc/thread-self/root/proc/self/root/proc/thread-self/root/proc/self/cwd/old/vendor/hamcrest HTTP/2.0" 200 2740 "-" "Mozilla/5.0 AppleWebKit/537.36 (KHTML, like Gecko; compatible; GPTBot/1.2; +https://openai.com/gptbot)" 54 **0/54039**
20.171.207.229 - - [11/Sep/2025:05:18:26 -0700] "GET /admin-post.php?path=//proc/self/root/proc/thread-self/root/proc/thread-self/root/proc/thread-self/root/proc/thread-self/root/proc/self/root/proc/self/root/proc/thread-self/cwd/old/vendor/psr/http-factory/src HTTP/2.0" 200 2992 "-" "Mozilla/5.0 AppleWebKit/537.36 (KHTML, like Gecko; compatible; GPTBot/1.2; +https://openai.com/gptbot)" 51 **0/51974**
20.171.207.229 - - [11/Sep/2025:05:18:28 -0700] "GET /admin-post.php?path=//proc/self/root/proc/thread-self/root/proc/thread-self/root/proc/thread-self/root/proc/thread-self/root/proc/self/root/proc/thread-self/root/opt/suphp/sbin HTTP/2.0" 200 2405 "-" "Mozilla/5.0 AppleWebKit/537.36 (KHTML, like Gecko; compatible; GPTBot/1.2; +https://openai.com/gptbot)" 48 **0/48816**
20.171.207.229 - - [11/Sep/2025:05:18:30 -0700] "GET /admin-post.php?path=//proc/self/root/proc/thread-self/root/proc/thread-self/root/proc/thread-self/root/proc/thread-self/root/proc/self/root/proc/self/root/proc/thread-self/cwd/old/vendor/psr/container/src HTTP/2.0" 200 2890 "-" "Mozilla/5.0 AppleWebKit/537.36 (KHTML, like Gecko; compatible; GPTBot/1.2; +https://openai.com/gptbot)" 52 **0/52169**
66.249.74.35 - - [11/Sep/2025:05:18:30 -0700] "GET /hikaru.php?shopdetail/67141236434 HTTP/1.1" 200 1 "-" "Mozilla/5.0 (Linux; Android 6.0.1; Nexus 5X Build/MMB29P) AppleWebKit/537.36 (KHTML, like Gecko) Chrome/139.0.7258.154 Mobile Safari/537.36 (compatible; Googlebot/2.1; +http://www.google.com/bot.html)" 94 **0/94227**
57.141.2.51 - - [11/Sep/2025:05:18:31 -0700] "GET /products/11055579 HTTP/2.0" 200 157330 "-" "meta-externalagent/1.1 (+https://developers.facebook.com/docs/sharing/webmasters/crawler)" 66 **0/66497**
20.171.207.229 - - [11/Sep/2025:05:18:31 -0700] "GET /admin-post.php?path=//proc/self/root/proc/thread-self/root/proc/thread-self/root/proc/thread-self/root/proc/thread-self/root/proc/self/root/proc/self/root/proc/thread-self/root/lib/systemd/boot/efi HTTP/2.0" 200 2837 "-" "Mozilla/5.0 AppleWebKit/537.36 (KHTML, like Gecko; compatible; GPTBot/1.2; +https://openai.com/gptbot)" 42 **0/42903**
20.171.207.229 - - [11/Sep/2025:05:18:33 -0700] "GET /admin-post.php?path=//proc/self/root/proc/thread-self/root/proc/thread-self/root/proc/thread-self/root/proc/thread-self/root/proc/self/root/proc/self/root/proc/self/root/usr/lib/firmware/amd HTTP/2.0" 200 2913 "-" "Mozilla/5.0 AppleWebKit/537.36 (KHTML, like Gecko; compatible; GPTBot/1.2; +https://openai.com/gptbot)" 48 **0/48393**
20.171.207.229 - - [11/Sep/2025:05:18:34 -0700] "GET /admin-post.php?path=//proc/self/root/proc/thread-self/root/proc/thread-self/root/proc/thread-self/root/proc/thread-self/root/proc/self/root/proc/self/root/etc/sysconfig HTTP/2.0" 200 2957 "-" "Mozilla/5.0 AppleWebKit/537.36 (KHTML, like Gecko; compatible; GPTBot/1.2; +https://openai.com/gptbot)" 77 **0/77511**
20.171.207.229 - - [11/Sep/2025:05:18:36 -0700] "GET /admin-post.php?path=//proc/self/root/proc/thread-self/root/proc/thread-self/root/proc/thread-self/root/proc/thread-self/root/proc/self/root/proc/self/root/proc/self/root/usr/libexec/openldap HTTP/2.0" 200 2423 "-" "Mozilla/5.0 AppleWebKit/537.36 (KHTML, like Gecko; compatible; GPTBot/1.2; +https://openai.com/gptbot)" 53 **0/53255**
20.171.207.229 - - [11/Sep/2025:05:18:37 -0700] "GET /admin-post.php?path=//proc/self/root/proc/thread-self/root/proc/thread-self/root/proc/thread-self/root/proc/thread-self/root/proc/self/root/proc/self/root/proc/self/root/usr/include/fstrm HTTP/2.0" 200 2969 "-" "Mozilla/5.0 AppleWebKit/537.36 (KHTML, like Gecko; compatible; GPTBot/1.2; +https://openai.com/gptbot)" 49 **0/49383**
20.171.207.229 - - [11/Sep/2025:05:18:38 -0700] "GET /admin-post.php?path=//proc/self/root/proc/thread-self/root/proc/thread-self/root/proc/thread-self/root/proc/thread-self/root/proc/self/root/proc/self/root/proc/thread-self/root/lib/systemd/system-preset HTTP/2.0" 200 3017 "-" "Mozilla/5.0 AppleWebKit/537.36 (KHTML, like Gecko; compatible; GPTBot/1.2; +https://openai.com/gptbot)" 43 **0/43405**
20.171.207.229 - - [11/Sep/2025:05:18:40 -0700] "GET /admin-post.php?path=//proc/self/root/proc/thread-self/root/proc/thread-self/root/proc/thread-self/root/proc/thread-self/root/proc/self/root/proc/self/root/proc/thread-self/cwd/old/vendor/psr/log/src&viewfile=//proc/self/root/proc/thread-self/root/proc/thread-self/root/proc/thread-self/root/proc/thread-self/root/proc/self/root/proc/self/root/proc/thread-self/cwd/old/vendor/psr/log/src/AbstractLogger.php HTTP/2.0" 200 2839 "-" "Mozilla/5.0 AppleWebKit/537.36 (KHTML, like Gecko; compatible; GPTBot/1.2; +https://openai.com/gptbot)" 57 **0/57316**
20.171.207.229 - - [11/Sep/2025:05:18:41 -0700] "GET /admin-post.php?path=//proc/self/root/proc/thread-self/root/proc/thread-self/root/proc/thread-self/root/proc/thread-self/root/proc/self/root/proc/thread-self/root/proc/self/root/opt/cpanel/composer/bin HTTP/2.0" 200 2777 "-" "Mozilla/5.0 AppleWebKit/537.36 (KHTML, like Gecko; compatible; GPTBot/1.2; +https://openai.com/gptbot)" 53 **0/53668**
20.171.207.229 - - [11/Sep/2025:05:18:43 -0700] "GET /admin-post.php?path=//proc/self/root/proc/thread-self/root/proc/thread-self/root/proc/thread-self/root/proc/thread-self/root/proc/self/root/proc/thread-self/root/proc/thread-self/cwd/bootstrap/cache_old HTTP/2.0" 200 2953 "-" "Mozilla/5.0 AppleWebKit/537.36 (KHTML, like Gecko; compatible; GPTBot/1.2; +https://openai.com/gptbot)" 47 **0/47878**
20.171.207.229 - - [11/Sep/2025:05:18:44 -0700] "GET /admin-post.php?path=//proc/self/root/proc/thread-self/root/proc/thread-self/root/proc/thread-self/root/proc/thread-self/root/proc/self/root/proc/thread-self/root/proc/self/root/usr/include/netinet HTTP/2.0" 200 3080 "-" "Mozilla/5.0 AppleWebKit/537.36 (KHTML, like Gecko; compatible; GPTBot/1.2; +https://openai.com/gptbot)" 57 **0/57096**
20.171.207.229 - - [11/Sep/2025:05:18:46 -0700] "GET /admin-post.php?path=//proc/self/root/proc/thread-self/root/proc/thread-self/root/proc/thread-self/root/proc/thread-self/root/proc/self/root/proc/self/root/proc/thread-self/root/lib/firmware/cis HTTP/2.0" 200 3190 "-" "Mozilla/5.0 AppleWebKit/537.36 (KHTML, like Gecko; compatible; GPTBot/1.2; +https://openai.com/gptbot)" 60 **0/60321**
66.249.74.33 - - [11/Sep/2025:05:18:47 -0700] "GET /shopdetail/69492298747?path=/home/o5t6x7pgljbm/public_html/countyacademy.com/wp-content/plugins/templately/languages HTTP/1.1" 200 2705 "-" "Mozilla/5.0 (Linux; Android 6.0.1; Nexus 5X Build/MMB29P) AppleWebKit/537.36 (KHTML, like Gecko) Chrome/139.0.7258.154 Mobile Safari/537.36 (compatible; GoogleOther)" 57 **0/57882**
20.171.207.229 - - [11/Sep/2025:05:18:47 -0700] "GET /admin-post.php?path=//proc/self/root/proc/thread-self/root/proc/thread-self/root/proc/thread-self/root/proc/thread-self/root/proc/self/root/proc/thread-self/root/proc/self/root/usr/lib/udev HTTP/2.0" 200 3396 "-" "Mozilla/5.0 AppleWebKit/537.36 (KHTML, like Gecko; compatible; GPTBot/1.2; +https://openai.com/gptbot)" 82 **0/82523**
66.249.73.129 - - [11/Sep/2025:05:18:48 -0700] "GET /products/28411868?viewfile=/home/o5t6x7pgljbm/public_html/wp-cron.php&path=/home/o5t6x7pgljbm/public_html HTTP/1.1" 200 4426 "-" "Mozilla/5.0 (Linux; Android 6.0.1; Nexus 5X Build/MMB29P) AppleWebKit/537.36 (KHTML, like Gecko) Chrome/139.0.7258.154 Mobile Safari/537.36 (compatible; GoogleOther)" 44 **0/44270**
20.171.207.229 - - [11/Sep/2025:05:18:49 -0700] "GET /admin-post.php?path=//proc/self/root/proc/thread-self/root/proc/thread-self/root/proc/thread-self/root/proc/thread-self/root/proc/self/root/proc/self/root/proc/thread-self/root/usr/include/perf HTTP/2.0" 200 2787 "-" "Mozilla/5.0 AppleWebKit/537.36 (KHTML, like Gecko; compatible; GPTBot/1.2; +https://openai.com/gptbot)" 52 **0/52183**
66.249.73.131 - - [11/Sep/2025:05:18:49 -0700] "GET /products/27106802?path=/home/o5t6x7pgljbm HTTP/1.1" 200 4053 "-" "Mozilla/5.0 (Linux; Android 6.0.1; Nexus 5X Build/MMB29P) AppleWebKit/537.36 (KHTML, like Gecko) Chrome/139.0.7258.154 Mobile Safari/537.36 (compatible; GoogleOther)" 50 **0/50704**
20.171.207.229 - - [11/Sep/2025:05:18:51 -0700] "GET /admin-post.php?path=//proc/self/root/proc/thread-self/root/proc/thread-self/root/proc/thread-self/root/proc/thread-self/root/proc/self/root/proc/self/root/proc/self/cwd/old/vendor/filp/whoops HTTP/2.0" 200 3100 "-" "Mozilla/5.0 AppleWebKit/537.36 (KHTML, like Gecko; compatible; GPTBot/1.2; +https://openai.com/gptbot)" 44 **0/44476**
20.171.207.229 - - [11/Sep/2025:05:18:52 -0700] "GET /admin-post.php?path=//proc/self/root/proc/thread-self/root/proc/thread-self/root/proc/thread-self/root/proc/thread-self/root/proc/self/root/proc/self/root/proc/self/root/proc/thread-self/cwd/vendor/nette/utils HTTP/2.0" 200 3061 "-" "Mozilla/5.0 AppleWebKit/537.36 (KHTML, like Gecko; compatible; GPTBot/1.2; +https://openai.com/gptbot)" 62 **0/62394**
20.171.207.229 - - [11/Sep/2025:05:18:54 -0700] "GET /admin-post.php?path=//proc/self/root/proc/thread-self/root/proc/thread-self/root/proc/thread-self/root/proc/thread-self/root/proc/self/root/proc/self/root/proc/thread-self/root/var/cache/man/it HTTP/2.0" 200 2774 "-" "Mozilla/5.0 AppleWebKit/537.36 (KHTML, like Gecko; compatible; GPTBot/1.2; +https://openai.com/gptbot)" 46 **0/46539**
20.171.207.229 - - [11/Sep/2025:05:18:55 -0700] "GET /admin-post.php?path=//proc/self/root/proc/thread-self/root/proc/thread-self/root/proc/thread-self/root/proc/thread-self/root/proc/self/root/proc/self/root/proc/self/root/etc/pki/nssdb HTTP/2.0" 200 2896 "-" "Mozilla/5.0 AppleWebKit/537.36 (KHTML, like Gecko; compatible; GPTBot/1.2; +https://openai.com/gptbot)" 52 **0/52263**
20.171.207.229 - - [11/Sep/2025:05:18:57 -0700] "GET /admin-post.php?path=//proc/self/root/proc/thread-self/root/proc/thread-self/root/proc/thread-self/root/proc/thread-self/root/proc/self/root/proc/self/root/proc/thread-self/root/lib/systemd/system-preset&viewfile=//proc/self/root/proc/thread-self/root/proc/thread-self/root/proc/thread-self/root/proc/thread-self/root/proc/self/root/proc/self/root/proc/thread-self/root/lib/systemd/system-preset/85-display-manager.preset HTTP/2.0" 200 2703 "-" "Mozilla/5.0 AppleWebKit/537.36 (KHTML, like Gecko; compatible; GPTBot/1.2; +https://openai.com/gptbot)" 45 **0/45513**
15.235.96.155 - - [11/Sep/2025:05:18:58 -0700] "GET /shopdetail/625639342 HTTP/2.0" 200 6216 "-" "Mozilla/5.0 (compatible; AhrefsBot/7.0; +http://ahrefs.com/robot/)" 65 **0/65785**
20.171.207.229 - - [11/Sep/2025:05:18:59 -0700] "GET /admin-post.php?path=//proc/self/root/proc/thread-self/root/proc/thread-self/root/proc/thread-self/root/proc/thread-self/root/proc/self/root/proc/self/root/run/sepermit HTTP/2.0" 200 2392 "-" "Mozilla/5.0 AppleWebKit/537.36 (KHTML, like Gecko; compatible; GPTBot/1.2; +https://openai.com/gptbot)" 70 **0/70627**
20.171.207.207 - - [11/Sep/2025:05:18:59 -0700] "GET /donations/help-to-raise-valuable-donations-for-kids-2?path=/home/o5t6x7pgljbm/public_html/becourage.org/wp-admin/js&viewfile=/home/o5t6x7pgljbm/public_html/becourage.org/wp-admin/js/user-suggest.min.js HTTP/2.0" 200 2815 "-" "Mozilla/5.0 AppleWebKit/537.36 (KHTML, like Gecko; compatible; GPTBot/1.2; +https://openai.com/gptbot)" 56 **0/56817**
20.171.207.229 - - [11/Sep/2025:05:19:00 -0700] "GET /admin-post.php?path=//proc/self/root/proc/thread-self/root/proc/thread-self/root/proc/thread-self/root/proc/thread-self/root/proc/self/root/proc/thread-self/root/proc/self/root/var/cache/man/it HTTP/2.0" 200 2773 "-" "Mozilla/5.0 AppleWebKit/537.36 (KHTML, like Gecko; compatible; GPTBot/1.2; +https://openai.com/gptbot)" 49 **0/49004**
20.171.207.207 - - [11/Sep/2025:05:19:00 -0700] "GET /donations/help-to-raise-valuable-donations-for-kids-2?path=/home/o5t6x7pgljbm/public_html/becourage.org/wp-admin/js&viewfile=/home/o5t6x7pgljbm/public_html/becourage.org/wp-admin/js/user-suggest.js HTTP/2.0" 200 3371 "-" "Mozilla/5.0 AppleWebKit/537.36 (KHTML, like Gecko; compatible; GPTBot/1.2; +https://openai.com/gptbot)" 62 **0/62647**
66.249.73.129 - - [11/Sep/2025:05:19:01 -0700] "GET /products/25387280?path=/home/o5t6x7pgljbm/public_html/.git HTTP/1.1" 200 2975 "-" "Mozilla/5.0 (Linux; Android 6.0.1; Nexus 5X Build/MMB29P) AppleWebKit/537.36 (KHTML, like Gecko) Chrome/139.0.7258.154 Mobile Safari/537.36 (compatible; GoogleOther)" 71 **0/71601**
20.171.207.229 - - [11/Sep/2025:05:19:02 -0700] "GET /admin-post.php?path=//proc/self/root/proc/thread-self/root/proc/thread-self/root/proc/thread-self/root/proc/thread-self/root/proc/self/root/proc/self/root/proc/self/root/usr/lib/firmware/edgeport HTTP/2.0" 200 2891 "-" "Mozilla/5.0 AppleWebKit/537.36 (KHTML, like Gecko; compatible; GPTBot/1.2; +https://openai.com/gptbot)" 62 **0/62111**
20.171.207.229 - - [11/Sep/2025:05:19:03 -0700] "GET /admin-post.php?path=//proc/self/root/proc/thread-self/root/proc/thread-self/root/proc/thread-self/root/proc/thread-self/root/proc/self/root/proc/thread-self/root/proc/self/root/usr/include/rdma/hfi HTTP/2.0" 200 2824 "-" "Mozilla/5.0 AppleWebKit/537.36 (KHTML, like Gecko; compatible; GPTBot/1.2; +https://openai.com/gptbot)" 53 **0/53521**
